157.253.68.150 - - [05/Feb/2008:15:29:24] "GET /overLIB/overlib_positioncap.js HTTP/1.1" 200 - "http://mousecyc.jax.org/" "Mozilla/5.0 (Windows; U; Windows NT 5.1; es-ES; rv:1.8.1.11) Gecko/20071127 Firefox/2.0.0.11"
157.253.68.150 - - [05/Feb/2008:15:29:24] "GET /overLIB/overlib_centerpopup.js HTTP/1.1" 200 - "http://mousecyc.jax.org/" "Mozilla/5.0 (Windows; U; Windows NT 5.1; es-ES; rv:1.8.1.11) Gecko/20071127 Firefox/2.0.0.11"
157.253.68.150 - - [05/Feb/2008:15:29:24] "GET /button-help-half.gif HTTP/1.1" 200 902 "http://mousecyc.jax.org/" "Mozilla/5.0 (Windows; U; Windows NT 5.1; es-ES; rv:1.8.1.11) Gecko/20071127 Firefox/2.0.0.11"
157.253.68.150 - - [05/Feb/2008:15:29:25] "GET /googleLogo_25wht.gif HTTP/1.1" 200 1607 "http://mousecyc.jax.org/" "Mozilla/5.0 (Windows; U; Windows NT 5.1; es-ES; rv:1.8.1.11) Gecko/20071127 Firefox/2.0.0.11"
157.253.68.150 - - [05/Feb/2008:15:29:25] "GET /ov-button.jpg HTTP/1.1" 200 37664 "http://mousecyc.jax.org/" "Mozilla/5.0 (Windows; U; Windows NT 5.1; es-ES; rv:1.8.1.11) Gecko/20071127 Firefox/2.0.0.11"
157.253.68.160 - - [05/Feb/2008:15:29:26] "GET /favicon.ico HTTP/1.0" 404 - "-" "Mozilla/4.0 (compatible; MSIE 7.0; Windows NT 5.1; .NET CLR 1.1.4322; .NET CLR 2.0.50727; .NET CLR 3.0.04506.30; InfoPath.2)"
157.253.68.166 - - [05/Feb/2008:15:29:29] "GET /favicon.ico HTTP/1.1" 404 - "-" "Mozilla/5.0 (Windows; U; Windows NT 5.1; es-ES; rv:1.8.1.11) Gecko/20071127 Firefox/2.0.0.11"
157.253.68.145 - - [05/Feb/2008:15:29:36] "GET / HTTP/1.1" 200 - "http://biocyc.org/" "Mozilla/5.0 (Windows; U; Windows NT 5.1; es-ES; rv:1.8.1.11) Gecko/20071127 Firefox/2.0.0.11"
157.253.68.145 - - [05/Feb/2008:15:29:36] "GET /style.css HTTP/1.1" 200 - "http://mousecyc.jax.org/" "Mozilla/5.0 (Windows; U; Windows NT 5.1; es-ES; rv:1.8.1.11) Gecko/20071127 Firefox/2.0.0.11"
157.253.68.145 - - [05/Feb/2008:15:29:37] "GET /overLIB/overlib.js HTTP/1.1" 200 - "http://mousecyc.jax.org/" "Mozilla/5.0 (Windows; U; Windows NT 5.1; es-ES; rv:1.8.1.11) Gecko/20071127 Firefox/2.0.0.11"
157.253.68.145 - - [05/Feb/2008:15:29:38] "GET /overLIB/overlib_exclusive.js HTTP/1.1" 200 - "http://mousecyc.jax.org/" "Mozilla/5.0 (Windows; U; Windows NT 5.1; es-ES; rv:1.8.1.11) Gecko/20071127 Firefox/2.0.0.11"
157.253.68.145 - - [05/Feb/2008:15:29:38] "GET /overLIB/overlib_positioncap.js HTTP/1.1" 200 - "http://mousecyc.jax.org/" "Mozilla/5.0 (Windows; U; Windows NT 5.1; es-ES; rv:1.8.1.11) Gecko/20071127 Firefox/2.0.0.11"
157.253.68.145 - - [05/Feb/2008:15:29:38] "GET /overLIB/overlib_centerpopup.js HTTP/1.1" 200 - "http://mousecyc.jax.org/" "Mozilla/5.0 (Windows; U; Windows NT 5.1; es-ES; rv:1.8.1.11) Gecko/20071127 Firefox/2.0.0.11"
157.253.68.145 - - [05/Feb/2008:15:29:39] "GET /button-help-half.gif HTTP/1.1" 200 902 "http://mousecyc.jax.org/" "Mozilla/5.0 (Windows; U; Windows NT 5.1; es-ES; rv:1.8.1.11) Gecko/20071127 Firefox/2.0.0.11"
157.253.68.145 - - [05/Feb/2008:15:29:39] "GET /googleLogo_25wht.gif HTTP/1.1" 200 1607 "http://mousecyc.jax.org/" "Mozilla/5.0 (Windows; U; Windows NT 5.1; es-ES; rv:1.8.1.11) Gecko/20071127 Firefox/2.0.0.11"
157.253.68.145 - - [05/Feb/2008:15:29:39] "GET /ov-button.jpg HTTP/1.1" 200 37664 "http://mousecyc.jax.org/" "Mozilla/5.0 (Windows; U; Windows NT 5.1; es-ES; rv:1.8.1.11) Gecko/20071127 Firefox/2.0.0.11"
157.253.68.145 - - [05/Feb/2008:15:29:42] "GET /favicon.ico HTTP/1.1" 404 - "-" "Mozilla/5.0 (Windows; U; Windows NT 5.1; es-ES; rv:1.8.1.11) Gecko/20071127 Firefox/2.0.0.11"
157.253.68.160 - - [05/Feb/2008:15:29:47] "GET /MOUSE/NEW-IMAGE?type=OVERVIEW HTTP/1.0" 200 - "http://mousecyc.jax.org/" "Mozilla/4.0 (compatible; MSIE 7.0; Windows NT 5.1; .NET CLR 1.1.4322; .NET CLR 2.0.50727; .NET CLR 3.0.04506.30; InfoPath.2)"
157.253.68.160 - - [05/Feb/2008:15:29:48] "GET /style.css HTTP/1.0" 200 - "http://mousecyc.jax.org/MOUSE/NEW-IMAGE?type=OVERVIEW" "Mozilla/4.0 (compatible; MSIE 7.0; Windows NT 5.1; .NET CLR 1.1.4322; .NET CLR 2.0.50727; .NET CLR 3.0.04506.30; InfoPath.2)"
157.253.68.166 - - [05/Feb/2008:15:29:52] "GET / HTTP/1.1" 200 - "http://www.biocyc.org/" "Mozilla/5.0 (Windows; U; Windows NT 5.1; es-ES; rv:1.8.1.11) Gecko/20071127 Firefox/2.0.0.11"
157.253.68.166 - - [05/Feb/2008:15:29:52] "GET /style.css HTTP/1.1" 200 - "http://mousecyc.jax.org/" "Mozilla/5.0 (Windows; U; Windows NT 5.1; es-ES; rv:1.8.1.11) Gecko/20071127 Firefox/2.0.0.11"
157.253.68.155 - - [05/Feb/2008:15:29:53] "GET / HTTP/1.1" 200 - "http://biocyc.org/" "Mozilla/4.0 (compatible; MSIE 7.0; Windows NT 5.1; SIMBAR={7A8B392B-EB3A-4F5A-BAC7-E4D237EA92F6}; .NET CLR 1.1.4322; .NET CLR 2.0.50727; .NET CLR 3.0.04506.30; InfoPath.2)"
157.253.68.155 - - [05/Feb/2008:15:29:53] "GET /style.css HTTP/1.1" 200 - "http://mousecyc.jax.org/" "Mozilla/4.0 (compatible; MSIE 7.0; Windows NT 5.1; SIMBAR={7A8B392B-EB3A-4F5A-BAC7-E4D237EA92F6}; .NET CLR 1.1.4322; .NET CLR 2.0.50727; .NET CLR 3.0.04506.30; InfoPath.2)"
157.253.68.166 - - [05/Feb/2008:15:29:53] "GET /overLIB/overlib.js HTTP/1.1" 200 - "http://mousecyc.jax.org/" "Mozilla/5.0 (Windows; U; Windows NT 5.1; es-ES; rv:1.8.1.11) Gecko/20071127 Firefox/2.0.0.11"
157.253.68.166 - - [05/Feb/2008:15:29:53] "GET /overLIB/overlib_exclusive.js HTTP/1.1" 200 - "http://mousecyc.jax.org/" "Mozilla/5.0 (Windows; U; Windows NT 5.1; es-ES; rv:1.8.1.11) Gecko/20071127 Firefox/2.0.0.11"
157.253.68.155 - - [05/Feb/2008:15:29:57] "GET /overLIB/overlib.js HTTP/1.1" 200 - "http://mousecyc.jax.org/" "Mozilla/4.0 (compatible; MSIE 7.0; Windows NT 5.1; SIMBAR={7A8B392B-EB3A-4F5A-BAC7-E4D237EA92F6}; .NET CLR 1.1.4322; .NET CLR 2.0.50727; .NET CLR 3.0.04506.30; InfoPath.2)"
157.253.68.166 - - [05/Feb/2008:15:29:58] "GET /overLIB/overlib_positioncap.js HTTP/1.1" 200 - "http://mousecyc.jax.org/" "Mozilla/5.0 (Windows; U; Windows NT 5.1; es-ES; rv:1.8.1.11) Gecko/20071127 Firefox/2.0.0.11"
157.253.68.160 - - [05/Feb/2008:15:29:58] "GET /style.css HTTP/1.0" 200 - "http://mousecyc.jax.org/MOUSE/NEW-IMAGE?type=OVERVIEW&force=t" "Mozilla/4.0 (compatible; MSIE 7.0; Windows NT 5.1; .NET CLR 1.1.4322; .NET CLR 2.0.50727; .NET CLR 3.0.04506.30; InfoPath.2)"
157.253.68.166 - - [05/Feb/2008:15:29:58] "GET /overLIB/overlib_centerpopup.js HTTP/1.1" 200 - "http://mousecyc.jax.org/" "Mozilla/5.0 (Windows; U; Windows NT 5.1; es-ES; rv:1.8.1.11) Gecko/20071127 Firefox/2.0.0.11"
157.253.68.155 - - [05/Feb/2008:15:29:58] "GET /overLIB/overlib_exclusive.js HTTP/1.1" 200 - "http://mousecyc.jax.org/" "Mozilla/4.0 (compatible; MSIE 7.0; Windows NT 5.1; SIMBAR={7A8B392B-EB3A-4F5A-BAC7-E4D237EA92F6}; .NET CLR 1.1.4322; .NET CLR 2.0.50727; .NET CLR 3.0.04506.30; InfoPath.2)"
157.253.68.166 - - [05/Feb/2008:15:29:58] "GET /button-help-half.gif HTTP/1.1" 200 902 "http://mousecyc.jax.org/" "Mozilla/5.0 (Windows; U; Windows NT 5.1; es-ES; rv:1.8.1.11) Gecko/20071127 Firefox/2.0.0.11"
157.253.68.155 - - [05/Feb/2008:15:29:58] "GET /overLIB/overlib_positioncap.js HTTP/1.1" 200 - "http://mousecyc.jax.org/" "Mozilla/4.0 (compatible; MSIE 7.0; Windows NT 5.1; SIMBAR={7A8B392B-EB3A-4F5A-BAC7-E4D237EA92F6}; .NET CLR 1.1.4322; .NET CLR 2.0.50727; .NET CLR 3.0.04506.30; InfoPath.2)"
157.253.68.166 - - [05/Feb/2008:15:29:59] "GET /googleLogo_25wht.gif HTTP/1.1" 200 1607 "http://mousecyc.jax.org/" "Mozilla/5.0 (Windows; U; Windows NT 5.1; es-ES; rv:1.8.1.11) Gecko/20071127 Firefox/2.0.0.11"
157.253.68.155 - - [05/Feb/2008:15:29:59] "GET /overLIB/overlib_centerpopup.js HTTP/1.1" 200 - "http://mousecyc.jax.org/" "Mozilla/4.0 (compatible; MSIE 7.0; Windows NT 5.1; SIMBAR={7A8B392B-EB3A-4F5A-BAC7-E4D237EA92F6}; .NET CLR 1.1.4322; .NET CLR 2.0.50727; .NET CLR 3.0.04506.30; InfoPath.2)"
157.253.68.160 - - [05/Feb/2008:15:29:59] "GET /overLIB/overlib.js HTTP/1.0" 200 - "http://mousecyc.jax.org/MOUSE/NEW-IMAGE?type=OVERVIEW&force=t" "Mozilla/4.0 (compatible; MSIE 7.0; Windows NT 5.1; .NET CLR 1.1.4322; .NET CLR 2.0.50727; .NET CLR 3.0.04506.30; InfoPath.2)"
157.253.68.166 - - [05/Feb/2008:15:29:59] "GET /ov-button.jpg HTTP/1.1" 200 37664 "http://mousecyc.jax.org/" "Mozilla/5.0 (Windows; U; Windows NT 5.1; es-ES; rv:1.8.1.11) Gecko/20071127 Firefox/2.0.0.11"
157.253.68.155 - - [05/Feb/2008:15:29:59] "GET /button-help-half.gif HTTP/1.1" 200 902 "http://mousecyc.jax.org/" "Mozilla/4.0 (compatible; MSIE 7.0; Windows NT 5.1; SIMBAR={7A8B392B-EB3A-4F5A-BAC7-E4D237EA92F6}; .NET CLR 1.1.4322; .NET CLR 2.0.50727; .NET CLR 3.0.04506.30; InfoPath.2)"
157.253.68.155 - - [05/Feb/2008:15:29:59] "GET /googleLogo_25wht.gif HTTP/1.1" 200 1607 "http://mousecyc.jax.org/" "Mozilla/4.0 (compatible; MSIE 7.0; Windows NT 5.1; SIMBAR={7A8B392B-EB3A-4F5A-BAC7-E4D237EA92F6}; .NET CLR 1.1.4322; .NET CLR 2.0.50727; .NET CLR 3.0.04506.30; InfoPath.2)"
157.253.68.160 - - [05/Feb/2008:15:29:59] "GET /overLIB/overlib_exclusive.js HTTP/1.0" 200 - "http://mousecyc.jax.org/MOUSE/NEW-IMAGE?type=OVERVIEW&force=t" "Mozilla/4.0 (compatible; MSIE 7.0; Windows NT 5.1; .NET CLR 1.1.4322; .NET CLR 2.0.50727; .NET CLR 3.0.04506.30; InfoPath.2)"
157.253.68.150 - - [05/Feb/2008:15:29:59] "GET /style.css HTTP/1.1" 200 - "http://mousecyc.jax.org/MOUSE/substring-search?type=ENZYME&object=oxidase" "Mozilla/5.0 (Windows; U; Windows NT 5.1; es-ES; rv:1.8.1.11) Gecko/20071127 Firefox/2.0.0.11"
157.253.68.150 - - [05/Feb/2008:15:29:59] "GET /MOUSE/substring-search?type=ENZYME&object=oxidase HTTP/1.1" 200 - "http://mousecyc.jax.org/" "Mozilla/5.0 (Windows; U; Windows NT 5.1; es-ES; rv:1.8.1.11) Gecko/20071127 Firefox/2.0.0.11"
157.253.68.160 - - [05/Feb/2008:15:30:00] "GET /overLIB/overlib_positioncap.js HTTP/1.0" 200 - "http://mousecyc.jax.org/MOUSE/NEW-IMAGE?type=OVERVIEW&force=t" "Mozilla/4.0 (compatible; MSIE 7.0; Windows NT 5.1; .NET CLR 1.1.4322; .NET CLR 2.0.50727; .NET CLR 3.0.04506.30; InfoPath.2)"
157.253.68.155 - - [05/Feb/2008:15:30:00] "GET /ov-button.jpg HTTP/1.1" 200 37664 "http://mousecyc.jax.org/" "Mozilla/4.0 (compatible; MSIE 7.0; Windows NT 5.1; SIMBAR={7A8B392B-EB3A-4F5A-BAC7-E4D237EA92F6}; .NET CLR 1.1.4322; .NET CLR 2.0.50727; .NET CLR 3.0.04506.30; InfoPath.2)"
157.253.68.160 - - [05/Feb/2008:15:30:00] "GET /overLIB/overlib_centerpopup.js HTTP/1.0" 200 - "http://mousecyc.jax.org/MOUSE/NEW-IMAGE?type=OVERVIEW&force=t" "Mozilla/4.0 (compatible; MSIE 7.0; Windows NT 5.1; .NET CLR 1.1.4322; .NET CLR 2.0.50727; .NET CLR 3.0.04506.30; InfoPath.2)"
157.253.68.155 - - [05/Feb/2008:15:30:01] "GET /favicon.ico HTTP/1.1" 404 - "-" "Mozilla/4.0 (compatible; MSIE 7.0; Windows NT 5.1; SIMBAR={7A8B392B-EB3A-4F5A-BAC7-E4D237EA92F6}; .NET CLR 1.1.4322; .NET CLR 2.0.50727; .NET CLR 3.0.04506.30; InfoPath.2)"
157.253.68.150 - - [05/Feb/2008:15:30:01] "GET /MOUSE/NEW-IMAGE?type=ENZYME&object=MGI:96012-MONOMER HTTP/1.1" 200 - "http://mousecyc.jax.org/MOUSE/substring-search?type=ENZYME&object=oxidase" "Mozilla/5.0 (Windows; U; Windows NT 5.1; es-ES; rv:1.8.1.11) Gecko/20071127 Firefox/2.0.0.11"
157.253.68.145 - - [05/Feb/2008:15:30:01] "GET /favicon.ico HTTP/1.1" 404 - "-" "Mozilla/5.0 (Windows; U; Windows NT 5.1; es-ES; rv:1.8.1.11) Gecko/20071127 Firefox/2.0.0.11"
157.253.68.150 - - [05/Feb/2008:15:30:02] "GET /style.css HTTP/1.1" 200 - "http://mousecyc.jax.org/MOUSE/NEW-IMAGE?type=ENZYME&object=MGI:96012-MONOMER" "Mozilla/5.0 (Windows; U; Windows NT 5.1; es-ES; rv:1.8.1.11) Gecko/20071127 Firefox/2.0.0.11"
157.253.68.160 - - [05/Feb/2008:15:30:02] "GET /MOUSE/NEW-IMAGE?type=OVERVIEW HTTP/1.0" 200 - "-" "Mozilla/4.0 (compatible; MSIE 7.0; Windows NT 5.1; .NET CLR 1.1.4322; .NET CLR 2.0.50727; .NET CLR 3.0.04506.30; InfoPath.2)"
157.253.68.150 - - [05/Feb/2008:15:30:03] "GET /overLIB/overlib.js HTTP/1.1" 200 - "http://mousecyc.jax.org/MOUSE/NEW-IMAGE?type=ENZYME&object=MGI:96012-MONOMER" "Mozilla/5.0 (Windows; U; Windows NT 5.1; es-ES; rv:1.8.1.11) Gecko/20071127 Firefox/2.0.0.11"
157.253.68.150 - - [05/Feb/2008:15:30:04] "GET /overLIB/overlib_exclusive.js HTTP/1.1" 200 - "http://mousecyc.jax.org/MOUSE/NEW-IMAGE?type=ENZYME&object=MGI:96012-MONOMER" "Mozilla/5.0 (Windows; U; Windows NT 5.1; es-ES; rv:1.8.1.11) Gecko/20071127 Firefox/2.0.0.11"
157.253.68.150 - - [05/Feb/2008:15:30:04] "GET /overLIB/overlib_positioncap.js HTTP/1.1" 200 - "http://mousecyc.jax.org/MOUSE/NEW-IMAGE?type=ENZYME&object=MGI:96012-MONOMER" "Mozilla/5.0 (Windows; U; Windows NT 5.1; es-ES; rv:1.8.1.11) Gecko/20071127 Firefox/2.0.0.11"
157.253.68.150 - - [05/Feb/2008:15:30:04] "GET /overLIB/overlib_centerpopup.js HTTP/1.1" 200 - "http://mousecyc.jax.org/MOUSE/NEW-IMAGE?type=ENZYME&object=MGI:96012-MONOMER" "Mozilla/5.0 (Windows; U; Windows NT 5.1; es-ES; rv:1.8.1.11) Gecko/20071127 Firefox/2.0.0.11"
157.253.68.150 - - [05/Feb/2008:15:30:05] "GET /button-help-half.gif HTTP/1.1" 200 902 "http://mousecyc.jax.org/MOUSE/NEW-IMAGE?type=ENZYME&object=MGI:96012-MONOMER" "Mozilla/5.0 (Windows; U; Windows NT 5.1; es-ES; rv:1.8.1.11) Gecko/20071127 Firefox/2.0.0.11"
157.253.68.150 - - [05/Feb/2008:15:30:05] "GET /tmp/YP360.gif HTTP/1.1" 200 361 "http://mousecyc.jax.org/MOUSE/NEW-IMAGE?type=ENZYME&object=MGI:96012-MONOMER" "Mozilla/5.0 (Windows; U; Windows NT 5.1; es-ES; rv:1.8.1.11) Gecko/20071127 Firefox/2.0.0.11"
157.253.68.160 - - [05/Feb/2008:15:30:05] "GET /tmp/YP357.gif HTTP/1.0" 200 123262 "http://mousecyc.jax.org/MOUSE/NEW-IMAGE?type=OVERVIEW&force=t" "Mozilla/4.0 (compatible; MSIE 7.0; Windows NT 5.1; .NET CLR 1.1.4322; .NET CLR 2.0.50727; .NET CLR 3.0.04506.30; InfoPath.2)"
157.253.68.145 - - [05/Feb/2008:15:30:06] "GET /favicon.ico HTTP/1.1" 404 - "-" "Mozilla/5.0 (Windows; U; Windows NT 5.1; es-ES; rv:1.8.1.11) Gecko/20071127 Firefox/2.0.0.11"
157.253.68.147 - - [05/Feb/2008:15:30:08] "GET / HTTP/1.1" 200 - "http://www.biocyc.org/" "Mozilla/5.0 (Windows; U; Windows NT 5.1; es-ES; rv:1.8.1.11) Gecko/20071127 Firefox/2.0.0.11"
157.253.68.147 - - [05/Feb/2008:15:30:08] "GET /style.css HTTP/1.1" 200 - "http://mousecyc.jax.org/" "Mozilla/5.0 (Windows; U; Windows NT 5.1; es-ES; rv:1.8.1.11) Gecko/20071127 Firefox/2.0.0.11"
157.253.68.150 - - [05/Feb/2008:15:30:09] "GET /MOUSE/NEW-IMAGE?type=REACTION&object=(S)-2-HYDROXY-ACID-OXIDASE-RXN HTTP/1.1" 200 - "http://mousecyc.jax.org/MOUSE/NEW-IMAGE?type=ENZYME&object=MGI:96012-MONOMER" "Mozilla/5.0 (Windows; U; Windows NT 5.1; es-ES; rv:1.8.1.11) Gecko/20071127 Firefox/2.0.0.11"
157.253.68.150 - - [05/Feb/2008:15:30:10] "GET /style.css HTTP/1.1" 200 - "http://mousecyc.jax.org/MOUSE/NEW-IMAGE?type=REACTION&object=(S)-2-HYDROXY-ACID-OXIDASE-RXN" "Mozilla/5.0 (Windows; U; Windows NT 5.1; es-ES; rv:1.8.1.11) Gecko/20071127 Firefox/2.0.0.11"
157.253.68.150 - - [05/Feb/2008:15:30:11] "GET /overLIB/overlib.js HTTP/1.1" 200 - "http://mousecyc.jax.org/MOUSE/NEW-IMAGE?type=REACTION&object=(S)-2-HYDROXY-ACID-OXIDASE-RXN" "Mozilla/5.0 (Windows; U; Windows NT 5.1; es-ES; rv:1.8.1.11) Gecko/20071127 Firefox/2.0.0.11"
157.253.68.147 - - [05/Feb/2008:15:30:13] "GET /overLIB/overlib.js HTTP/1.1" 200 - "http://mousecyc.jax.org/" "Mozilla/5.0 (Windows; U; Windows NT 5.1; es-ES; rv:1.8.1.11) Gecko/20071127 Firefox/2.0.0.11"
157.253.68.147 - - [05/Feb/2008:15:30:13] "GET /overLIB/overlib_exclusive.js HTTP/1.1" 200 - "http://mousecyc.jax.org/" "Mozilla/5.0 (Windows; U; Windows NT 5.1; es-ES; rv:1.8.1.11) Gecko/20071127 Firefox/2.0.0.11"
157.253.68.147 - - [05/Feb/2008:15:30:14] "GET /overLIB/overlib_positioncap.js HTTP/1.1" 200 - "http://mousecyc.jax.org/" "Mozilla/5.0 (Windows; U; Windows NT 5.1; es-ES; rv:1.8.1.11) Gecko/20071127 Firefox/2.0.0.11"
157.253.68.150 - - [05/Feb/2008:15:30:14] "GET /overLIB/overlib_positioncap.js HTTP/1.1" 200 - "http://mousecyc.jax.org/MOUSE/NEW-IMAGE?type=REACTION&object=(S)-2-HYDROXY-ACID-OXIDASE-RXN" "Mozilla/5.0 (Windows; U; Windows NT 5.1; es-ES; rv:1.8.1.11) Gecko/20071127 Firefox/2.0.0.11"
157.253.68.150 - - [05/Feb/2008:15:30:15] "GET /overLIB/overlib_centerpopup.js HTTP/1.1" 200 - "http://mousecyc.jax.org/MOUSE/NEW-IMAGE?type=REACTION&object=(S)-2-HYDROXY-ACID-OXIDASE-RXN" "Mozilla/5.0 (Windows; U; Windows NT 5.1; es-ES; rv:1.8.1.11) Gecko/20071127 Firefox/2.0.0.11"
157.253.68.150 - - [05/Feb/2008:15:30:15] "GET /button-help-half.gif HTTP/1.1" 200 902 "http://mousecyc.jax.org/MOUSE/NEW-IMAGE?type=REACTION&object=(S)-2-HYDROXY-ACID-OXIDASE-RXN" "Mozilla/5.0 (Windows; U; Windows NT 5.1; es-ES; rv:1.8.1.11) Gecko/20071127 Firefox/2.0.0.11"
157.253.68.150 - - [05/Feb/2008:15:30:15] "GET /tmp/YP363.gif HTTP/1.1" 200 1169 "http://mousecyc.jax.org/MOUSE/NEW-IMAGE?type=REACTION&object=(S)-2-HYDROXY-ACID-OXIDASE-RXN" "Mozilla/5.0 (Windows; U; Windows NT 5.1; es-ES; rv:1.8.1.11) Gecko/20071127 Firefox/2.0.0.11"
157.253.68.150 - - [05/Feb/2008:15:30:15] "GET /tmp/YP365.gif HTTP/1.1" 200 338 "http://mousecyc.jax.org/MOUSE/NEW-IMAGE?type=REACTION&object=(S)-2-HYDROXY-ACID-OXIDASE-RXN" "Mozilla/5.0 (Windows; U; Windows NT 5.1; es-ES; rv:1.8.1.11) Gecko/20071127 Firefox/2.0.0.11"
157.253.68.145 - - [05/Feb/2008:15:30:16] "GET /style.css HTTP/1.1" 200 - "http://mousecyc.jax.org/MOUSE/class-tree?object=Pathways" "Mozilla/5.0 (Windows; U; Windows NT 5.1; es-ES; rv:1.8.1.11) Gecko/20071127 Firefox/2.0.0.11"
157.253.68.145 - - [05/Feb/2008:15:30:16] "GET /Treeview/ua.js HTTP/1.1" 200 - "http://mousecyc.jax.org/MOUSE/class-tree?object=Pathways" "Mozilla/5.0 (Windows; U; Windows NT 5.1; es-ES; rv:1.8.1.11) Gecko/20071127 Firefox/2.0.0.11"
157.253.68.145 - - [05/Feb/2008:15:30:16] "GET /MOUSE/class-tree?object=Pathways HTTP/1.1" 200 - "http://mousecyc.jax.org/" "Mozilla/5.0 (Windows; U; Windows NT 5.1; es-ES; rv:1.8.1.11) Gecko/20071127 Firefox/2.0.0.11"
157.253.68.145 - - [05/Feb/2008:15:30:18] "GET /Treeview/ftiens4.js HTTP/1.1" 200 - "http://mousecyc.jax.org/MOUSE/class-tree?object=Pathways" "Mozilla/5.0 (Windows; U; Windows NT 5.1; es-ES; rv:1.8.1.11) Gecko/20071127 Firefox/2.0.0.11"
157.253.68.145 - - [05/Feb/2008:15:30:19] "GET /Treeview/ftv2doc.gif HTTP/1.1" 200 199 "http://mousecyc.jax.org/MOUSE/class-tree?object=Pathways" "Mozilla/5.0 (Windows; U; Windows NT 5.1; es-ES; rv:1.8.1.11) Gecko/20071127 Firefox/2.0.0.11"
157.253.68.145 - - [05/Feb/2008:15:30:19] "GET /Treeview/ftv2vertline.gif HTTP/1.1" 200 140 "http://mousecyc.jax.org/MOUSE/class-tree?object=Pathways" "Mozilla/5.0 (Windows; U; Windows NT 5.1; es-ES; rv:1.8.1.11) Gecko/20071127 Firefox/2.0.0.11"
157.253.68.145 - - [05/Feb/2008:15:30:19] "GET /Treeview/ftv2plastnode.gif HTTP/1.1" 200 130 "http://mousecyc.jax.org/MOUSE/class-tree?object=Pathways" "Mozilla/5.0 (Windows; U; Windows NT 5.1; es-ES; rv:1.8.1.11) Gecko/20071127 Firefox/2.0.0.11"
157.253.68.145 - - [05/Feb/2008:15:30:19] "GET /Treeview/ftv2pnode.gif HTTP/1.1" 200 133 "http://mousecyc.jax.org/MOUSE/class-tree?object=Pathways" "Mozilla/5.0 (Windows; U; Windows NT 5.1; es-ES; rv:1.8.1.11) Gecko/20071127 Firefox/2.0.0.11"
157.253.68.145 - - [05/Feb/2008:15:30:23] "GET /Treeview/ftv2blank.gif HTTP/1.1" 200 135 "http://mousecyc.jax.org/MOUSE/class-tree?object=Pathways" "Mozilla/5.0 (Windows; U; Windows NT 5.1; es-ES; rv:1.8.1.11) Gecko/20071127 Firefox/2.0.0.11"
157.253.68.155 - - [05/Feb/2008:15:30:23] "GET /Treeview/ua.js HTTP/1.1" 200 - "http://mousecyc.jax.org/MOUSE/class-tree?object=Pathways" "Mozilla/4.0 (compatible; MSIE 7.0; Windows NT 5.1; SIMBAR={7A8B392B-EB3A-4F5A-BAC7-E4D237EA92F6}; .NET CLR 1.1.4322; .NET CLR 2.0.50727; .NET CLR 3.0.04506.30; InfoPath.2)"
157.253.68.155 - - [05/Feb/2008:15:30:23] "GET /style.css HTTP/1.1" 200 - "http://mousecyc.jax.org/MOUSE/class-tree?object=Pathways" "Mozilla/4.0 (compatible; MSIE 7.0; Windows NT 5.1; SIMBAR={7A8B392B-EB3A-4F5A-BAC7-E4D237EA92F6}; .NET CLR 1.1.4322; .NET CLR 2.0.50727; .NET CLR 3.0.04506.30; InfoPath.2)"
157.253.68.150 - - [05/Feb/2008:15:30:23] "GET /style.css HTTP/1.1" 200 - "http://mousecyc.jax.org/MOUSE/class-tree?object=Pathways" "Mozilla/5.0 (Windows; U; Windows NT 5.1; es-ES; rv:1.8.1.11) Gecko/20071127 Firefox/2.0.0.11"
157.253.68.150 - - [05/Feb/2008:15:30:24] "GET /Treeview/ua.js HTTP/1.1" 200 - "http://mousecyc.jax.org/MOUSE/class-tree?object=Pathways" "Mozilla/5.0 (Windows; U; Windows NT 5.1; es-ES; rv:1.8.1.11) Gecko/20071127 Firefox/2.0.0.11"
157.253.68.155 - - [05/Feb/2008:15:30:24] "GET /MOUSE/class-tree?object=Pathways HTTP/1.1" 200 - "http://mousecyc.jax.org/" "Mozilla/4.0 (compatible; MSIE 7.0; Windows NT 5.1; SIMBAR={7A8B392B-EB3A-4F5A-BAC7-E4D237EA92F6}; .NET CLR 1.1.4322; .NET CLR 2.0.50727; .NET CLR 3.0.04506.30; InfoPath.2)"
157.253.68.150 - - [05/Feb/2008:15:30:24] "GET /MOUSE/class-tree?object=Pathways HTTP/1.1" 200 - "http://mousecyc.jax.org/" "Mozilla/5.0 (Windows; U; Windows NT 5.1; es-ES; rv:1.8.1.11) Gecko/20071127 Firefox/2.0.0.11"
157.253.68.155 - - [05/Feb/2008:15:30:24] "GET /Treeview/ftiens4.js HTTP/1.1" 200 - "http://mousecyc.jax.org/MOUSE/class-tree?object=Pathways" "Mozilla/4.0 (compatible; MSIE 7.0; Windows NT 5.1; SIMBAR={7A8B392B-EB3A-4F5A-BAC7-E4D237EA92F6}; .NET CLR 1.1.4322; .NET CLR 2.0.50727; .NET CLR 3.0.04506.30; InfoPath.2)"
157.253.68.155 - - [05/Feb/2008:15:30:25] "GET /Treeview/ftv2blank.gif HTTP/1.1" 200 135 "http://mousecyc.jax.org/MOUSE/class-tree?object=Pathways" "Mozilla/4.0 (compatible; MSIE 7.0; Windows NT 5.1; SIMBAR={7A8B392B-EB3A-4F5A-BAC7-E4D237EA92F6}; .NET CLR 1.1.4322; .NET CLR 2.0.50727; .NET CLR 3.0.04506.30; InfoPath.2)"
157.253.68.155 - - [05/Feb/2008:15:30:25] "GET /Treeview/ftv2plastnode.gif HTTP/1.1" 200 130 "http://mousecyc.jax.org/MOUSE/class-tree?object=Pathways" "Mozilla/4.0 (compatible; MSIE 7.0; Windows NT 5.1; SIMBAR={7A8B392B-EB3A-4F5A-BAC7-E4D237EA92F6}; .NET CLR 1.1.4322; .NET CLR 2.0.50727; .NET CLR 3.0.04506.30; InfoPath.2)"
157.253.68.155 - - [05/Feb/2008:15:30:25] "GET /Treeview/ftv2pnode.gif HTTP/1.1" 200 133 "http://mousecyc.jax.org/MOUSE/class-tree?object=Pathways" "Mozilla/4.0 (compatible; MSIE 7.0; Windows NT 5.1; SIMBAR={7A8B392B-EB3A-4F5A-BAC7-E4D237EA92F6}; .NET CLR 1.1.4322; .NET CLR 2.0.50727; .NET CLR 3.0.04506.30; InfoPath.2)"
157.253.68.155 - - [05/Feb/2008:15:30:25] "GET /Treeview/ftv2vertline.gif HTTP/1.1" 200 140 "http://mousecyc.jax.org/MOUSE/class-tree?object=Pathways" "Mozilla/4.0 (compatible; MSIE 7.0; Windows NT 5.1; SIMBAR={7A8B392B-EB3A-4F5A-BAC7-E4D237EA92F6}; .NET CLR 1.1.4322; .NET CLR 2.0.50727; .NET CLR 3.0.04506.30; InfoPath.2)"
157.253.68.150 - - [05/Feb/2008:15:30:25] "GET /Treeview/ftiens4.js HTTP/1.1" 200 - "http://mousecyc.jax.org/MOUSE/class-tree?object=Pathways" "Mozilla/5.0 (Windows; U; Windows NT 5.1; es-ES; rv:1.8.1.11) Gecko/20071127 Firefox/2.0.0.11"
157.253.68.150 - - [05/Feb/2008:15:30:25] "GET /Treeview/ftv2vertline.gif HTTP/1.1" 200 140 "http://mousecyc.jax.org/MOUSE/class-tree?object=Pathways" "Mozilla/5.0 (Windows; U; Windows NT 5.1; es-ES; rv:1.8.1.11) Gecko/20071127 Firefox/2.0.0.11"
157.253.68.150 - - [05/Feb/2008:15:30:25] "GET /Treeview/ftv2plastnode.gif HTTP/1.1" 200 130 "http://mousecyc.jax.org/MOUSE/class-tree?object=Pathways" "Mozilla/5.0 (Windows; U; Windows NT 5.1; es-ES; rv:1.8.1.11) Gecko/20071127 Firefox/2.0.0.11"
157.253.68.150 - - [05/Feb/2008:15:30:26] "GET /Treeview/ftv2pnode.gif HTTP/1.1" 200 133 "http://mousecyc.jax.org/MOUSE/class-tree?object=Pathways" "Mozilla/5.0 (Windows; U; Windows NT 5.1; es-ES; rv:1.8.1.11) Gecko/20071127 Firefox/2.0.0.11"
157.253.68.150 - - [05/Feb/2008:15:30:26] "GET /Treeview/ftv2blank.gif HTTP/1.1" 200 135 "http://mousecyc.jax.org/MOUSE/class-tree?object=Pathways" "Mozilla/5.0 (Windows; U; Windows NT 5.1; es-ES; rv:1.8.1.11) Gecko/20071127 Firefox/2.0.0.11"
157.253.68.145 - - [05/Feb/2008:15:30:26] "GET /MOUSE/NEW-IMAGE?object=Super-Pathways HTTP/1.1" 200 - "http://mousecyc.jax.org/MOUSE/class-tree?object=Pathways" "Mozilla/5.0 (Windows; U; Windows NT 5.1; es-ES; rv:1.8.1.11) Gecko/20071127 Firefox/2.0.0.11"
157.253.68.145 - - [05/Feb/2008:15:30:26] "GET /style.css HTTP/1.1" 200 - "http://mousecyc.jax.org/MOUSE/NEW-IMAGE?object=Super-Pathways" "Mozilla/5.0 (Windows; U; Windows NT 5.1; es-ES; rv:1.8.1.11) Gecko/20071127 Firefox/2.0.0.11"
157.253.68.145 - - [05/Feb/2008:15:30:27] "GET /overLIB/overlib.js HTTP/1.1" 200 - "http://mousecyc.jax.org/MOUSE/NEW-IMAGE?object=Super-Pathways" "Mozilla/5.0 (Windows; U; Windows NT 5.1; es-ES; rv:1.8.1.11) Gecko/20071127 Firefox/2.0.0.11"
157.253.68.145 - - [05/Feb/2008:15:30:28] "GET /overLIB/overlib_exclusive.js HTTP/1.1" 200 - "http://mousecyc.jax.org/MOUSE/NEW-IMAGE?object=Super-Pathways" "Mozilla/5.0 (Windows; U; Windows NT 5.1; es-ES; rv:1.8.1.11) Gecko/20071127 Firefox/2.0.0.11"
157.253.68.145 - - [05/Feb/2008:15:30:28] "GET /overLIB/overlib_positioncap.js HTTP/1.1" 200 - "http://mousecyc.jax.org/MOUSE/NEW-IMAGE?object=Super-Pathways" "Mozilla/5.0 (Windows; U; Windows NT 5.1; es-ES; rv:1.8.1.11) Gecko/20071127 Firefox/2.0.0.11"
157.253.68.150 - - [05/Feb/2008:15:30:28] "GET /MOUSE/NEW-IMAGE?object=Detoxification HTTP/1.1" 200 - "http://mousecyc.jax.org/MOUSE/class-tree?object=Pathways" "Mozilla/5.0 (Windows; U; Windows NT 5.1; es-ES; rv:1.8.1.11) Gecko/20071127 Firefox/2.0.0.11"
157.253.68.145 - - [05/Feb/2008:15:30:29] "GET /overLIB/overlib_centerpopup.js HTTP/1.1" 200 - "http://mousecyc.jax.org/MOUSE/NEW-IMAGE?object=Super-Pathways" "Mozilla/5.0 (Windows; U; Windows NT 5.1; es-ES; rv:1.8.1.11) Gecko/20071127 Firefox/2.0.0.11"
157.253.68.150 - - [05/Feb/2008:15:30:29] "GET /style.css HTTP/1.1" 200 - "http://mousecyc.jax.org/MOUSE/NEW-IMAGE?object=Detoxification" "Mozilla/5.0 (Windows; U; Windows NT 5.1; es-ES; rv:1.8.1.11) Gecko/20071127 Firefox/2.0.0.11"
157.253.68.165 - - [05/Feb/2008:15:30:30] "GET / HTTP/1.1" 200 - "http://biocyc.org/" "Mozilla/5.0 (Macintosh; U; Intel Mac OS X; es) AppleWebKit/523.12.2 (KHTML, like Gecko) Version/3.0.4 Safari/523.12.2"
157.253.68.150 - - [05/Feb/2008:15:30:30] "GET /overLIB/overlib.js HTTP/1.1" 200 - "http://mousecyc.jax.org/MOUSE/NEW-IMAGE?object=Detoxification" "Mozilla/5.0 (Windows; U; Windows NT 5.1; es-ES; rv:1.8.1.11) Gecko/20071127 Firefox/2.0.0.11"
157.253.68.165 - - [05/Feb/2008:15:30:30] "GET /style.css HTTP/1.1" 200 - "http://mousecyc.jax.org/" "Mozilla/5.0 (Macintosh; U; Intel Mac OS X; es) AppleWebKit/523.12.2 (KHTML, like Gecko) Version/3.0.4 Safari/523.12.2"
157.253.68.165 - - [05/Feb/2008:15:30:30] "GET /favicon.ico HTTP/1.1" 404 - "http://mousecyc.jax.org/" "Mozilla/5.0 (Macintosh; U; Intel Mac OS X; es) AppleWebKit/523.12.2 (KHTML, like Gecko) Version/3.0.4 Safari/523.12.2"
157.253.68.150 - - [05/Feb/2008:15:30:30] "GET /overLIB/overlib_exclusive.js HTTP/1.1" 200 - "http://mousecyc.jax.org/MOUSE/NEW-IMAGE?object=Detoxification" "Mozilla/5.0 (Windows; U; Windows NT 5.1; es-ES; rv:1.8.1.11) Gecko/20071127 Firefox/2.0.0.11"
157.253.68.165 - - [05/Feb/2008:15:30:31] "GET /overLIB/overlib.js HTTP/1.1" 200 - "http://mousecyc.jax.org/" "Mozilla/5.0 (Macintosh; U; Intel Mac OS X; es) AppleWebKit/523.12.2 (KHTML, like Gecko) Version/3.0.4 Safari/523.12.2"
157.253.68.150 - - [05/Feb/2008:15:30:31] "GET /overLIB/overlib_positioncap.js HTTP/1.1" 200 - "http://mousecyc.jax.org/MOUSE/NEW-IMAGE?object=Detoxification" "Mozilla/5.0 (Windows; U; Windows NT 5.1; es-ES; rv:1.8.1.11) Gecko/20071127 Firefox/2.0.0.11"
157.253.68.145 - - [05/Feb/2008:15:30:31] "GET /Treeview/ftv2mlastnode.gif HTTP/1.1" 200 125 "http://mousecyc.jax.org/MOUSE/class-tree?object=Pathways" "Mozilla/5.0 (Windows; U; Windows NT 5.1; es-ES; rv:1.8.1.11) Gecko/20071127 Firefox/2.0.0.11"
157.253.68.145 - - [05/Feb/2008:15:30:31] "GET /Treeview/ftv2lastnode.gif HTTP/1.1" 200 142 "http://mousecyc.jax.org/MOUSE/class-tree?object=Pathways" "Mozilla/5.0 (Windows; U; Windows NT 5.1; es-ES; rv:1.8.1.11) Gecko/20071127 Firefox/2.0.0.11"
157.253.68.150 - - [05/Feb/2008:15:30:31] "GET /overLIB/overlib_centerpopup.js HTTP/1.1" 200 - "http://mousecyc.jax.org/MOUSE/NEW-IMAGE?object=Detoxification" "Mozilla/5.0 (Windows; U; Windows NT 5.1; es-ES; rv:1.8.1.11) Gecko/20071127 Firefox/2.0.0.11"
157.253.68.165 - - [05/Feb/2008:15:30:31] "GET /overLIB/overlib_exclusive.js HTTP/1.1" 200 - "http://mousecyc.jax.org/" "Mozilla/5.0 (Macintosh; U; Intel Mac OS X; es) AppleWebKit/523.12.2 (KHTML, like Gecko) Version/3.0.4 Safari/523.12.2"
157.253.68.165 - - [05/Feb/2008:15:30:32] "GET /overLIB/overlib_positioncap.js HTTP/1.1" 200 - "http://mousecyc.jax.org/" "Mozilla/5.0 (Macintosh; U; Intel Mac OS X; es) AppleWebKit/523.12.2 (KHTML, like Gecko) Version/3.0.4 Safari/523.12.2"
157.253.68.165 - - [05/Feb/2008:15:30:32] "GET /overLIB/overlib_centerpopup.js HTTP/1.1" 200 - "http://mousecyc.jax.org/" "Mozilla/5.0 (Macintosh; U; Intel Mac OS X; es) AppleWebKit/523.12.2 (KHTML, like Gecko) Version/3.0.4 Safari/523.12.2"
157.253.68.165 - - [05/Feb/2008:15:30:32] "GET /button-help-half.gif HTTP/1.1" 200 902 "http://mousecyc.jax.org/" "Mozilla/5.0 (Macintosh; U; Intel Mac OS X; es) AppleWebKit/523.12.2 (KHTML, like Gecko) Version/3.0.4 Safari/523.12.2"
157.253.68.165 - - [05/Feb/2008:15:30:32] "GET /googleLogo_25wht.gif HTTP/1.1" 200 1607 "http://mousecyc.jax.org/" "Mozilla/5.0 (Macintosh; U; Intel Mac OS X; es) AppleWebKit/523.12.2 (KHTML, like Gecko) Version/3.0.4 Safari/523.12.2"
157.253.68.145 - - [05/Feb/2008:15:30:33] "GET /Treeview/ftv2mnode.gif HTTP/1.1" 200 97 "http://mousecyc.jax.org/MOUSE/class-tree?object=Pathways" "Mozilla/5.0 (Windows; U; Windows NT 5.1; es-ES; rv:1.8.1.11) Gecko/20071127 Firefox/2.0.0.11"
157.253.68.165 - - [05/Feb/2008:15:30:34] "GET /ov-button.jpg HTTP/1.1" 200 37664 "http://mousecyc.jax.org/" "Mozilla/5.0 (Macintosh; U; Intel Mac OS X; es) AppleWebKit/523.12.2 (KHTML, like Gecko) Version/3.0.4 Safari/523.12.2"
157.253.68.145 - - [05/Feb/2008:15:30:36] "GET /MOUSE/NEW-IMAGE?object=arsenate+detoxification HTTP/1.1" 200 - "http://mousecyc.jax.org/MOUSE/class-tree?object=Pathways" "Mozilla/5.0 (Windows; U; Windows NT 5.1; es-ES; rv:1.8.1.11) Gecko/20071127 Firefox/2.0.0.11"
157.253.68.166 - - [05/Feb/2008:15:30:36] "GET /style.css HTTP/1.1" 200 - "http://mousecyc.jax.org/MOUSE/class-tree?object=Pathways" "Mozilla/5.0 (Windows; U; Windows NT 5.1; es-ES; rv:1.8.1.11) Gecko/20071127 Firefox/2.0.0.11"
157.253.68.145 - - [05/Feb/2008:15:30:36] "GET /style.css HTTP/1.1" 200 - "http://mousecyc.jax.org/MOUSE/NEW-IMAGE?object=arsenate+detoxification" "Mozilla/5.0 (Windows; U; Windows NT 5.1; es-ES; rv:1.8.1.11) Gecko/20071127 Firefox/2.0.0.11"
157.253.68.166 - - [05/Feb/2008:15:30:37] "GET /Treeview/ua.js HTTP/1.1" 200 - "http://mousecyc.jax.org/MOUSE/class-tree?object=Pathways" "Mozilla/5.0 (Windows; U; Windows NT 5.1; es-ES; rv:1.8.1.11) Gecko/20071127 Firefox/2.0.0.11"
157.253.68.166 - - [05/Feb/2008:15:30:37] "GET /MOUSE/class-tree?object=Pathways HTTP/1.1" 200 - "http://mousecyc.jax.org/" "Mozilla/5.0 (Windows; U; Windows NT 5.1; es-ES; rv:1.8.1.11) Gecko/20071127 Firefox/2.0.0.11"
157.253.68.145 - - [05/Feb/2008:15:30:38] "GET /overLIB/overlib.js HTTP/1.1" 200 - "http://mousecyc.jax.org/MOUSE/NEW-IMAGE?object=arsenate+detoxification" "Mozilla/5.0 (Windows; U; Windows NT 5.1; es-ES; rv:1.8.1.11) Gecko/20071127 Firefox/2.0.0.11"
157.253.68.166 - - [05/Feb/2008:15:30:38] "GET /Treeview/ftiens4.js HTTP/1.1" 200 - "http://mousecyc.jax.org/MOUSE/class-tree?object=Pathways" "Mozilla/5.0 (Windows; U; Windows NT 5.1; es-ES; rv:1.8.1.11) Gecko/20071127 Firefox/2.0.0.11"
157.253.68.145 - - [05/Feb/2008:15:30:38] "GET /overLIB/overlib_exclusive.js HTTP/1.1" 200 - "http://mousecyc.jax.org/MOUSE/NEW-IMAGE?object=arsenate+detoxification" "Mozilla/5.0 (Windows; U; Windows NT 5.1; es-ES; rv:1.8.1.11) Gecko/20071127 Firefox/2.0.0.11"
157.253.68.166 - - [05/Feb/2008:15:30:38] "GET /Treeview/ftv2vertline.gif HTTP/1.1" 200 140 "http://mousecyc.jax.org/MOUSE/class-tree?object=Pathways" "Mozilla/5.0 (Windows; U; Windows NT 5.1; es-ES; rv:1.8.1.11) Gecko/20071127 Firefox/2.0.0.11"
157.253.68.166 - - [05/Feb/2008:15:30:38] "GET /Treeview/ftv2plastnode.gif HTTP/1.1" 200 130 "http://mousecyc.jax.org/MOUSE/class-tree?object=Pathways" "Mozilla/5.0 (Windows; U; Windows NT 5.1; es-ES; rv:1.8.1.11) Gecko/20071127 Firefox/2.0.0.11"
157.253.68.145 - - [05/Feb/2008:15:30:38] "GET /overLIB/overlib_positioncap.js HTTP/1.1" 200 - "http://mousecyc.jax.org/MOUSE/NEW-IMAGE?object=arsenate+detoxification" "Mozilla/5.0 (Windows; U; Windows NT 5.1; es-ES; rv:1.8.1.11) Gecko/20071127 Firefox/2.0.0.11"
157.253.68.166 - - [05/Feb/2008:15:30:39] "GET /Treeview/ftv2pnode.gif HTTP/1.1" 200 133 "http://mousecyc.jax.org/MOUSE/class-tree?object=Pathways" "Mozilla/5.0 (Windows; U; Windows NT 5.1; es-ES; rv:1.8.1.11) Gecko/20071127 Firefox/2.0.0.11"
157.253.68.166 - - [05/Feb/2008:15:30:39] "GET /Treeview/ftv2blank.gif HTTP/1.1" 200 135 "http://mousecyc.jax.org/MOUSE/class-tree?object=Pathways" "Mozilla/5.0 (Windows; U; Windows NT 5.1; es-ES; rv:1.8.1.11) Gecko/20071127 Firefox/2.0.0.11"
157.253.68.145 - - [05/Feb/2008:15:30:39] "GET /overLIB/overlib_centerpopup.js HTTP/1.1" 200 - "http://mousecyc.jax.org/MOUSE/NEW-IMAGE?object=arsenate+detoxification" "Mozilla/5.0 (Windows; U; Windows NT 5.1; es-ES; rv:1.8.1.11) Gecko/20071127 Firefox/2.0.0.11"
157.253.68.150 - - [05/Feb/2008:15:30:39] "GET /MOUSE/NEW-IMAGE?object=Pathways HTTP/1.1" 200 - "http://mousecyc.jax.org/MOUSE/NEW-IMAGE?object=Detoxification" "Mozilla/5.0 (Windows; U; Windows NT 5.1; es-ES; rv:1.8.1.11) Gecko/20071127 Firefox/2.0.0.11"
157.253.68.150 - - [05/Feb/2008:15:30:39] "GET /style.css HTTP/1.1" 200 - "http://mousecyc.jax.org/MOUSE/NEW-IMAGE?object=Pathways" "Mozilla/5.0 (Windows; U; Windows NT 5.1; es-ES; rv:1.8.1.11) Gecko/20071127 Firefox/2.0.0.11"
157.253.68.150 - - [05/Feb/2008:15:30:40] "GET /overLIB/overlib.js HTTP/1.1" 200 - "http://mousecyc.jax.org/MOUSE/NEW-IMAGE?object=Pathways" "Mozilla/5.0 (Windows; U; Windows NT 5.1; es-ES; rv:1.8.1.11) Gecko/20071127 Firefox/2.0.0.11"
157.253.68.150 - - [05/Feb/2008:15:30:41] "GET /overLIB/overlib_exclusive.js HTTP/1.1" 200 - "http://mousecyc.jax.org/MOUSE/NEW-IMAGE?object=Pathways" "Mozilla/5.0 (Windows; U; Windows NT 5.1; es-ES; rv:1.8.1.11) Gecko/20071127 Firefox/2.0.0.11"
157.253.68.150 - - [05/Feb/2008:15:30:41] "GET /overLIB/overlib_positioncap.js HTTP/1.1" 200 - "http://mousecyc.jax.org/MOUSE/NEW-IMAGE?object=Pathways" "Mozilla/5.0 (Windows; U; Windows NT 5.1; es-ES; rv:1.8.1.11) Gecko/20071127 Firefox/2.0.0.11"
157.253.68.150 - - [05/Feb/2008:15:30:41] "GET /overLIB/overlib_centerpopup.js HTTP/1.1" 200 - "http://mousecyc.jax.org/MOUSE/NEW-IMAGE?object=Pathways" "Mozilla/5.0 (Windows; U; Windows NT 5.1; es-ES; rv:1.8.1.11) Gecko/20071127 Firefox/2.0.0.11"
157.253.68.150 - - [05/Feb/2008:15:30:43] "GET /MOUSE/NEW-IMAGE?object=Biosynthesis HTTP/1.1" 200 - "http://mousecyc.jax.org/MOUSE/NEW-IMAGE?object=Pathways" "Mozilla/5.0 (Windows; U; Windows NT 5.1; es-ES; rv:1.8.1.11) Gecko/20071127 Firefox/2.0.0.11"
157.253.68.150 - - [05/Feb/2008:15:30:44] "GET /style.css HTTP/1.1" 200 - "http://mousecyc.jax.org/MOUSE/NEW-IMAGE?object=Biosynthesis" "Mozilla/5.0 (Windows; U; Windows NT 5.1; es-ES; rv:1.8.1.11) Gecko/20071127 Firefox/2.0.0.11"
157.253.68.155 - - [05/Feb/2008:15:30:45] "GET /MOUSE/NEW-IMAGE?object=Detoxification HTTP/1.1" 200 - "http://mousecyc.jax.org/MOUSE/class-tree?object=Pathways" "Mozilla/4.0 (compatible; MSIE 7.0; Windows NT 5.1; SIMBAR={7A8B392B-EB3A-4F5A-BAC7-E4D237EA92F6}; .NET CLR 1.1.4322; .NET CLR 2.0.50727; .NET CLR 3.0.04506.30; InfoPath.2)"
157.253.68.155 - - [05/Feb/2008:15:30:45] "GET /style.css HTTP/1.1" 200 - "http://mousecyc.jax.org/MOUSE/NEW-IMAGE?object=Detoxification" "Mozilla/4.0 (compatible; MSIE 7.0; Windows NT 5.1; SIMBAR={7A8B392B-EB3A-4F5A-BAC7-E4D237EA92F6}; .NET CLR 1.1.4322; .NET CLR 2.0.50727; .NET CLR 3.0.04506.30; InfoPath.2)"
157.253.68.150 - - [05/Feb/2008:15:30:45] "GET /overLIB/overlib.js HTTP/1.1" 200 - "http://mousecyc.jax.org/MOUSE/NEW-IMAGE?object=Biosynthesis" "Mozilla/5.0 (Windows; U; Windows NT 5.1; es-ES; rv:1.8.1.11) Gecko/20071127 Firefox/2.0.0.11"
157.253.68.150 - - [05/Feb/2008:15:30:46] "GET /overLIB/overlib_exclusive.js HTTP/1.1" 200 - "http://mousecyc.jax.org/MOUSE/NEW-IMAGE?object=Biosynthesis" "Mozilla/5.0 (Windows; U; Windows NT 5.1; es-ES; rv:1.8.1.11) Gecko/20071127 Firefox/2.0.0.11"
157.253.68.155 - - [05/Feb/2008:15:30:46] "GET /overLIB/overlib.js HTTP/1.1" 200 - "http://mousecyc.jax.org/MOUSE/NEW-IMAGE?object=Detoxification" "Mozilla/4.0 (compatible; MSIE 7.0; Windows NT 5.1; SIMBAR={7A8B392B-EB3A-4F5A-BAC7-E4D237EA92F6}; .NET CLR 1.1.4322; .NET CLR 2.0.50727; .NET CLR 3.0.04506.30; InfoPath.2)"
157.253.68.150 - - [05/Feb/2008:15:30:46] "GET /overLIB/overlib_positioncap.js HTTP/1.1" 200 - "http://mousecyc.jax.org/MOUSE/NEW-IMAGE?object=Biosynthesis" "Mozilla/5.0 (Windows; U; Windows NT 5.1; es-ES; rv:1.8.1.11) Gecko/20071127 Firefox/2.0.0.11"
157.253.68.155 - - [05/Feb/2008:15:30:46] "GET /overLIB/overlib_exclusive.js HTTP/1.1" 200 - "http://mousecyc.jax.org/MOUSE/NEW-IMAGE?object=Detoxification" "Mozilla/4.0 (compatible; MSIE 7.0; Windows NT 5.1; SIMBAR={7A8B392B-EB3A-4F5A-BAC7-E4D237EA92F6}; .NET CLR 1.1.4322; .NET CLR 2.0.50727; .NET CLR 3.0.04506.30; InfoPath.2)"
157.253.68.150 - - [05/Feb/2008:15:30:46] "GET /overLIB/overlib_centerpopup.js HTTP/1.1" 200 - "http://mousecyc.jax.org/MOUSE/NEW-IMAGE?object=Biosynthesis" "Mozilla/5.0 (Windows; U; Windows NT 5.1; es-ES; rv:1.8.1.11) Gecko/20071127 Firefox/2.0.0.11"
157.253.68.150 - - [05/Feb/2008:15:30:48] "GET /MOUSE/NEW-IMAGE?object=Polyamine-Biosynthesis HTTP/1.1" 200 - "http://mousecyc.jax.org/MOUSE/NEW-IMAGE?object=Biosynthesis" "Mozilla/5.0 (Windows; U; Windows NT 5.1; es-ES; rv:1.8.1.11) Gecko/20071127 Firefox/2.0.0.11"
157.253.68.150 - - [05/Feb/2008:15:30:49] "GET /style.css HTTP/1.1" 200 - "http://mousecyc.jax.org/MOUSE/NEW-IMAGE?object=Polyamine-Biosynthesis" "Mozilla/5.0 (Windows; U; Windows NT 5.1; es-ES; rv:1.8.1.11) Gecko/20071127 Firefox/2.0.0.11"
157.253.68.150 - - [05/Feb/2008:15:30:50] "GET /overLIB/overlib.js HTTP/1.1" 200 - "http://mousecyc.jax.org/MOUSE/NEW-IMAGE?object=Polyamine-Biosynthesis" "Mozilla/5.0 (Windows; U; Windows NT 5.1; es-ES; rv:1.8.1.11) Gecko/20071127 Firefox/2.0.0.11"
157.253.68.155 - - [05/Feb/2008:15:30:50] "GET /overLIB/overlib_positioncap.js HTTP/1.1" 200 - "http://mousecyc.jax.org/MOUSE/NEW-IMAGE?object=Detoxification" "Mozilla/4.0 (compatible; MSIE 7.0; Windows NT 5.1; SIMBAR={7A8B392B-EB3A-4F5A-BAC7-E4D237EA92F6}; .NET CLR 1.1.4322; .NET CLR 2.0.50727; .NET CLR 3.0.04506.30; InfoPath.2)"
157.253.68.150 - - [05/Feb/2008:15:30:50] "GET /overLIB/overlib_exclusive.js HTTP/1.1" 200 - "http://mousecyc.jax.org/MOUSE/NEW-IMAGE?object=Polyamine-Biosynthesis" "Mozilla/5.0 (Windows; U; Windows NT 5.1; es-ES; rv:1.8.1.11) Gecko/20071127 Firefox/2.0.0.11"
157.253.68.155 - - [05/Feb/2008:15:30:50] "GET /overLIB/overlib_centerpopup.js HTTP/1.1" 200 - "http://mousecyc.jax.org/MOUSE/NEW-IMAGE?object=Detoxification" "Mozilla/4.0 (compatible; MSIE 7.0; Windows NT 5.1; SIMBAR={7A8B392B-EB3A-4F5A-BAC7-E4D237EA92F6}; .NET CLR 1.1.4322; .NET CLR 2.0.50727; .NET CLR 3.0.04506.30; InfoPath.2)"
157.253.68.150 - - [05/Feb/2008:15:30:51] "GET /overLIB/overlib_positioncap.js HTTP/1.1" 200 - "http://mousecyc.jax.org/MOUSE/NEW-IMAGE?object=Polyamine-Biosynthesis" "Mozilla/5.0 (Windows; U; Windows NT 5.1; es-ES; rv:1.8.1.11) Gecko/20071127 Firefox/2.0.0.11"
157.253.68.150 - - [05/Feb/2008:15:30:51] "GET /overLIB/overlib_centerpopup.js HTTP/1.1" 200 - "http://mousecyc.jax.org/MOUSE/NEW-IMAGE?object=Polyamine-Biosynthesis" "Mozilla/5.0 (Windows; U; Windows NT 5.1; es-ES; rv:1.8.1.11) Gecko/20071127 Firefox/2.0.0.11"
157.253.68.147 - - [05/Feb/2008:15:30:52] "GET / HTTP/1.1" 200 - "http://www.biocyc.org/" "Mozilla/5.0 (Windows; U; Windows NT 5.1; es-ES; rv:1.8.1.11) Gecko/20071127 Firefox/2.0.0.11"
157.253.68.147 - - [05/Feb/2008:15:30:52] "GET /style.css HTTP/1.1" 200 - "http://mousecyc.jax.org/" "Mozilla/5.0 (Windows; U; Windows NT 5.1; es-ES; rv:1.8.1.11) Gecko/20071127 Firefox/2.0.0.11"
157.253.68.147 - - [05/Feb/2008:15:30:53] "GET /overLIB/overlib.js HTTP/1.1" 200 - "http://mousecyc.jax.org/" "Mozilla/5.0 (Windows; U; Windows NT 5.1; es-ES; rv:1.8.1.11) Gecko/20071127 Firefox/2.0.0.11"
157.253.68.147 - - [05/Feb/2008:15:30:53] "GET /overLIB/overlib_exclusive.js HTTP/1.1" 200 - "http://mousecyc.jax.org/" "Mozilla/5.0 (Windows; U; Windows NT 5.1; es-ES; rv:1.8.1.11) Gecko/20071127 Firefox/2.0.0.11"
157.253.68.147 - - [05/Feb/2008:15:30:54] "GET /overLIB/overlib_positioncap.js HTTP/1.1" 200 - "http://mousecyc.jax.org/" "Mozilla/5.0 (Windows; U; Windows NT 5.1; es-ES; rv:1.8.1.11) Gecko/20071127 Firefox/2.0.0.11"
157.253.68.155 - - [05/Feb/2008:15:30:54] "GET /Treeview/ftv2mnode.gif HTTP/1.1" 200 97 "http://mousecyc.jax.org/MOUSE/class-tree?object=Pathways" "Mozilla/4.0 (compatible; MSIE 7.0; Windows NT 5.1; SIMBAR={7A8B392B-EB3A-4F5A-BAC7-E4D237EA92F6}; .NET CLR 1.1.4322; .NET CLR 2.0.50727; .NET CLR 3.0.04506.30; InfoPath.2)"
157.253.68.147 - - [05/Feb/2008:15:30:54] "GET /overLIB/overlib_centerpopup.js HTTP/1.1" 200 - "http://mousecyc.jax.org/" "Mozilla/5.0 (Windows; U; Windows NT 5.1; es-ES; rv:1.8.1.11) Gecko/20071127 Firefox/2.0.0.11"
157.253.68.147 - - [05/Feb/2008:15:30:54] "GET /button-help-half.gif HTTP/1.1" 200 902 "http://mousecyc.jax.org/" "Mozilla/5.0 (Windows; U; Windows NT 5.1; es-ES; rv:1.8.1.11) Gecko/20071127 Firefox/2.0.0.11"
157.253.68.168 - - [05/Feb/2008:15:30:54] "GET / HTTP/1.1" 200 - "http://www.biocyc.org/" "Mozilla/5.0 (Windows; U; Windows NT 5.1; es-ES; rv:1.8.1.11) Gecko/20071127 Firefox/2.0.0.11"
157.253.68.146 - - [05/Feb/2008:15:30:55] "GET / HTTP/1.1" 200 - "http://www.biocyc.org/" "Mozilla/4.0 (compatible; MSIE 7.0; Windows NT 5.1; .NET CLR 1.1.4322; .NET CLR 2.0.50727; .NET CLR 3.0.04506.30; InfoPath.2)"
157.253.68.168 - - [05/Feb/2008:15:30:55] "GET /style.css HTTP/1.1" 200 - "http://mousecyc.jax.org/" "Mozilla/5.0 (Windows; U; Windows NT 5.1; es-ES; rv:1.8.1.11) Gecko/20071127 Firefox/2.0.0.11"
157.253.68.147 - - [05/Feb/2008:15:30:55] "GET /googleLogo_25wht.gif HTTP/1.1" 200 1607 "http://mousecyc.jax.org/" "Mozilla/5.0 (Windows; U; Windows NT 5.1; es-ES; rv:1.8.1.11) Gecko/20071127 Firefox/2.0.0.11"
157.253.68.146 - - [05/Feb/2008:15:30:55] "GET /style.css HTTP/1.1" 200 - "http://mousecyc.jax.org/" "Mozilla/4.0 (compatible; MSIE 7.0; Windows NT 5.1; .NET CLR 1.1.4322; .NET CLR 2.0.50727; .NET CLR 3.0.04506.30; InfoPath.2)"
157.253.68.147 - - [05/Feb/2008:15:30:55] "GET /ov-button.jpg HTTP/1.1" 200 37664 "http://mousecyc.jax.org/" "Mozilla/5.0 (Windows; U; Windows NT 5.1; es-ES; rv:1.8.1.11) Gecko/20071127 Firefox/2.0.0.11"
157.253.68.166 - - [05/Feb/2008:15:30:55] "GET /Treeview/ftv2mnode.gif HTTP/1.1" 200 97 "http://mousecyc.jax.org/MOUSE/class-tree?object=Pathways" "Mozilla/5.0 (Windows; U; Windows NT 5.1; es-ES; rv:1.8.1.11) Gecko/20071127 Firefox/2.0.0.11"
157.253.68.146 - - [05/Feb/2008:15:30:55] "GET /overLIB/overlib.js HTTP/1.1" 200 - "http://mousecyc.jax.org/" "Mozilla/4.0 (compatible; MSIE 7.0; Windows NT 5.1; .NET CLR 1.1.4322; .NET CLR 2.0.50727; .NET CLR 3.0.04506.30; InfoPath.2)"
157.253.68.168 - - [05/Feb/2008:15:30:56] "GET /overLIB/overlib.js HTTP/1.1" 200 - "http://mousecyc.jax.org/" "Mozilla/5.0 (Windows; U; Windows NT 5.1; es-ES; rv:1.8.1.11) Gecko/20071127 Firefox/2.0.0.11"
157.253.68.146 - - [05/Feb/2008:15:30:56] "GET /overLIB/overlib_exclusive.js HTTP/1.1" 200 - "http://mousecyc.jax.org/" "Mozilla/4.0 (compatible; MSIE 7.0; Windows NT 5.1; .NET CLR 1.1.4322; .NET CLR 2.0.50727; .NET CLR 3.0.04506.30; InfoPath.2)"
157.253.68.168 - - [05/Feb/2008:15:30:56] "GET /overLIB/overlib_exclusive.js HTTP/1.1" 200 - "http://mousecyc.jax.org/" "Mozilla/5.0 (Windows; U; Windows NT 5.1; es-ES; rv:1.8.1.11) Gecko/20071127 Firefox/2.0.0.11"
157.253.68.146 - - [05/Feb/2008:15:30:57] "GET /overLIB/overlib_positioncap.js HTTP/1.1" 200 - "http://mousecyc.jax.org/" "Mozilla/4.0 (compatible; MSIE 7.0; Windows NT 5.1; .NET CLR 1.1.4322; .NET CLR 2.0.50727; .NET CLR 3.0.04506.30; InfoPath.2)"
157.253.68.168 - - [05/Feb/2008:15:30:57] "GET /overLIB/overlib_positioncap.js HTTP/1.1" 200 - "http://mousecyc.jax.org/" "Mozilla/5.0 (Windows; U; Windows NT 5.1; es-ES; rv:1.8.1.11) Gecko/20071127 Firefox/2.0.0.11"
157.253.68.146 - - [05/Feb/2008:15:30:57] "GET /overLIB/overlib_centerpopup.js HTTP/1.1" 200 - "http://mousecyc.jax.org/" "Mozilla/4.0 (compatible; MSIE 7.0; Windows NT 5.1; .NET CLR 1.1.4322; .NET CLR 2.0.50727; .NET CLR 3.0.04506.30; InfoPath.2)"
157.253.68.168 - - [05/Feb/2008:15:30:57] "GET /overLIB/overlib_centerpopup.js HTTP/1.1" 200 - "http://mousecyc.jax.org/" "Mozilla/5.0 (Windows; U; Windows NT 5.1; es-ES; rv:1.8.1.11) Gecko/20071127 Firefox/2.0.0.11"
157.253.68.147 - - [05/Feb/2008:15:30:57] "GET /favicon.ico HTTP/1.1" 404 - "-" "Mozilla/5.0 (Windows; U; Windows NT 5.1; es-ES; rv:1.8.1.11) Gecko/20071127 Firefox/2.0.0.11"
157.253.68.146 - - [05/Feb/2008:15:30:57] "GET /button-help-half.gif HTTP/1.1" 200 902 "http://mousecyc.jax.org/" "Mozilla/4.0 (compatible; MSIE 7.0; Windows NT 5.1; .NET CLR 1.1.4322; .NET CLR 2.0.50727; .NET CLR 3.0.04506.30; InfoPath.2)"
157.253.68.146 - - [05/Feb/2008:15:30:58] "GET /googleLogo_25wht.gif HTTP/1.1" 200 1607 "http://mousecyc.jax.org/" "Mozilla/4.0 (compatible; MSIE 7.0; Windows NT 5.1; .NET CLR 1.1.4322; .NET CLR 2.0.50727; .NET CLR 3.0.04506.30; InfoPath.2)"
157.253.68.168 - - [05/Feb/2008:15:30:58] "GET /button-help-half.gif HTTP/1.1" 200 902 "http://mousecyc.jax.org/" "Mozilla/5.0 (Windows; U; Windows NT 5.1; es-ES; rv:1.8.1.11) Gecko/20071127 Firefox/2.0.0.11"
157.253.68.168 - - [05/Feb/2008:15:30:58] "GET /googleLogo_25wht.gif HTTP/1.1" 200 1607 "http://mousecyc.jax.org/" "Mozilla/5.0 (Windows; U; Windows NT 5.1; es-ES; rv:1.8.1.11) Gecko/20071127 Firefox/2.0.0.11"
157.253.68.150 - - [05/Feb/2008:15:30:58] "GET /MOUSE/NEW-IMAGE?object=HORMONE-SYN HTTP/1.1" 200 - "http://mousecyc.jax.org/MOUSE/NEW-IMAGE?object=Biosynthesis" "Mozilla/5.0 (Windows; U; Windows NT 5.1; es-ES; rv:1.8.1.11) Gecko/20071127 Firefox/2.0.0.11"
157.253.68.150 - - [05/Feb/2008:15:30:59] "GET /style.css HTTP/1.1" 200 - "http://mousecyc.jax.org/MOUSE/NEW-IMAGE?object=HORMONE-SYN" "Mozilla/5.0 (Windows; U; Windows NT 5.1; es-ES; rv:1.8.1.11) Gecko/20071127 Firefox/2.0.0.11"
157.253.68.168 - - [05/Feb/2008:15:30:59] "GET /ov-button.jpg HTTP/1.1" 200 37664 "http://mousecyc.jax.org/" "Mozilla/5.0 (Windows; U; Windows NT 5.1; es-ES; rv:1.8.1.11) Gecko/20071127 Firefox/2.0.0.11"
157.253.68.146 - - [05/Feb/2008:15:30:59] "GET /ov-button.jpg HTTP/1.1" 200 37664 "http://mousecyc.jax.org/" "Mozilla/4.0 (compatible; MSIE 7.0; Windows NT 5.1; .NET CLR 1.1.4322; .NET CLR 2.0.50727; .NET CLR 3.0.04506.30; InfoPath.2)"
157.253.68.146 - - [05/Feb/2008:15:31:00] "GET /favicon.ico HTTP/1.1" 404 - "-" "Mozilla/4.0 (compatible; MSIE 7.0; Windows NT 5.1; .NET CLR 1.1.4322; .NET CLR 2.0.50727; .NET CLR 3.0.04506.30; InfoPath.2)"
157.253.68.150 - - [05/Feb/2008:15:31:00] "GET /overLIB/overlib.js HTTP/1.1" 200 - "http://mousecyc.jax.org/MOUSE/NEW-IMAGE?object=HORMONE-SYN" "Mozilla/5.0 (Windows; U; Windows NT 5.1; es-ES; rv:1.8.1.11) Gecko/20071127 Firefox/2.0.0.11"
157.253.68.150 - - [05/Feb/2008:15:31:00] "GET /overLIB/overlib_exclusive.js HTTP/1.1" 200 - "http://mousecyc.jax.org/MOUSE/NEW-IMAGE?object=HORMONE-SYN" "Mozilla/5.0 (Windows; U; Windows NT 5.1; es-ES; rv:1.8.1.11) Gecko/20071127 Firefox/2.0.0.11"
157.253.68.150 - - [05/Feb/2008:15:31:01] "GET /overLIB/overlib_positioncap.js HTTP/1.1" 200 - "http://mousecyc.jax.org/MOUSE/NEW-IMAGE?object=HORMONE-SYN" "Mozilla/5.0 (Windows; U; Windows NT 5.1; es-ES; rv:1.8.1.11) Gecko/20071127 Firefox/2.0.0.11"
157.253.68.150 - - [05/Feb/2008:15:31:01] "GET /overLIB/overlib_centerpopup.js HTTP/1.1" 200 - "http://mousecyc.jax.org/MOUSE/NEW-IMAGE?object=HORMONE-SYN" "Mozilla/5.0 (Windows; U; Windows NT 5.1; es-ES; rv:1.8.1.11) Gecko/20071127 Firefox/2.0.0.11"
157.253.68.168 - - [05/Feb/2008:15:31:03] "GET /favicon.ico HTTP/1.1" 404 - "-" "Mozilla/5.0 (Windows; U; Windows NT 5.1; es-ES; rv:1.8.1.11) Gecko/20071127 Firefox/2.0.0.11"
157.253.68.168 - - [05/Feb/2008:15:31:03] "GET /style.css HTTP/1.1" 200 - "http://mousecyc.jax.org/MOUSE/class-tree?object=Pathways" "Mozilla/5.0 (Windows; U; Windows NT 5.1; es-ES; rv:1.8.1.11) Gecko/20071127 Firefox/2.0.0.11"
157.253.68.160 - - [05/Feb/2008:15:31:03] "GET /style.css HTTP/1.0" 200 - "http://mousecyc.jax.org/MOUSE/class-tree?object=Pathways" "Mozilla/4.0 (compatible; MSIE 7.0; Windows NT 5.1; .NET CLR 1.1.4322; .NET CLR 2.0.50727; .NET CLR 3.0.04506.30; InfoPath.2)"
157.253.68.160 - - [05/Feb/2008:15:31:03] "GET /Treeview/ua.js HTTP/1.0" 200 - "http://mousecyc.jax.org/MOUSE/class-tree?object=Pathways" "Mozilla/4.0 (compatible; MSIE 7.0; Windows NT 5.1; .NET CLR 1.1.4322; .NET CLR 2.0.50727; .NET CLR 3.0.04506.30; InfoPath.2)"
157.253.68.168 - - [05/Feb/2008:15:31:04] "GET /Treeview/ua.js HTTP/1.1" 200 - "http://mousecyc.jax.org/MOUSE/class-tree?object=Pathways" "Mozilla/5.0 (Windows; U; Windows NT 5.1; es-ES; rv:1.8.1.11) Gecko/20071127 Firefox/2.0.0.11"
157.253.68.160 - - [05/Feb/2008:15:31:04] "GET /MOUSE/class-tree?object=Pathways HTTP/1.0" 200 - "http://mousecyc.jax.org/" "Mozilla/4.0 (compatible; MSIE 7.0; Windows NT 5.1; .NET CLR 1.1.4322; .NET CLR 2.0.50727; .NET CLR 3.0.04506.30; InfoPath.2)"
157.253.68.168 - - [05/Feb/2008:15:31:04] "GET /MOUSE/class-tree?object=Pathways HTTP/1.1" 200 - "http://mousecyc.jax.org/" "Mozilla/5.0 (Windows; U; Windows NT 5.1; es-ES; rv:1.8.1.11) Gecko/20071127 Firefox/2.0.0.11"
157.253.68.147 - - [05/Feb/2008:15:31:05] "GET /style.css HTTP/1.1" 200 - "http://mousecyc.jax.org/MOUSE/class-tree?object=Pathways" "Mozilla/5.0 (Windows; U; Windows NT 5.1; es-ES; rv:1.8.1.11) Gecko/20071127 Firefox/2.0.0.11"
157.253.68.147 - - [05/Feb/2008:15:31:05] "GET /Treeview/ua.js HTTP/1.1" 200 - "http://mousecyc.jax.org/MOUSE/class-tree?object=Pathways" "Mozilla/5.0 (Windows; U; Windows NT 5.1; es-ES; rv:1.8.1.11) Gecko/20071127 Firefox/2.0.0.11"
157.253.68.147 - - [05/Feb/2008:15:31:05] "GET /MOUSE/class-tree?object=Pathways HTTP/1.1" 200 - "http://mousecyc.jax.org/" "Mozilla/5.0 (Windows; U; Windows NT 5.1; es-ES; rv:1.8.1.11) Gecko/20071127 Firefox/2.0.0.11"
