209.222.209.214 - - [12/Feb/2008:13:50:25] "GET /overLIB/overlib_exclusive.js HTTP/1.1" 200 - "http://mousecyc.jax.org/" "Mozilla/5.0 (Windows; U; Windows NT 5.1; en-US; rv:1.8.1.12) Gecko/20080201 Firefox/2.0.0.12"
209.222.209.214 - - [12/Feb/2008:13:50:29] "GET /overLIB/overlib_positioncap.js HTTP/1.1" 200 - "http://mousecyc.jax.org/" "Mozilla/5.0 (Windows; U; Windows NT 5.1; en-US; rv:1.8.1.12) Gecko/20080201 Firefox/2.0.0.12"
209.222.209.214 - - [12/Feb/2008:13:50:31] "GET /overLIB/overlib_centerpopup.js HTTP/1.1" 200 - "http://mousecyc.jax.org/" "Mozilla/5.0 (Windows; U; Windows NT 5.1; en-US; rv:1.8.1.12) Gecko/20080201 Firefox/2.0.0.12"
209.222.209.214 - - [12/Feb/2008:13:50:33] "GET /button-help-half.gif HTTP/1.1" 200 902 "http://mousecyc.jax.org/" "Mozilla/5.0 (Windows; U; Windows NT 5.1; en-US; rv:1.8.1.12) Gecko/20080201 Firefox/2.0.0.12"
209.222.209.214 - - [12/Feb/2008:13:50:33] "GET /googleLogo_25wht.gif HTTP/1.1" 200 1607 "http://mousecyc.jax.org/" "Mozilla/5.0 (Windows; U; Windows NT 5.1; en-US; rv:1.8.1.12) Gecko/20080201 Firefox/2.0.0.12"
209.222.209.214 - - [12/Feb/2008:13:50:37] "GET /ov-button.jpg HTTP/1.1" 200 37664 "http://mousecyc.jax.org/" "Mozilla/5.0 (Windows; U; Windows NT 5.1; en-US; rv:1.8.1.12) Gecko/20080201 Firefox/2.0.0.12"
66.249.72.225 - - [12/Feb/2008:14:03:26] "GET /MOUSE/NEW-IMAGE?type=GENE-IN-PWY&object=MGI:2385311 HTTP/1.1" 0 - "-" -
66.249.72.225 - - [12/Feb/2008:14:04:46] "GET /MOUSE/NEW-IMAGE?type=GENE-IN-PWY&object=MGI:104873 HTTP/1.1" 0 - "-" -
66.249.72.225 - - [12/Feb/2008:14:05:02] "GET /MOUSE/NEW-IMAGE?type=GENE-IN-PWY&object=MGI:1888908 HTTP/1.1" 0 - "-" -
66.249.72.225 - googlebot(at)googlebot.com [12/Feb/2008:14:05:03] "GET /MOUSE/NEW-IMAGE?type=GENE-IN-PWY&object=MGI:103254 HTTP/1.1" 500 - "-" "Mozilla/5.0 (compatible; Googlebot/2.1; +http://www.google.com/bot.html)"
66.249.72.225 - googlebot(at)googlebot.com [12/Feb/2008:14:05:04] "GET /MOUSE/NEW-IMAGE?type=GENE-IN-PWY&object=MGI:1858170 HTTP/1.1" 500 - "-" "Mozilla/5.0 (compatible; Googlebot/2.1; +http://www.google.com/bot.html)"
66.249.72.225 - googlebot(at)googlebot.com [12/Feb/2008:14:05:04] "GET /MOUSE/NEW-IMAGE?type=GENE-IN-PWY&object=MGI:1914154 HTTP/1.1" 500 - "-" "Mozilla/5.0 (compatible; Googlebot/2.1; +http://www.google.com/bot.html)"
66.249.72.225 - googlebot(at)googlebot.com [12/Feb/2008:14:05:06] "GET /MOUSE/NEW-IMAGE?type=GENE-IN-PWY&object=MGI:2443582 HTTP/1.1" 200 - "-" "Mozilla/5.0 (compatible; Googlebot/2.1; +http://www.google.com/bot.html)"
66.249.72.225 - googlebot(at)googlebot.com [12/Feb/2008:14:05:12] "GET /MOUSE/NEW-IMAGE?type=GENE-IN-PWY&object=MGI:1329027 HTTP/1.1" 500 - "-" "Mozilla/5.0 (compatible; Googlebot/2.1; +http://www.google.com/bot.html)"
66.249.72.225 - googlebot(at)googlebot.com [12/Feb/2008:14:05:13] "GET /MOUSE/NEW-IMAGE?type=GENE-IN-PWY&object=MGI:3646700 HTTP/1.1" 500 - "-" "Mozilla/5.0 (compatible; Googlebot/2.1; +http://www.google.com/bot.html)"
66.249.72.225 - googlebot(at)googlebot.com [12/Feb/2008:14:05:15] "GET /MOUSE/NEW-IMAGE?type=GENE-IN-PWY&object=MGI:2136460 HTTP/1.1" 200 - "-" "Mozilla/5.0 (compatible; Googlebot/2.1; +http://www.google.com/bot.html)"
160.36.225.199 - - [12/Feb/2008:14:22:15] "GET / HTTP/1.1" 200 - "http://www.biocyc.org/" "Mozilla/5.0 (Windows; U; Windows NT 5.1; en-US; rv:1.8.1.1) Gecko/20061204 Firefox/2.0.0.1"
160.36.225.199 - - [12/Feb/2008:14:22:15] "GET /style.css HTTP/1.1" 200 - "http://mousecyc.jax.org/" "Mozilla/5.0 (Windows; U; Windows NT 5.1; en-US; rv:1.8.1.1) Gecko/20061204 Firefox/2.0.0.1"
160.36.225.199 - - [12/Feb/2008:14:22:29] "GET /overLIB/overlib.js HTTP/1.1" 200 - "http://mousecyc.jax.org/" "Mozilla/5.0 (Windows; U; Windows NT 5.1; en-US; rv:1.8.1.1) Gecko/20061204 Firefox/2.0.0.1"
160.36.225.199 - - [12/Feb/2008:14:22:31] "GET /overLIB/overlib_exclusive.js HTTP/1.1" 200 - "http://mousecyc.jax.org/" "Mozilla/5.0 (Windows; U; Windows NT 5.1; en-US; rv:1.8.1.1) Gecko/20061204 Firefox/2.0.0.1"
160.36.225.199 - - [12/Feb/2008:14:22:35] "GET /overLIB/overlib_positioncap.js HTTP/1.1" 200 - "http://mousecyc.jax.org/" "Mozilla/5.0 (Windows; U; Windows NT 5.1; en-US; rv:1.8.1.1) Gecko/20061204 Firefox/2.0.0.1"
160.36.225.199 - - [12/Feb/2008:14:22:37] "GET /overLIB/overlib_centerpopup.js HTTP/1.1" 200 - "http://mousecyc.jax.org/" "Mozilla/5.0 (Windows; U; Windows NT 5.1; en-US; rv:1.8.1.1) Gecko/20061204 Firefox/2.0.0.1"
160.36.225.199 - - [12/Feb/2008:14:22:39] "GET /button-help-half.gif HTTP/1.1" 200 902 "http://mousecyc.jax.org/" "Mozilla/5.0 (Windows; U; Windows NT 5.1; en-US; rv:1.8.1.1) Gecko/20061204 Firefox/2.0.0.1"
160.36.225.199 - - [12/Feb/2008:14:22:41] "GET /googleLogo_25wht.gif HTTP/1.1" 200 1607 "http://mousecyc.jax.org/" "Mozilla/5.0 (Windows; U; Windows NT 5.1; en-US; rv:1.8.1.1) Gecko/20061204 Firefox/2.0.0.1"
160.36.225.199 - - [12/Feb/2008:14:22:47] "GET /ov-button.jpg HTTP/1.1" 200 37664 "http://mousecyc.jax.org/" "Mozilla/5.0 (Windows; U; Windows NT 5.1; en-US; rv:1.8.1.1) Gecko/20061204 Firefox/2.0.0.1"
160.36.225.199 - - [12/Feb/2008:14:22:49] "GET /favicon.ico HTTP/1.1" 404 - "-" "Mozilla/5.0 (Windows; U; Windows NT 5.1; en-US; rv:1.8.1.1) Gecko/20061204 Firefox/2.0.0.1"
160.36.225.199 - - [12/Feb/2008:14:23:01] "GET /MOUSE/organism-summary?object=MOUSE HTTP/1.1" 200 - "http://mousecyc.jax.org/" "Mozilla/5.0 (Windows; U; Windows NT 5.1; en-US; rv:1.8.1.1) Gecko/20061204 Firefox/2.0.0.1"
160.36.225.199 - - [12/Feb/2008:14:23:01] "GET /style.css HTTP/1.1" 200 - "http://mousecyc.jax.org/MOUSE/organism-summary?object=MOUSE" "Mozilla/5.0 (Windows; U; Windows NT 5.1; en-US; rv:1.8.1.1) Gecko/20061204 Firefox/2.0.0.1"
66.249.72.225 - - [12/Feb/2008:14:23:13] "GET /MOUSE/NEW-IMAGE?type=GENE-IN-PWY&object=MGI:1919519 HTTP/1.1" 0 - "-" -
160.36.225.199 - - [12/Feb/2008:14:23:17] "GET /overLIB/overlib.js HTTP/1.1" 200 - "http://mousecyc.jax.org/MOUSE/organism-summary?object=MOUSE" "Mozilla/5.0 (Windows; U; Windows NT 5.1; en-US; rv:1.8.1.1) Gecko/20061204 Firefox/2.0.0.1"
160.36.225.199 - - [12/Feb/2008:14:23:19] "GET /overLIB/overlib_exclusive.js HTTP/1.1" 200 - "http://mousecyc.jax.org/MOUSE/organism-summary?object=MOUSE" "Mozilla/5.0 (Windows; U; Windows NT 5.1; en-US; rv:1.8.1.1) Gecko/20061204 Firefox/2.0.0.1"
160.36.225.199 - - [12/Feb/2008:14:23:23] "GET /overLIB/overlib_positioncap.js HTTP/1.1" 200 - "http://mousecyc.jax.org/MOUSE/organism-summary?object=MOUSE" "Mozilla/5.0 (Windows; U; Windows NT 5.1; en-US; rv:1.8.1.1) Gecko/20061204 Firefox/2.0.0.1"
160.36.225.199 - - [12/Feb/2008:14:23:25] "GET /overLIB/overlib_centerpopup.js HTTP/1.1" 200 - "http://mousecyc.jax.org/MOUSE/organism-summary?object=MOUSE" "Mozilla/5.0 (Windows; U; Windows NT 5.1; en-US; rv:1.8.1.1) Gecko/20061204 Firefox/2.0.0.1"
160.36.225.199 - - [12/Feb/2008:14:24:22] "GET /MOUSE/missing-rxns.html HTTP/1.1" 200 - "http://mousecyc.jax.org/MOUSE/organism-summary?object=MOUSE" "Mozilla/5.0 (Windows; U; Windows NT 5.1; en-US; rv:1.8.1.1) Gecko/20061204 Firefox/2.0.0.1"
160.36.225.199 - - [12/Feb/2008:14:25:06] "GET /MOUSE/expression.html HTTP/1.1" 200 - "http://mousecyc.jax.org/" "Mozilla/5.0 (Windows; U; Windows NT 5.1; en-US; rv:1.8.1.1) Gecko/20061204 Firefox/2.0.0.1"
160.36.225.199 - - [12/Feb/2008:14:25:06] "GET /style.css HTTP/1.1" 200 - "http://mousecyc.jax.org/MOUSE/expression.html" "Mozilla/5.0 (Windows; U; Windows NT 5.1; en-US; rv:1.8.1.1) Gecko/20061204 Firefox/2.0.0.1"
160.36.225.199 - - [12/Feb/2008:14:25:52] "GET /ov-expr.shtml HTTP/1.1" 200 - "http://mousecyc.jax.org/MOUSE/expression.html" "Mozilla/5.0 (Windows; U; Windows NT 5.1; en-US; rv:1.8.1.1) Gecko/20061204 Firefox/2.0.0.1"
160.36.225.199 - - [12/Feb/2008:14:25:52] "GET /style.css HTTP/1.1" 200 - "http://mousecyc.jax.org/ov-expr.shtml" "Mozilla/5.0 (Windows; U; Windows NT 5.1; en-US; rv:1.8.1.1) Gecko/20061204 Firefox/2.0.0.1"
160.36.225.199 - - [12/Feb/2008:14:25:54] "GET /stop.gif HTTP/1.1" 200 568 "http://mousecyc.jax.org/ov-expr.shtml" "Mozilla/5.0 (Windows; U; Windows NT 5.1; en-US; rv:1.8.1.1) Gecko/20061204 Firefox/2.0.0.1"
160.36.225.199 - - [12/Feb/2008:14:25:54] "GET /play.gif HTTP/1.1" 200 602 "http://mousecyc.jax.org/ov-expr.shtml" "Mozilla/5.0 (Windows; U; Windows NT 5.1; en-US; rv:1.8.1.1) Gecko/20061204 Firefox/2.0.0.1"
160.36.225.199 - - [12/Feb/2008:14:25:56] "GET /prev.gif HTTP/1.1" 200 523 "http://mousecyc.jax.org/ov-expr.shtml" "Mozilla/5.0 (Windows; U; Windows NT 5.1; en-US; rv:1.8.1.1) Gecko/20061204 Firefox/2.0.0.1"
160.36.225.199 - - [12/Feb/2008:14:25:56] "GET /next.gif HTTP/1.1" 200 541 "http://mousecyc.jax.org/ov-expr.shtml" "Mozilla/5.0 (Windows; U; Windows NT 5.1; en-US; rv:1.8.1.1) Gecko/20061204 Firefox/2.0.0.1"
66.249.72.225 - - [12/Feb/2008:14:26:12] "GET /MOUSE/NEW-IMAGE?type=GENE-IN-PWY&object=MGI:2385311 HTTP/1.1" 0 - "-" -
160.36.225.199 - - [12/Feb/2008:14:28:51] "GET /expr-examples/sample.dat HTTP/1.1" 200 - "http://mousecyc.jax.org/ov-expr.shtml" "Mozilla/5.0 (Windows; U; Windows NT 5.1; en-US; rv:1.8.1.1) Gecko/20061204 Firefox/2.0.0.1"
66.249.72.225 - - [12/Feb/2008:14:29:12] "GET /MOUSE/NEW-IMAGE?type=GENE-IN-PWY&object=MGI:104873 HTTP/1.1" 0 - "-" -
209.222.209.214 - - [12/Feb/2008:14:30:54] "GET /serverhelp.shtml HTTP/1.1" 200 - "http://firien.informatics.jax.org/pathways.shtml" "Mozilla/5.0 (Windows; U; Windows NT 5.1; en-US; rv:1.8.1.12) Gecko/20080201 Firefox/2.0.0.12"
209.222.209.214 - - [12/Feb/2008:14:30:56] "GET /style.css HTTP/1.1" 200 - "http://mousecyc.jax.org/serverhelp.shtml" "Mozilla/5.0 (Windows; U; Windows NT 5.1; en-US; rv:1.8.1.12) Gecko/20080201 Firefox/2.0.0.12"
66.249.72.225 - - [12/Feb/2008:14:32:13] "GET /MOUSE/NEW-IMAGE?type=GENE-IN-PWY&object=MGI:1888908 HTTP/1.1" 0 - "-" -
160.36.225.199 - - [12/Feb/2008:14:32:31] "GET /expr-examples/time-series.txt HTTP/1.1" 200 - "http://mousecyc.jax.org/ov-expr.shtml" "Mozilla/5.0 (Windows; U; Windows NT 5.1; en-US; rv:1.8.1.1) Gecko/20061204 Firefox/2.0.0.1"
66.249.72.225 - - [12/Feb/2008:14:34:55] "GET /MOUSE/NEW-IMAGE?type=GENE-IN-PWY&object=MGI:103254 HTTP/1.1" 0 - "-" -
66.249.72.225 - googlebot(at)googlebot.com [12/Feb/2008:14:34:57] "GET /MOUSE/NEW-IMAGE?type=GENE-IN-PWY&object=MGI:2443582 HTTP/1.1" 200 - "-" "Mozilla/5.0 (compatible; Googlebot/2.1; +http://www.google.com/bot.html)"
66.249.72.225 - - [12/Feb/2008:14:38:21] "GET /MOUSE/NEW-IMAGE?type=GENE-IN-PWY&object=MGI:1858170 HTTP/1.1" 0 - "-" -
66.249.72.225 - googlebot(at)googlebot.com [12/Feb/2008:14:38:22] "GET /MOUSE/NEW-IMAGE?type=GENE-IN-PWY&object=MGI:1914154 HTTP/1.1" 500 - "-" "Mozilla/5.0 (compatible; Googlebot/2.1; +http://www.google.com/bot.html)"
160.36.225.199 - - [12/Feb/2008:14:41:50] "GET /expr-examples/single-expt.html HTTP/1.1" 200 - "http://mousecyc.jax.org/ov-expr.shtml" "Mozilla/5.0 (Windows; U; Windows NT 5.1; en-US; rv:1.8.1.1) Gecko/20061204 Firefox/2.0.0.1"
66.249.72.225 - - [12/Feb/2008:14:44:22] "GET /MOUSE/NEW-IMAGE?type=GENE-IN-PWY&object=MGI:1329027 HTTP/1.1" 0 - "-" -
66.249.72.225 - googlebot(at)googlebot.com [12/Feb/2008:14:44:23] "GET /MOUSE/NEW-IMAGE?type=GENE-IN-PWY&object=MGI:3646700 HTTP/1.1" 500 - "-" "Mozilla/5.0 (compatible; Googlebot/2.1; +http://www.google.com/bot.html)"
66.249.72.225 - googlebot(at)googlebot.com [12/Feb/2008:14:44:25] "GET /MOUSE/NEW-IMAGE?type=GENE-IN-PWY&object=MGI:2136460 HTTP/1.1" 200 - "-" "Mozilla/5.0 (compatible; Googlebot/2.1; +http://www.google.com/bot.html)"
66.249.72.225 - - [12/Feb/2008:14:51:13] "GET /MOUSE/NEW-IMAGE?type=GENE-IN-PWY&object=MGI:1919519 HTTP/1.1" 0 - "-" -
66.249.72.225 - - [12/Feb/2008:14:54:12] "GET /MOUSE/NEW-IMAGE?type=GENE-IN-PWY&object=MGI:2385311 HTTP/1.1" 0 - "-" -
66.249.72.225 - - [12/Feb/2008:14:57:12] "GET /MOUSE/NEW-IMAGE?type=GENE-IN-PWY&object=MGI:104873 HTTP/1.1" 0 - "-" -
66.249.72.225 - - [12/Feb/2008:15:00:13] "GET /MOUSE/NEW-IMAGE?type=GENE-IN-PWY&object=MGI:1888908 HTTP/1.1" 0 - "-" -
66.249.72.225 - googlebot(at)googlebot.com [12/Feb/2008:15:00:13] "GET /MOUSE/NEW-IMAGE?type=GENE-IN-PWY&object=MGI:1914154 HTTP/1.1" 500 - "-" "Mozilla/5.0 (compatible; Googlebot/2.1; +http://www.google.com/bot.html)"
66.249.72.225 - - [12/Feb/2008:15:06:13] "GET /MOUSE/NEW-IMAGE?type=GENE-IN-PWY&object=MGI:1329027 HTTP/1.1" 0 - "-" -
66.249.72.225 - googlebot(at)googlebot.com [12/Feb/2008:15:06:14] "GET /MOUSE/NEW-IMAGE?type=GENE-IN-PWY&object=MGI:3646700 HTTP/1.1" 500 - "-" "Mozilla/5.0 (compatible; Googlebot/2.1; +http://www.google.com/bot.html)"
66.249.72.225 - - [12/Feb/2008:15:12:12] "GET /MOUSE/NEW-IMAGE?type=GENE-IN-PWY&object=MGI:1915391 HTTP/1.1" 0 - "-" -
66.249.72.225 - googlebot(at)googlebot.com [12/Feb/2008:15:12:23] "GET /MOUSE/NEW-IMAGE?type=GENE-IN-PWY&object=MGI:1277964 HTTP/1.1" 500 - "-" "Mozilla/5.0 (compatible; Googlebot/2.1; +http://www.google.com/bot.html)"
66.249.72.225 - googlebot(at)googlebot.com [12/Feb/2008:15:12:25] "GET /MOUSE/NEW-IMAGE?type=GENE-IN-PWY&object=MGI:1915013 HTTP/1.1" 200 - "-" "Mozilla/5.0 (compatible; Googlebot/2.1; +http://www.google.com/bot.html)"
130.111.180.17 - - [12/Feb/2008:15:14:09] "GET / HTTP/1.1" 200 - "-" "Mozilla/5.0 (Windows; U; Windows NT 5.1; en-US; rv:1.8.1.12) Gecko/20080201 Firefox/2.0.0.12"
130.111.180.17 - - [12/Feb/2008:15:14:09] "GET /style.css HTTP/1.1" 200 - "http://mousecyc.jax.org/" "Mozilla/5.0 (Windows; U; Windows NT 5.1; en-US; rv:1.8.1.12) Gecko/20080201 Firefox/2.0.0.12"
130.111.180.17 - - [12/Feb/2008:15:14:23] "GET /overLIB/overlib.js HTTP/1.1" 200 - "http://mousecyc.jax.org/" "Mozilla/5.0 (Windows; U; Windows NT 5.1; en-US; rv:1.8.1.12) Gecko/20080201 Firefox/2.0.0.12"
130.111.180.17 - - [12/Feb/2008:15:14:25] "GET /overLIB/overlib_exclusive.js HTTP/1.1" 200 - "http://mousecyc.jax.org/" "Mozilla/5.0 (Windows; U; Windows NT 5.1; en-US; rv:1.8.1.12) Gecko/20080201 Firefox/2.0.0.12"
130.111.180.17 - - [12/Feb/2008:15:14:29] "GET /overLIB/overlib_positioncap.js HTTP/1.1" 200 - "http://mousecyc.jax.org/" "Mozilla/5.0 (Windows; U; Windows NT 5.1; en-US; rv:1.8.1.12) Gecko/20080201 Firefox/2.0.0.12"
130.111.180.17 - - [12/Feb/2008:15:14:31] "GET /overLIB/overlib_centerpopup.js HTTP/1.1" 200 - "http://mousecyc.jax.org/" "Mozilla/5.0 (Windows; U; Windows NT 5.1; en-US; rv:1.8.1.12) Gecko/20080201 Firefox/2.0.0.12"
130.111.180.17 - - [12/Feb/2008:15:14:33] "GET /button-help-half.gif HTTP/1.1" 200 902 "http://mousecyc.jax.org/" "Mozilla/5.0 (Windows; U; Windows NT 5.1; en-US; rv:1.8.1.12) Gecko/20080201 Firefox/2.0.0.12"
130.111.180.17 - - [12/Feb/2008:15:14:35] "GET /googleLogo_25wht.gif HTTP/1.1" 200 1607 "http://mousecyc.jax.org/" "Mozilla/5.0 (Windows; U; Windows NT 5.1; en-US; rv:1.8.1.12) Gecko/20080201 Firefox/2.0.0.12"
130.111.180.17 - - [12/Feb/2008:15:14:41] "GET /ov-button.jpg HTTP/1.1" 200 37664 "http://mousecyc.jax.org/" "Mozilla/5.0 (Windows; U; Windows NT 5.1; en-US; rv:1.8.1.12) Gecko/20080201 Firefox/2.0.0.12"
66.249.72.225 - - [12/Feb/2008:15:21:13] "GET /MOUSE/NEW-IMAGE?type=GENE-IN-PWY&object=MGI:1914451 HTTP/1.1" 0 - "-" -
66.249.72.225 - - [12/Feb/2008:15:24:13] "GET /MOUSE/NEW-IMAGE?type=GENE-IN-PWY&object=MGI:1915230 HTTP/1.1" 0 - "-" -
66.249.72.225 - - [12/Feb/2008:15:27:13] "GET /MOUSE/NEW-IMAGE?type=GENE-IN-PWY&object=MGI:1913421 HTTP/1.1" 0 - "-" -
66.249.72.225 - - [12/Feb/2008:15:30:12] "GET /MOUSE/NEW-IMAGE?type=GENE-IN-PWY&object=MGI:1915391 HTTP/1.1" 0 - "-" -
66.249.72.225 - googlebot(at)googlebot.com [12/Feb/2008:15:30:22] "GET /MOUSE/NEW-IMAGE?type=GENE-IN-PWY&object=MGI:1277964 HTTP/1.1" 500 - "-" "Mozilla/5.0 (compatible; Googlebot/2.1; +http://www.google.com/bot.html)"
66.249.72.225 - googlebot(at)googlebot.com [12/Feb/2008:15:30:24] "GET /MOUSE/NEW-IMAGE?type=GENE-IN-PWY&object=MGI:1915013 HTTP/1.1" 200 - "-" "Mozilla/5.0 (compatible; Googlebot/2.1; +http://www.google.com/bot.html)"
66.249.72.225 - - [12/Feb/2008:15:39:12] "GET /MOUSE/NEW-IMAGE?type=GENE-IN-PWY&object=MGI:1914451 HTTP/1.1" 0 - "-" -
66.249.72.225 - - [12/Feb/2008:15:42:13] "GET /MOUSE/NEW-IMAGE?type=GENE-IN-PWY&object=MGI:1915230 HTTP/1.1" 0 - "-" -
66.249.72.225 - - [12/Feb/2008:15:45:13] "GET /MOUSE/NEW-IMAGE?type=GENE-IN-PWY&object=MGI:1913421 HTTP/1.1" 0 - "-" -
66.249.72.225 - - [12/Feb/2008:15:48:13] "GET /MOUSE/NEW-IMAGE?type=GENE-IN-PWY&object=MGI:1915391 HTTP/1.1" 0 - "-" -
66.249.72.225 - googlebot(at)googlebot.com [12/Feb/2008:15:48:23] "GET /MOUSE/NEW-IMAGE?type=GENE-IN-PWY&object=MGI:1277964 HTTP/1.1" 500 - "-" "Mozilla/5.0 (compatible; Googlebot/2.1; +http://www.google.com/bot.html)"
66.249.72.225 - googlebot(at)googlebot.com [12/Feb/2008:15:48:25] "GET /MOUSE/NEW-IMAGE?type=GENE-IN-PWY&object=MGI:1915013 HTTP/1.1" 200 - "-" "Mozilla/5.0 (compatible; Googlebot/2.1; +http://www.google.com/bot.html)"
66.249.66.194 - googlebot(at)googlebot.com [12/Feb/2008:15:48:25] "GET /MOUSE/NEW-IMAGE?type=GENE-IN-PWY&object=MGI:1915013 HTTP/1.1" 200 - "-" "Mozilla/5.0 (compatible; Googlebot/2.1; +http://www.google.com/bot.html)"
66.249.72.225 - googlebot(at)googlebot.com [12/Feb/2008:15:48:29] "GET /MOUSE/NEW-IMAGE?type=GENE-IN-PWY&object=MGI:1914451 HTTP/1.1" 500 - "-" "Mozilla/5.0 (compatible; Googlebot/2.1; +http://www.google.com/bot.html)"
66.249.72.225 - - [12/Feb/2008:16:03:14] "GET /MOUSE/NEW-IMAGE?type=GENE-IN-PWY&object=MGI:1915230 HTTP/1.1" 0 - "-" -
66.249.72.225 - - [12/Feb/2008:16:06:24] "GET /MOUSE/NEW-IMAGE?type=GENE-IN-PWY&object=MGI:1913421 HTTP/1.1" 0 - "-" -
66.249.72.225 - - [12/Feb/2008:16:09:34] "GET /MOUSE/NEW-IMAGE?type=GENE-IN-PWY&object=MGI:1915391 HTTP/1.1" 0 - "-" -
66.249.72.225 - googlebot(at)googlebot.com [12/Feb/2008:16:09:44] "GET /MOUSE/NEW-IMAGE?type=GENE-IN-PWY&object=MGI:1277964 HTTP/1.1" 500 - "-" "Mozilla/5.0 (compatible; Googlebot/2.1; +http://www.google.com/bot.html)"
66.249.72.225 - googlebot(at)googlebot.com [12/Feb/2008:16:09:46] "GET /MOUSE/NEW-IMAGE?type=GENE-IN-PWY&object=MGI:1915013 HTTP/1.1" 200 - "-" "Mozilla/5.0 (compatible; Googlebot/2.1; +http://www.google.com/bot.html)"
66.249.72.225 - googlebot(at)googlebot.com [12/Feb/2008:16:09:50] "GET /MOUSE/NEW-IMAGE?type=GENE-IN-PWY&object=MGI:1914451 HTTP/1.1" 500 - "-" "Mozilla/5.0 (compatible; Googlebot/2.1; +http://www.google.com/bot.html)"
66.249.72.225 - - [12/Feb/2008:16:22:15] "GET /MOUSE/NEW-IMAGE?type=GENE-IN-PWY&object=MGI:1915230 HTTP/1.1" 0 - "-" -
66.249.72.225 - - [12/Feb/2008:16:25:24] "GET /MOUSE/NEW-IMAGE?type=GENE-IN-PWY&object=MGI:1913421 HTTP/1.1" 0 - "-" -
66.249.72.225 - - [12/Feb/2008:16:28:35] "GET /MOUSE/NEW-IMAGE?type=GENE-IN-PWY&object=MGI:1915391 HTTP/1.1" 0 - "-" -
66.249.72.225 - googlebot(at)googlebot.com [12/Feb/2008:16:28:44] "GET /MOUSE/NEW-IMAGE?type=GENE-IN-PWY&object=MGI:1277964 HTTP/1.1" 500 - "-" "Mozilla/5.0 (compatible; Googlebot/2.1; +http://www.google.com/bot.html)"
66.249.72.225 - googlebot(at)googlebot.com [12/Feb/2008:16:28:46] "GET /MOUSE/NEW-IMAGE?type=GENE-IN-PWY&object=MGI:1915013 HTTP/1.1" 200 - "-" "Mozilla/5.0 (compatible; Googlebot/2.1; +http://www.google.com/bot.html)"
66.249.72.225 - googlebot(at)googlebot.com [12/Feb/2008:16:28:51] "GET /MOUSE/NEW-IMAGE?type=GENE-IN-PWY&object=MGI:1914451 HTTP/1.1" 500 - "-" "Mozilla/5.0 (compatible; Googlebot/2.1; +http://www.google.com/bot.html)"
160.36.225.199 - - [12/Feb/2008:16:33:38] "GET /expr-examples/single-expt.html HTTP/1.1" 200 - "http://mousecyc.jax.org/ov-expr.shtml" "Mozilla/5.0 (Windows; U; Windows NT 5.1; en-US; rv:1.8.1.1) Gecko/20061204 Firefox/2.0.0.1"
66.249.72.225 - - [12/Feb/2008:16:41:14] "GET /MOUSE/NEW-IMAGE?type=GENE-IN-PWY&object=MGI:1915230 HTTP/1.1" 0 - "-" -
66.249.72.225 - - [12/Feb/2008:16:44:25] "GET /MOUSE/NEW-IMAGE?type=GENE-IN-PWY&object=MGI:1913421 HTTP/1.1" 0 - "-" -
66.249.72.225 - - [12/Feb/2008:16:47:35] "GET /MOUSE/NEW-IMAGE?type=GENE-IN-PWY&object=MGI:1915391 HTTP/1.1" 0 - "-" -
66.249.72.225 - googlebot(at)googlebot.com [12/Feb/2008:16:47:45] "GET /MOUSE/NEW-IMAGE?type=GENE-IN-PWY&object=MGI:1277964 HTTP/1.1" 500 - "-" "Mozilla/5.0 (compatible; Googlebot/2.1; +http://www.google.com/bot.html)"
66.249.72.225 - googlebot(at)googlebot.com [12/Feb/2008:16:47:47] "GET /MOUSE/NEW-IMAGE?type=GENE-IN-PWY&object=MGI:1915013 HTTP/1.1" 200 - "-" "Mozilla/5.0 (compatible; Googlebot/2.1; +http://www.google.com/bot.html)"
66.249.72.225 - googlebot(at)googlebot.com [12/Feb/2008:16:47:52] "GET /MOUSE/NEW-IMAGE?type=GENE-IN-PWY&object=MGI:1914451 HTTP/1.1" 500 - "-" "Mozilla/5.0 (compatible; Googlebot/2.1; +http://www.google.com/bot.html)"
66.249.72.225 - - [12/Feb/2008:17:00:16] "GET /MOUSE/NEW-IMAGE?type=GENE-IN-PWY&object=MGI:1915230 HTTP/1.1" 0 - "-" -
66.249.72.225 - googlebot(at)googlebot.com [12/Feb/2008:17:00:28] "GET /MOUSE/NEW-IMAGE?object=All-Carbohydrates HTTP/1.1" 200 - "-" "Mozilla/5.0 (compatible; Googlebot/2.1; +http://www.google.com/bot.html)"
66.249.72.225 - googlebot(at)googlebot.com [12/Feb/2008:17:00:40] "GET /MOUSE/NEW-IMAGE?object=PHENYLALANINE-SYN HTTP/1.1" 200 - "-" "Mozilla/5.0 (compatible; Googlebot/2.1; +http://www.google.com/bot.html)"
66.249.72.225 - - [12/Feb/2008:17:03:26] "GET /MOUSE/NEW-IMAGE?type=GENE-IN-PWY&object=MGI:1913421 HTTP/1.1" 0 - "-" -
66.249.72.225 - - [12/Feb/2008:17:06:36] "GET /MOUSE/NEW-IMAGE?type=GENE-IN-PWY&object=MGI:1915391 HTTP/1.1" 0 - "-" -
66.249.72.225 - googlebot(at)googlebot.com [12/Feb/2008:17:06:46] "GET /MOUSE/NEW-IMAGE?type=GENE-IN-PWY&object=MGI:1277964 HTTP/1.1" 500 - "-" "Mozilla/5.0 (compatible; Googlebot/2.1; +http://www.google.com/bot.html)"
66.249.72.225 - googlebot(at)googlebot.com [12/Feb/2008:17:06:48] "GET /MOUSE/NEW-IMAGE?type=GENE-IN-PWY&object=MGI:1915013 HTTP/1.1" 200 - "-" "Mozilla/5.0 (compatible; Googlebot/2.1; +http://www.google.com/bot.html)"
66.249.72.225 - googlebot(at)googlebot.com [12/Feb/2008:17:06:53] "GET /MOUSE/NEW-IMAGE?type=GENE-IN-PWY&object=MGI:1914451 HTTP/1.1" 500 - "-" "Mozilla/5.0 (compatible; Googlebot/2.1; +http://www.google.com/bot.html)"
66.249.72.225 - googlebot(at)googlebot.com [12/Feb/2008:17:06:59] "GET /MOUSE/NEW-IMAGE?object=Sulfide-Oxidation HTTP/1.1" 200 - "-" "Mozilla/5.0 (compatible; Googlebot/2.1; +http://www.google.com/bot.html)"
66.249.72.225 - googlebot(at)googlebot.com [12/Feb/2008:17:13:27] "GET /MOUSE/NEW-IMAGE?object=Polar-amino-acids HTTP/1.1" 200 - "-" "Mozilla/5.0 (compatible; Googlebot/2.1; +http://www.google.com/bot.html)"
66.249.72.225 - - [12/Feb/2008:17:19:17] "GET /MOUSE/NEW-IMAGE?type=GENE-IN-PWY&object=MGI:1915230 HTTP/1.1" 0 - "-" -
66.249.72.225 - googlebot(at)googlebot.com [12/Feb/2008:17:19:17] "GET /MOUSE/NEW-IMAGE?object=Lysophospholipids HTTP/1.1" 200 - "-" "Mozilla/5.0 (compatible; Googlebot/2.1; +http://www.google.com/bot.html)"
66.249.72.225 - googlebot(at)googlebot.com [12/Feb/2008:17:19:17] "GET /MOUSE/NEW-IMAGE?object=Lysophospholipids HTTP/1.1" 200 - "-" "Mozilla/5.0 (compatible; Googlebot/2.1; +http://www.google.com/bot.html)"
66.249.72.225 - googlebot(at)googlebot.com [12/Feb/2008:17:19:17] "GET /MOUSE/NEW-IMAGE?object=Lysophospholipids HTTP/1.1" 200 - "-" "Mozilla/5.0 (compatible; Googlebot/2.1; +http://www.google.com/bot.html)"
66.249.72.225 - googlebot(at)googlebot.com [12/Feb/2008:17:19:58] "GET /MOUSE/NEW-IMAGE?object=Sulfite-Oxidation HTTP/1.1" 200 - "-" "Mozilla/5.0 (compatible; Googlebot/2.1; +http://www.google.com/bot.html)"
160.36.225.199 - - [12/Feb/2008:17:20:14] "GET / HTTP/1.1" 200 - "http://www.biocyc.org/" "Mozilla/5.0 (Windows; U; Windows NT 5.1; en-US; rv:1.8.1.1) Gecko/20061204 Firefox/2.0.0.1"
160.36.225.199 - - [12/Feb/2008:17:20:14] "GET /style.css HTTP/1.1" 200 - "http://mousecyc.jax.org/" "Mozilla/5.0 (Windows; U; Windows NT 5.1; en-US; rv:1.8.1.1) Gecko/20061204 Firefox/2.0.0.1"
160.36.225.199 - - [12/Feb/2008:17:20:28] "GET /overLIB/overlib.js HTTP/1.1" 200 - "http://mousecyc.jax.org/" "Mozilla/5.0 (Windows; U; Windows NT 5.1; en-US; rv:1.8.1.1) Gecko/20061204 Firefox/2.0.0.1"
160.36.225.199 - - [12/Feb/2008:17:20:30] "GET /overLIB/overlib_exclusive.js HTTP/1.1" 200 - "http://mousecyc.jax.org/" "Mozilla/5.0 (Windows; U; Windows NT 5.1; en-US; rv:1.8.1.1) Gecko/20061204 Firefox/2.0.0.1"
160.36.225.199 - - [12/Feb/2008:17:20:34] "GET /overLIB/overlib_positioncap.js HTTP/1.1" 200 - "http://mousecyc.jax.org/" "Mozilla/5.0 (Windows; U; Windows NT 5.1; en-US; rv:1.8.1.1) Gecko/20061204 Firefox/2.0.0.1"
160.36.225.199 - - [12/Feb/2008:17:20:36] "GET /overLIB/overlib_centerpopup.js HTTP/1.1" 200 - "http://mousecyc.jax.org/" "Mozilla/5.0 (Windows; U; Windows NT 5.1; en-US; rv:1.8.1.1) Gecko/20061204 Firefox/2.0.0.1"
160.36.225.199 - - [12/Feb/2008:17:20:38] "GET /button-help-half.gif HTTP/1.1" 200 902 "http://mousecyc.jax.org/" "Mozilla/5.0 (Windows; U; Windows NT 5.1; en-US; rv:1.8.1.1) Gecko/20061204 Firefox/2.0.0.1"
160.36.225.199 - - [12/Feb/2008:17:20:40] "GET /googleLogo_25wht.gif HTTP/1.1" 200 1607 "http://mousecyc.jax.org/" "Mozilla/5.0 (Windows; U; Windows NT 5.1; en-US; rv:1.8.1.1) Gecko/20061204 Firefox/2.0.0.1"
160.36.225.199 - - [12/Feb/2008:17:20:46] "GET /ov-button.jpg HTTP/1.1" 200 37664 "http://mousecyc.jax.org/" "Mozilla/5.0 (Windows; U; Windows NT 5.1; en-US; rv:1.8.1.1) Gecko/20061204 Firefox/2.0.0.1"
66.249.72.225 - - [12/Feb/2008:17:22:26] "GET /MOUSE/NEW-IMAGE?type=GENE-IN-PWY&object=MGI:1913421 HTTP/1.1" 0 - "-" -
66.249.72.225 - - [12/Feb/2008:17:25:36] "GET /MOUSE/NEW-IMAGE?type=GENE-IN-PWY&object=MGI:1915391 HTTP/1.1" 0 - "-" -
66.249.72.225 - googlebot(at)googlebot.com [12/Feb/2008:17:25:45] "GET /MOUSE/NEW-IMAGE?type=GENE-IN-PWY&object=MGI:1277964 HTTP/1.1" 500 - "-" "Mozilla/5.0 (compatible; Googlebot/2.1; +http://www.google.com/bot.html)"
66.249.72.225 - googlebot(at)googlebot.com [12/Feb/2008:17:25:52] "GET /MOUSE/NEW-IMAGE?type=GENE-IN-PWY&object=MGI:1914451 HTTP/1.1" 500 - "-" "Mozilla/5.0 (compatible; Googlebot/2.1; +http://www.google.com/bot.html)"
66.249.72.225 - googlebot(at)googlebot.com [12/Feb/2008:17:26:26] "GET /MOUSE/NEW-IMAGE?object=Hexose-phosphates HTTP/1.1" 200 - "-" "Mozilla/5.0 (compatible; Googlebot/2.1; +http://www.google.com/bot.html)"
66.249.72.225 - googlebot(at)googlebot.com [12/Feb/2008:17:32:55] "GET /MOUSE/NEW-IMAGE?object=Modified-Proteins HTTP/1.1" 400 - "-" "Mozilla/5.0 (compatible; Googlebot/2.1; +http://www.google.com/bot.html)"
66.249.72.225 - googlebot(at)googlebot.com [12/Feb/2008:17:33:19] "GET /MOUSE/NEW-IMAGE?object=Sulfate-Reduction HTTP/1.1" 200 - "-" "Mozilla/5.0 (compatible; Googlebot/2.1; +http://www.google.com/bot.html)"
66.249.72.225 - - [12/Feb/2008:17:35:06] "GET /MOUSE/NEW-IMAGE?type=GENE-IN-PWY&object=MGI:1915230 HTTP/1.1" 0 - "-" -
66.249.72.225 - - [12/Feb/2008:17:38:16] "GET /MOUSE/NEW-IMAGE?type=GENE-IN-PWY&object=MGI:1913421 HTTP/1.1" 0 - "-" -
66.249.72.225 - googlebot(at)googlebot.com [12/Feb/2008:17:38:23] "GET /MOUSE/NEW-IMAGE?type=GENE-IN-PWY&object=MGI:1914451 HTTP/1.1" 500 - "-" "Mozilla/5.0 (compatible; Googlebot/2.1; +http://www.google.com/bot.html)"
160.36.225.199 - - [12/Feb/2008:17:39:57] "GET /MOUSE/expression.html HTTP/1.1" 200 - "http://mousecyc.jax.org/" "Mozilla/5.0 (Windows; U; Windows NT 5.1; en-US; rv:1.8.1.1) Gecko/20061204 Firefox/2.0.0.1"
160.36.225.199 - - [12/Feb/2008:17:39:57] "GET /style.css HTTP/1.1" 200 - "http://mousecyc.jax.org/MOUSE/expression.html" "Mozilla/5.0 (Windows; U; Windows NT 5.1; en-US; rv:1.8.1.1) Gecko/20061204 Firefox/2.0.0.1"
209.222.204.105 - - [13/Feb/2008:09:27:53] "GET /MOUSE/class-tree?object=Pathways HTTP/1.1" 200 - "-" "Mozilla/5.0 (Windows; U; Windows NT 5.1; en-US; rv:1.8.1.12) Gecko/20080201 Firefox/2.0.0.12"
209.222.204.105 - - [13/Feb/2008:09:27:53] "GET /style.css HTTP/1.1" 200 - "http://mousecyc.jax.org/MOUSE/class-tree?object=Pathways" "Mozilla/5.0 (Windows; U; Windows NT 5.1; en-US; rv:1.8.1.12) Gecko/20080201 Firefox/2.0.0.12"
209.222.204.105 - - [13/Feb/2008:09:27:53] "GET /Treeview/ua.js HTTP/1.1" 200 - "http://mousecyc.jax.org/MOUSE/class-tree?object=Pathways" "Mozilla/5.0 (Windows; U; Windows NT 5.1; en-US; rv:1.8.1.12) Gecko/20080201 Firefox/2.0.0.12"
209.222.204.105 - - [13/Feb/2008:09:27:53] "GET /Treeview/ftiens4.js HTTP/1.1" 200 - "http://mousecyc.jax.org/MOUSE/class-tree?object=Pathways" "Mozilla/5.0 (Windows; U; Windows NT 5.1; en-US; rv:1.8.1.12) Gecko/20080201 Firefox/2.0.0.12"
209.222.204.105 - - [13/Feb/2008:09:27:53] "EOF" 0 - "-" -
209.222.204.105 - - [13/Feb/2008:09:27:53] "GET /Treeview/ftv2doc.gif HTTP/1.1" 200 199 "http://mousecyc.jax.org/MOUSE/class-tree?object=Pathways" "Mozilla/5.0 (Windows; U; Windows NT 5.1; en-US; rv:1.8.1.12) Gecko/20080201 Firefox/2.0.0.12"
209.222.204.105 - - [13/Feb/2008:09:27:53] "GET /Treeview/ftv2vertline.gif HTTP/1.1" 200 140 "http://mousecyc.jax.org/MOUSE/class-tree?object=Pathways" "Mozilla/5.0 (Windows; U; Windows NT 5.1; en-US; rv:1.8.1.12) Gecko/20080201 Firefox/2.0.0.12"
209.222.204.105 - - [13/Feb/2008:09:27:53] "GET /Treeview/ftv2plastnode.gif HTTP/1.1" 200 130 "http://mousecyc.jax.org/MOUSE/class-tree?object=Pathways" "Mozilla/5.0 (Windows; U; Windows NT 5.1; en-US; rv:1.8.1.12) Gecko/20080201 Firefox/2.0.0.12"
209.222.204.105 - - [13/Feb/2008:09:27:53] "GET /Treeview/ftv2pnode.gif HTTP/1.1" 200 133 "http://mousecyc.jax.org/MOUSE/class-tree?object=Pathways" "Mozilla/5.0 (Windows; U; Windows NT 5.1; en-US; rv:1.8.1.12) Gecko/20080201 Firefox/2.0.0.12"
209.222.204.105 - - [13/Feb/2008:09:27:53] "GET /Treeview/ftv2blank.gif HTTP/1.1" 200 135 "http://mousecyc.jax.org/MOUSE/class-tree?object=Pathways" "Mozilla/5.0 (Windows; U; Windows NT 5.1; en-US; rv:1.8.1.12) Gecko/20080201 Firefox/2.0.0.12"
209.222.204.105 - - [13/Feb/2008:09:28:30] "GET /Treeview/ftv2mnode.gif HTTP/1.1" 200 97 "http://mousecyc.jax.org/MOUSE/class-tree?object=Pathways" "Mozilla/5.0 (Windows; U; Windows NT 5.1; en-US; rv:1.8.1.12) Gecko/20080201 Firefox/2.0.0.12"
209.222.204.105 - - [13/Feb/2008:09:28:30] "GET /Treeview/ftv2lastnode.gif HTTP/1.1" 200 142 "http://mousecyc.jax.org/MOUSE/class-tree?object=Pathways" "Mozilla/5.0 (Windows; U; Windows NT 5.1; en-US; rv:1.8.1.12) Gecko/20080201 Firefox/2.0.0.12"
209.222.204.105 - - [13/Feb/2008:09:28:30] "GET /Treeview/ftv2mlastnode.gif HTTP/1.1" 200 125 "http://mousecyc.jax.org/MOUSE/class-tree?object=Pathways" "Mozilla/5.0 (Windows; U; Windows NT 5.1; en-US; rv:1.8.1.12) Gecko/20080201 Firefox/2.0.0.12"
209.222.204.105 - - [13/Feb/2008:09:28:52] "GET /MOUSE/server.html? HTTP/1.1" 200 - "http://mousecyc.jax.org/MOUSE/class-tree?object=Pathways" "Mozilla/5.0 (Windows; U; Windows NT 5.1; en-US; rv:1.8.1.12) Gecko/20080201 Firefox/2.0.0.12"
209.222.204.105 - - [13/Feb/2008:09:28:52] "GET /style.css HTTP/1.1" 200 - "http://mousecyc.jax.org/MOUSE/server.html?" "Mozilla/5.0 (Windows; U; Windows NT 5.1; en-US; rv:1.8.1.12) Gecko/20080201 Firefox/2.0.0.12"
209.222.204.105 - - [13/Feb/2008:09:28:52] "GET /overLIB/overlib.js HTTP/1.1" 200 - "http://mousecyc.jax.org/MOUSE/server.html?" "Mozilla/5.0 (Windows; U; Windows NT 5.1; en-US; rv:1.8.1.12) Gecko/20080201 Firefox/2.0.0.12"
209.222.204.105 - - [13/Feb/2008:09:28:52] "GET /overLIB/overlib_exclusive.js HTTP/1.1" 200 - "http://mousecyc.jax.org/MOUSE/server.html?" "Mozilla/5.0 (Windows; U; Windows NT 5.1; en-US; rv:1.8.1.12) Gecko/20080201 Firefox/2.0.0.12"
209.222.204.105 - - [13/Feb/2008:09:28:52] "GET /overLIB/overlib_positioncap.js HTTP/1.1" 200 - "http://mousecyc.jax.org/MOUSE/server.html?" "Mozilla/5.0 (Windows; U; Windows NT 5.1; en-US; rv:1.8.1.12) Gecko/20080201 Firefox/2.0.0.12"
209.222.204.105 - - [13/Feb/2008:09:28:52] "GET /overLIB/overlib_centerpopup.js HTTP/1.1" 200 - "http://mousecyc.jax.org/MOUSE/server.html?" "Mozilla/5.0 (Windows; U; Windows NT 5.1; en-US; rv:1.8.1.12) Gecko/20080201 Firefox/2.0.0.12"
209.222.204.105 - - [13/Feb/2008:09:28:52] "GET /button-help-half.gif HTTP/1.1" 200 902 "http://mousecyc.jax.org/MOUSE/server.html?" "Mozilla/5.0 (Windows; U; Windows NT 5.1; en-US; rv:1.8.1.12) Gecko/20080201 Firefox/2.0.0.12"
209.222.204.105 - - [13/Feb/2008:09:28:52] "GET /googleLogo_25wht.gif HTTP/1.1" 200 1607 "http://mousecyc.jax.org/MOUSE/server.html?" "Mozilla/5.0 (Windows; U; Windows NT 5.1; en-US; rv:1.8.1.12) Gecko/20080201 Firefox/2.0.0.12"
209.222.204.105 - - [13/Feb/2008:09:28:52] "GET /ov-button.jpg HTTP/1.1" 200 37664 "http://mousecyc.jax.org/MOUSE/server.html?" "Mozilla/5.0 (Windows; U; Windows NT 5.1; en-US; rv:1.8.1.12) Gecko/20080201 Firefox/2.0.0.12"
66.249.72.225 - googlebot(at)googlebot.com [13/Feb/2008:09:32:08] "GET /robots.txt HTTP/1.1" 200 - "-" "Mozilla/5.0 (compatible; Googlebot/2.1; +http://www.google.com/bot.html)"
66.249.72.225 - googlebot(at)googlebot.com [13/Feb/2008:09:32:08] "GET /MOUSE/NEW-IMAGE?object=6-alpha-D--1-4-alpha-D-Glucano--Glucan HTTP/1.1" 200 - "-" "Mozilla/5.0 (compatible; Googlebot/2.1; +http://www.google.com/bot.html)"
66.249.72.225 - googlebot(at)googlebot.com [13/Feb/2008:09:40:34] "GET /MOUSE/NEW-IMAGE?type=PATHWAY&object=PWY-1882 HTTP/1.1" 200 - "-" "Mozilla/5.0 (compatible; Googlebot/2.1; +http://www.google.com/bot.html)"
66.249.72.225 - googlebot(at)googlebot.com [13/Feb/2008:09:48:59] "GET /MOUSE/NEW-IMAGE?type=GENE-IN-PWY&object=MGI:94876 HTTP/1.1" 200 - "-" "Mozilla/5.0 (compatible; Googlebot/2.1; +http://www.google.com/bot.html)"
209.222.209.208 - - [13/Feb/2008:09:53:53] "GET / HTTP/1.1" 200 - "http://firien.informatics.jax.org/pathways.shtml" "Mozilla/5.0 (Macintosh; U; Intel Mac OS X; en-US; rv:1.8.1.12) Gecko/20080201 Firefox/2.0.0.12"
209.222.209.208 - - [13/Feb/2008:09:53:53] "GET /style.css HTTP/1.1" 200 - "http://mousecyc.jax.org/" "Mozilla/5.0 (Macintosh; U; Intel Mac OS X; en-US; rv:1.8.1.12) Gecko/20080201 Firefox/2.0.0.12"
209.222.209.208 - - [13/Feb/2008:09:53:53] "GET /overLIB/overlib.js HTTP/1.1" 200 - "http://mousecyc.jax.org/" "Mozilla/5.0 (Macintosh; U; Intel Mac OS X; en-US; rv:1.8.1.12) Gecko/20080201 Firefox/2.0.0.12"
209.222.209.208 - - [13/Feb/2008:09:53:53] "GET /overLIB/overlib_exclusive.js HTTP/1.1" 200 - "http://mousecyc.jax.org/" "Mozilla/5.0 (Macintosh; U; Intel Mac OS X; en-US; rv:1.8.1.12) Gecko/20080201 Firefox/2.0.0.12"
209.222.209.208 - - [13/Feb/2008:09:53:53] "GET /overLIB/overlib_positioncap.js HTTP/1.1" 200 - "http://mousecyc.jax.org/" "Mozilla/5.0 (Macintosh; U; Intel Mac OS X; en-US; rv:1.8.1.12) Gecko/20080201 Firefox/2.0.0.12"
209.222.209.208 - - [13/Feb/2008:09:53:53] "GET /overLIB/overlib_centerpopup.js HTTP/1.1" 200 - "http://mousecyc.jax.org/" "Mozilla/5.0 (Macintosh; U; Intel Mac OS X; en-US; rv:1.8.1.12) Gecko/20080201 Firefox/2.0.0.12"
209.222.209.208 - - [13/Feb/2008:09:53:53] "GET /button-help-half.gif HTTP/1.1" 200 902 "http://mousecyc.jax.org/" "Mozilla/5.0 (Macintosh; U; Intel Mac OS X; en-US; rv:1.8.1.12) Gecko/20080201 Firefox/2.0.0.12"
209.222.209.208 - - [13/Feb/2008:09:53:53] "GET /googleLogo_25wht.gif HTTP/1.1" 200 1607 "http://mousecyc.jax.org/" "Mozilla/5.0 (Macintosh; U; Intel Mac OS X; en-US; rv:1.8.1.12) Gecko/20080201 Firefox/2.0.0.12"
209.222.209.208 - - [13/Feb/2008:09:53:53] "GET /ov-button.jpg HTTP/1.1" 200 37664 "http://mousecyc.jax.org/" "Mozilla/5.0 (Macintosh; U; Intel Mac OS X; en-US; rv:1.8.1.12) Gecko/20080201 Firefox/2.0.0.12"
209.222.209.208 - - [13/Feb/2008:09:53:53] "GET /favicon.ico HTTP/1.1" 404 - "-" "Mozilla/5.0 (Macintosh; U; Intel Mac OS X; en-US; rv:1.8.1.12) Gecko/20080201 Firefox/2.0.0.12"
209.222.209.208 - - [13/Feb/2008:09:55:01] "GET /MOUSE/class-tree?object=Pathways HTTP/1.1" 200 - "http://firien.informatics.jax.org/faq/BP_allpath.shtml" "Mozilla/5.0 (Macintosh; U; Intel Mac OS X; en-US; rv:1.8.1.12) Gecko/20080201 Firefox/2.0.0.12"
209.222.209.208 - - [13/Feb/2008:09:55:01] "GET /style.css HTTP/1.1" 200 - "http://mousecyc.jax.org/MOUSE/class-tree?object=Pathways" "Mozilla/5.0 (Macintosh; U; Intel Mac OS X; en-US; rv:1.8.1.12) Gecko/20080201 Firefox/2.0.0.12"
209.222.209.208 - - [13/Feb/2008:09:55:01] "GET /Treeview/ua.js HTTP/1.1" 200 - "http://mousecyc.jax.org/MOUSE/class-tree?object=Pathways" "Mozilla/5.0 (Macintosh; U; Intel Mac OS X; en-US; rv:1.8.1.12) Gecko/20080201 Firefox/2.0.0.12"
209.222.209.208 - - [13/Feb/2008:09:55:01] "GET /Treeview/ftiens4.js HTTP/1.1" 200 - "http://mousecyc.jax.org/MOUSE/class-tree?object=Pathways" "Mozilla/5.0 (Macintosh; U; Intel Mac OS X; en-US; rv:1.8.1.12) Gecko/20080201 Firefox/2.0.0.12"
209.222.209.208 - - [13/Feb/2008:09:55:01] "GET /Treeview/ftv2doc.gif HTTP/1.1" 200 199 "http://mousecyc.jax.org/MOUSE/class-tree?object=Pathways" "Mozilla/5.0 (Macintosh; U; Intel Mac OS X; en-US; rv:1.8.1.12) Gecko/20080201 Firefox/2.0.0.12"
209.222.209.208 - - [13/Feb/2008:09:55:01] "GET /Treeview/ftv2vertline.gif HTTP/1.1" 200 140 "http://mousecyc.jax.org/MOUSE/class-tree?object=Pathways" "Mozilla/5.0 (Macintosh; U; Intel Mac OS X; en-US; rv:1.8.1.12) Gecko/20080201 Firefox/2.0.0.12"
209.222.209.208 - - [13/Feb/2008:09:55:01] "GET /Treeview/ftv2plastnode.gif HTTP/1.1" 200 130 "http://mousecyc.jax.org/MOUSE/class-tree?object=Pathways" "Mozilla/5.0 (Macintosh; U; Intel Mac OS X; en-US; rv:1.8.1.12) Gecko/20080201 Firefox/2.0.0.12"
209.222.209.208 - - [13/Feb/2008:09:55:01] "GET /Treeview/ftv2pnode.gif HTTP/1.1" 200 133 "http://mousecyc.jax.org/MOUSE/class-tree?object=Pathways" "Mozilla/5.0 (Macintosh; U; Intel Mac OS X; en-US; rv:1.8.1.12) Gecko/20080201 Firefox/2.0.0.12"
209.222.209.208 - - [13/Feb/2008:09:55:01] "GET /Treeview/ftv2blank.gif HTTP/1.1" 200 135 "http://mousecyc.jax.org/MOUSE/class-tree?object=Pathways" "Mozilla/5.0 (Macintosh; U; Intel Mac OS X; en-US; rv:1.8.1.12) Gecko/20080201 Firefox/2.0.0.12"
209.222.209.208 - - [13/Feb/2008:09:56:29] "GET / HTTP/1.1" 200 - "http://firien.informatics.jax.org/faq/BP_comp.shtml" "Mozilla/5.0 (Macintosh; U; Intel Mac OS X; en-US; rv:1.8.1.12) Gecko/20080201 Firefox/2.0.0.12"
209.222.209.208 - - [13/Feb/2008:09:56:29] "GET /style.css HTTP/1.1" 200 - "http://mousecyc.jax.org/" "Mozilla/5.0 (Macintosh; U; Intel Mac OS X; en-US; rv:1.8.1.12) Gecko/20080201 Firefox/2.0.0.12"
209.222.209.208 - - [13/Feb/2008:09:56:29] "GET /overLIB/overlib.js HTTP/1.1" 200 - "http://mousecyc.jax.org/" "Mozilla/5.0 (Macintosh; U; Intel Mac OS X; en-US; rv:1.8.1.12) Gecko/20080201 Firefox/2.0.0.12"
209.222.209.208 - - [13/Feb/2008:09:56:29] "GET /overLIB/overlib_exclusive.js HTTP/1.1" 200 - "http://mousecyc.jax.org/" "Mozilla/5.0 (Macintosh; U; Intel Mac OS X; en-US; rv:1.8.1.12) Gecko/20080201 Firefox/2.0.0.12"
209.222.209.208 - - [13/Feb/2008:09:56:29] "GET /overLIB/overlib_positioncap.js HTTP/1.1" 200 - "http://mousecyc.jax.org/" "Mozilla/5.0 (Macintosh; U; Intel Mac OS X; en-US; rv:1.8.1.12) Gecko/20080201 Firefox/2.0.0.12"
209.222.209.208 - - [13/Feb/2008:09:56:29] "GET /overLIB/overlib_centerpopup.js HTTP/1.1" 200 - "http://mousecyc.jax.org/" "Mozilla/5.0 (Macintosh; U; Intel Mac OS X; en-US; rv:1.8.1.12) Gecko/20080201 Firefox/2.0.0.12"
209.222.209.208 - - [13/Feb/2008:09:56:29] "GET /button-help-half.gif HTTP/1.1" 200 902 "http://mousecyc.jax.org/" "Mozilla/5.0 (Macintosh; U; Intel Mac OS X; en-US; rv:1.8.1.12) Gecko/20080201 Firefox/2.0.0.12"
209.222.209.208 - - [13/Feb/2008:09:56:29] "GET /googleLogo_25wht.gif HTTP/1.1" 200 1607 "http://mousecyc.jax.org/" "Mozilla/5.0 (Macintosh; U; Intel Mac OS X; en-US; rv:1.8.1.12) Gecko/20080201 Firefox/2.0.0.12"
209.222.209.208 - - [13/Feb/2008:09:56:29] "GET /ov-button.jpg HTTP/1.1" 200 37664 "http://mousecyc.jax.org/" "Mozilla/5.0 (Macintosh; U; Intel Mac OS X; en-US; rv:1.8.1.12) Gecko/20080201 Firefox/2.0.0.12"
209.222.209.208 - - [13/Feb/2008:09:56:43] "GET /MOUSE/NEW-IMAGE?type=COMPOUND&object=ATP HTTP/1.1" 200 - "http://firien.informatics.jax.org/faq/BP_comp.shtml" "Mozilla/5.0 (Macintosh; U; Intel Mac OS X; en-US; rv:1.8.1.12) Gecko/20080201 Firefox/2.0.0.12"
209.222.209.208 - - [13/Feb/2008:09:56:43] "GET /style.css HTTP/1.1" 200 - "http://mousecyc.jax.org/MOUSE/NEW-IMAGE?type=COMPOUND&object=ATP" "Mozilla/5.0 (Macintosh; U; Intel Mac OS X; en-US; rv:1.8.1.12) Gecko/20080201 Firefox/2.0.0.12"
209.222.209.208 - - [13/Feb/2008:09:56:43] "GET /overLIB/overlib.js HTTP/1.1" 200 - "http://mousecyc.jax.org/MOUSE/NEW-IMAGE?type=COMPOUND&object=ATP" "Mozilla/5.0 (Macintosh; U; Intel Mac OS X; en-US; rv:1.8.1.12) Gecko/20080201 Firefox/2.0.0.12"
209.222.209.208 - - [13/Feb/2008:09:56:43] "GET /overLIB/overlib_exclusive.js HTTP/1.1" 200 - "http://mousecyc.jax.org/MOUSE/NEW-IMAGE?type=COMPOUND&object=ATP" "Mozilla/5.0 (Macintosh; U; Intel Mac OS X; en-US; rv:1.8.1.12) Gecko/20080201 Firefox/2.0.0.12"
209.222.209.208 - - [13/Feb/2008:09:56:43] "GET /overLIB/overlib_positioncap.js HTTP/1.1" 200 - "http://mousecyc.jax.org/MOUSE/NEW-IMAGE?type=COMPOUND&object=ATP" "Mozilla/5.0 (Macintosh; U; Intel Mac OS X; en-US; rv:1.8.1.12) Gecko/20080201 Firefox/2.0.0.12"
209.222.209.208 - - [13/Feb/2008:09:56:43] "GET /overLIB/overlib_centerpopup.js HTTP/1.1" 200 - "http://mousecyc.jax.org/MOUSE/NEW-IMAGE?type=COMPOUND&object=ATP" "Mozilla/5.0 (Macintosh; U; Intel Mac OS X; en-US; rv:1.8.1.12) Gecko/20080201 Firefox/2.0.0.12"
209.222.209.208 - - [13/Feb/2008:09:56:43] "GET /tmp/YP176.gif HTTP/1.1" 200 1064 "http://mousecyc.jax.org/MOUSE/NEW-IMAGE?type=COMPOUND&object=ATP" "Mozilla/5.0 (Macintosh; U; Intel Mac OS X; en-US; rv:1.8.1.12) Gecko/20080201 Firefox/2.0.0.12"
209.222.209.208 - - [13/Feb/2008:09:57:24] "GET /expression.html HTTP/1.1" 200 - "http://firien.informatics.jax.org/faq/BP_expr.shtml" "Mozilla/5.0 (Macintosh; U; Intel Mac OS X; en-US; rv:1.8.1.12) Gecko/20080201 Firefox/2.0.0.12"
209.222.209.208 - - [13/Feb/2008:09:57:24] "GET /style.css HTTP/1.1" 200 - "http://mousecyc.jax.org/expression.html" "Mozilla/5.0 (Macintosh; U; Intel Mac OS X; en-US; rv:1.8.1.12) Gecko/20080201 Firefox/2.0.0.12"
66.249.72.225 - googlebot(at)googlebot.com [13/Feb/2008:09:57:26] "GET /MOUSE/NEW-IMAGE?type=GENE-IN-PWY&object=MGI:2442093 HTTP/1.1" 200 - "-" "Mozilla/5.0 (compatible; Googlebot/2.1; +http://www.google.com/bot.html)"
209.222.209.208 - - [13/Feb/2008:09:57:54] "GET / HTTP/1.1" 200 - "http://firien.informatics.jax.org/faq/BP_path.shtml" "Mozilla/5.0 (Macintosh; U; Intel Mac OS X; en-US; rv:1.8.1.12) Gecko/20080201 Firefox/2.0.0.12"
209.222.209.208 - - [13/Feb/2008:09:57:54] "GET /style.css HTTP/1.1" 200 - "http://mousecyc.jax.org/" "Mozilla/5.0 (Macintosh; U; Intel Mac OS X; en-US; rv:1.8.1.12) Gecko/20080201 Firefox/2.0.0.12"
209.222.209.208 - - [13/Feb/2008:09:57:54] "GET /overLIB/overlib.js HTTP/1.1" 200 - "http://mousecyc.jax.org/" "Mozilla/5.0 (Macintosh; U; Intel Mac OS X; en-US; rv:1.8.1.12) Gecko/20080201 Firefox/2.0.0.12"
209.222.209.208 - - [13/Feb/2008:09:57:54] "GET /overLIB/overlib_exclusive.js HTTP/1.1" 200 - "http://mousecyc.jax.org/" "Mozilla/5.0 (Macintosh; U; Intel Mac OS X; en-US; rv:1.8.1.12) Gecko/20080201 Firefox/2.0.0.12"
209.222.209.208 - - [13/Feb/2008:09:57:54] "GET /overLIB/overlib_positioncap.js HTTP/1.1" 200 - "http://mousecyc.jax.org/" "Mozilla/5.0 (Macintosh; U; Intel Mac OS X; en-US; rv:1.8.1.12) Gecko/20080201 Firefox/2.0.0.12"
209.222.209.208 - - [13/Feb/2008:09:57:54] "GET /overLIB/overlib_centerpopup.js HTTP/1.1" 200 - "http://mousecyc.jax.org/" "Mozilla/5.0 (Macintosh; U; Intel Mac OS X; en-US; rv:1.8.1.12) Gecko/20080201 Firefox/2.0.0.12"
209.222.209.208 - - [13/Feb/2008:09:57:54] "GET /button-help-half.gif HTTP/1.1" 200 902 "http://mousecyc.jax.org/" "Mozilla/5.0 (Macintosh; U; Intel Mac OS X; en-US; rv:1.8.1.12) Gecko/20080201 Firefox/2.0.0.12"
209.222.209.208 - - [13/Feb/2008:09:57:54] "GET /googleLogo_25wht.gif HTTP/1.1" 200 1607 "http://mousecyc.jax.org/" "Mozilla/5.0 (Macintosh; U; Intel Mac OS X; en-US; rv:1.8.1.12) Gecko/20080201 Firefox/2.0.0.12"
209.222.209.208 - - [13/Feb/2008:09:57:54] "GET /ov-button.jpg HTTP/1.1" 200 37664 "http://mousecyc.jax.org/" "Mozilla/5.0 (Macintosh; U; Intel Mac OS X; en-US; rv:1.8.1.12) Gecko/20080201 Firefox/2.0.0.12"
209.222.209.208 - - [13/Feb/2008:09:58:01] "GET /comp-genomics? HTTP/1.1" 200 - "http://firien.informatics.jax.org/faq/BP_path.shtml" "Mozilla/5.0 (Macintosh; U; Intel Mac OS X; en-US; rv:1.8.1.12) Gecko/20080201 Firefox/2.0.0.12"
209.222.209.208 - - [13/Feb/2008:09:58:01] "GET /style.css HTTP/1.1" 200 - "http://mousecyc.jax.org/comp-genomics?" "Mozilla/5.0 (Macintosh; U; Intel Mac OS X; en-US; rv:1.8.1.12) Gecko/20080201 Firefox/2.0.0.12"
66.249.72.225 - googlebot(at)googlebot.com [13/Feb/2008:10:05:52] "GET /MOUSE/NEW-IMAGE?object=Polyamine-Biosynthesis HTTP/1.1" 200 - "-" "Mozilla/5.0 (compatible; Googlebot/2.1; +http://www.google.com/bot.html)"
66.249.72.225 - googlebot(at)googlebot.com [13/Feb/2008:10:14:16] "GET /MOUSE/NEW-IMAGE?type=PATHWAY&object=THIOREDOX-PWY HTTP/1.1" 200 - "-" "Mozilla/5.0 (compatible; Googlebot/2.1; +http://www.google.com/bot.html)"
66.249.72.225 - googlebot(at)googlebot.com [13/Feb/2008:10:22:44] "GET /MOUSE/NEW-IMAGE?type=GENE-IN-PWY&object=MGI:2183102 HTTP/1.1" 200 - "-" "Mozilla/5.0 (compatible; Googlebot/2.1; +http://www.google.com/bot.html)"
66.249.72.225 - googlebot(at)googlebot.com [13/Feb/2008:10:31:10] "GET /MOUSE/NEW-IMAGE?object=Donor-H2 HTTP/1.1" 200 - "-" "Mozilla/5.0 (compatible; Googlebot/2.1; +http://www.google.com/bot.html)"
66.249.72.225 - googlebot(at)googlebot.com [13/Feb/2008:10:39:42] "GET /MOUSE/NEW-IMAGE?type=GENE-IN-PWY&object=MGI:95485 HTTP/1.1" 200 - "-" "Mozilla/5.0 (compatible; Googlebot/2.1; +http://www.google.com/bot.html)"
209.222.209.216 - - [13/Feb/2008:10:39:57] "GET / HTTP/1.1" 200 - "http://prodwww.informatics.jax.org/mgihome/homepages/software.shtml" "Mozilla/5.0 (Windows; U; Windows NT 5.1; en-US; rv:1.8.1.12) Gecko/20080201 Firefox/2.0.0.12"
209.222.209.216 - - [13/Feb/2008:10:39:57] "GET /style.css HTTP/1.1" 200 - "http://mousecyc.jax.org/" "Mozilla/5.0 (Windows; U; Windows NT 5.1; en-US; rv:1.8.1.12) Gecko/20080201 Firefox/2.0.0.12"
209.222.209.216 - - [13/Feb/2008:10:39:57] "GET /overLIB/overlib.js HTTP/1.1" 200 - "http://mousecyc.jax.org/" "Mozilla/5.0 (Windows; U; Windows NT 5.1; en-US; rv:1.8.1.12) Gecko/20080201 Firefox/2.0.0.12"
209.222.209.216 - - [13/Feb/2008:10:39:57] "GET /overLIB/overlib_exclusive.js HTTP/1.1" 200 - "http://mousecyc.jax.org/" "Mozilla/5.0 (Windows; U; Windows NT 5.1; en-US; rv:1.8.1.12) Gecko/20080201 Firefox/2.0.0.12"
209.222.209.216 - - [13/Feb/2008:10:39:57] "GET /overLIB/overlib_positioncap.js HTTP/1.1" 200 - "http://mousecyc.jax.org/" "Mozilla/5.0 (Windows; U; Windows NT 5.1; en-US; rv:1.8.1.12) Gecko/20080201 Firefox/2.0.0.12"
209.222.209.216 - - [13/Feb/2008:10:39:57] "GET /overLIB/overlib_centerpopup.js HTTP/1.1" 200 - "http://mousecyc.jax.org/" "Mozilla/5.0 (Windows; U; Windows NT 5.1; en-US; rv:1.8.1.12) Gecko/20080201 Firefox/2.0.0.12"
209.222.209.216 - - [13/Feb/2008:10:39:58] "GET /button-help-half.gif HTTP/1.1" 200 902 "http://mousecyc.jax.org/" "Mozilla/5.0 (Windows; U; Windows NT 5.1; en-US; rv:1.8.1.12) Gecko/20080201 Firefox/2.0.0.12"
209.222.209.216 - - [13/Feb/2008:10:39:58] "GET /googleLogo_25wht.gif HTTP/1.1" 200 1607 "http://mousecyc.jax.org/" "Mozilla/5.0 (Windows; U; Windows NT 5.1; en-US; rv:1.8.1.12) Gecko/20080201 Firefox/2.0.0.12"
209.222.209.216 - - [13/Feb/2008:10:39:58] "GET /ov-button.jpg HTTP/1.1" 200 37664 "http://mousecyc.jax.org/" "Mozilla/5.0 (Windows; U; Windows NT 5.1; en-US; rv:1.8.1.12) Gecko/20080201 Firefox/2.0.0.12"
209.222.209.216 - - [13/Feb/2008:10:39:58] "GET /favicon.ico HTTP/1.1" 404 - "-" "Mozilla/5.0 (Windows; U; Windows NT 5.1; en-US; rv:1.8.1.12) Gecko/20080201 Firefox/2.0.0.12"
10.150.1.80 - - [13/Feb/2008:10:45:13] "GET / HTTP/1.1" 200 - "http://prodwww.informatics.jax.org/mgihome/homepages/" "Mozilla/5.0 (Windows; U; Windows NT 5.1; en-US; rv:1.8.1.12) Gecko/20080201 Firefox/2.0.0.12"
10.150.1.80 - - [13/Feb/2008:10:45:14] "GET /style.css HTTP/1.1" 200 - "http://mousecyc.jax.org/" "Mozilla/5.0 (Windows; U; Windows NT 5.1; en-US; rv:1.8.1.12) Gecko/20080201 Firefox/2.0.0.12"
10.150.1.80 - - [13/Feb/2008:10:45:14] "GET /overLIB/overlib.js HTTP/1.1" 200 - "http://mousecyc.jax.org/" "Mozilla/5.0 (Windows; U; Windows NT 5.1; en-US; rv:1.8.1.12) Gecko/20080201 Firefox/2.0.0.12"
10.150.1.80 - - [13/Feb/2008:10:45:14] "GET /overLIB/overlib_exclusive.js HTTP/1.1" 200 - "http://mousecyc.jax.org/" "Mozilla/5.0 (Windows; U; Windows NT 5.1; en-US; rv:1.8.1.12) Gecko/20080201 Firefox/2.0.0.12"
10.150.1.80 - - [13/Feb/2008:10:45:14] "GET /overLIB/overlib_positioncap.js HTTP/1.1" 200 - "http://mousecyc.jax.org/" "Mozilla/5.0 (Windows; U; Windows NT 5.1; en-US; rv:1.8.1.12) Gecko/20080201 Firefox/2.0.0.12"
10.150.1.80 - - [13/Feb/2008:10:45:14] "GET /overLIB/overlib_centerpopup.js HTTP/1.1" 200 - "http://mousecyc.jax.org/" "Mozilla/5.0 (Windows; U; Windows NT 5.1; en-US; rv:1.8.1.12) Gecko/20080201 Firefox/2.0.0.12"
10.150.1.80 - - [13/Feb/2008:10:45:14] "GET /button-help-half.gif HTTP/1.1" 200 902 "http://mousecyc.jax.org/" "Mozilla/5.0 (Windows; U; Windows NT 5.1; en-US; rv:1.8.1.12) Gecko/20080201 Firefox/2.0.0.12"
10.150.1.80 - - [13/Feb/2008:10:45:14] "GET /googleLogo_25wht.gif HTTP/1.1" 200 1607 "http://mousecyc.jax.org/" "Mozilla/5.0 (Windows; U; Windows NT 5.1; en-US; rv:1.8.1.12) Gecko/20080201 Firefox/2.0.0.12"
10.150.1.80 - - [13/Feb/2008:10:45:15] "GET /ov-button.jpg HTTP/1.1" 200 37664 "http://mousecyc.jax.org/" "Mozilla/5.0 (Windows; U; Windows NT 5.1; en-US; rv:1.8.1.12) Gecko/20080201 Firefox/2.0.0.12"
10.150.1.80 - - [13/Feb/2008:10:45:15] "GET /favicon.ico HTTP/1.1" 404 - "-" "Mozilla/5.0 (Windows; U; Windows NT 5.1; en-US; rv:1.8.1.12) Gecko/20080201 Firefox/2.0.0.12"
66.249.72.225 - googlebot(at)googlebot.com [13/Feb/2008:10:48:03] "GET /MOUSE/NEW-IMAGE?type=PATHWAY&object=HOMOCYSDEGR-PWY HTTP/1.1" 200 - "-" "Mozilla/5.0 (compatible; Googlebot/2.1; +http://www.google.com/bot.html)"
66.249.72.225 - googlebot(at)googlebot.com [13/Feb/2008:10:56:27] "GET /MOUSE/NEW-IMAGE?type=REACTION&object=RXN-7711 HTTP/1.1" 200 - "-" "Mozilla/5.0 (compatible; Googlebot/2.1; +http://www.google.com/bot.html)"
66.249.72.225 - googlebot(at)googlebot.com [13/Feb/2008:11:04:53] "GET /MOUSE/NEW-IMAGE?object=ASPARAGINE-SYN HTTP/1.1" 200 - "-" "Mozilla/5.0 (compatible; Googlebot/2.1; +http://www.google.com/bot.html)"
66.249.72.225 - googlebot(at)googlebot.com [13/Feb/2008:11:13:19] "GET /MOUSE/NEW-IMAGE?type=COMPOUND-IN-PATHWAY&object=GUANINE HTTP/1.1" 200 - "-" "Mozilla/5.0 (compatible; Googlebot/2.1; +http://www.google.com/bot.html)"
