209.222.209.238 - - [14/Feb/2008:11:35:43] "GET /Treeview/ftiens4.js HTTP/1.1" 200 - "http://mousecyc.jax.org/MOUSE/class-tree?object=Pathways" "Mozilla/4.0 (compatible; MSIE 6.0; Windows NT 5.1; SV1; .NET CLR 1.1.4322; .NET CLR 2.0.50727; InfoPath.1)"
209.222.209.238 - - [14/Feb/2008:11:35:45] "EOF" 0 - "-" -
0.0.0.0 - - [14/Feb/2008:11:35:45] "GET /Treeview/ftv2folderclosed.gif HTTP/1.1" 0 - "http://mousecyc.jax.org/MOUSE/class-tree?object=Pathways" "Mozilla/4.0 (compatible; MSIE 6.0; Windows NT 5.1; SV1; .NET CLR 1.1.4322; .NET CLR 2.0.50727; InfoPath.1)"
0.0.0.0 - - [14/Feb/2008:11:35:45] "GET /Treeview/ftv2folderopen.gif HTTP/1.1" 0 - "http://mousecyc.jax.org/MOUSE/class-tree?object=Pathways" "Mozilla/4.0 (compatible; MSIE 6.0; Windows NT 5.1; SV1; .NET CLR 1.1.4322; .NET CLR 2.0.50727; InfoPath.1)"
0.0.0.0 - - [14/Feb/2008:11:35:45] "GET /Treeview/ftv2doc.gif HTTP/1.1" 0 - "http://mousecyc.jax.org/MOUSE/class-tree?object=Pathways" "Mozilla/4.0 (compatible; MSIE 6.0; Windows NT 5.1; SV1; .NET CLR 1.1.4322; .NET CLR 2.0.50727; InfoPath.1)"
209.222.209.238 - - [14/Feb/2008:11:35:45] "GET /Treeview/ftv2blank.gif HTTP/1.1" 200 135 "http://mousecyc.jax.org/MOUSE/class-tree?object=Pathways" "Mozilla/4.0 (compatible; MSIE 6.0; Windows NT 5.1; SV1; .NET CLR 1.1.4322; .NET CLR 2.0.50727; InfoPath.1)"
209.222.209.238 - - [14/Feb/2008:11:35:45] "GET /Treeview/ftv2plastnode.gif HTTP/1.1" 200 130 "http://mousecyc.jax.org/MOUSE/class-tree?object=Pathways" "Mozilla/4.0 (compatible; MSIE 6.0; Windows NT 5.1; SV1; .NET CLR 1.1.4322; .NET CLR 2.0.50727; InfoPath.1)"
209.222.209.238 - - [14/Feb/2008:11:35:47] "GET /Treeview/ftv2vertline.gif HTTP/1.1" 200 140 "http://mousecyc.jax.org/MOUSE/class-tree?object=Pathways" "Mozilla/4.0 (compatible; MSIE 6.0; Windows NT 5.1; SV1; .NET CLR 1.1.4322; .NET CLR 2.0.50727; InfoPath.1)"
209.222.209.238 - - [14/Feb/2008:11:35:47] "GET /Treeview/ftv2pnode.gif HTTP/1.1" 200 133 "http://mousecyc.jax.org/MOUSE/class-tree?object=Pathways" "Mozilla/4.0 (compatible; MSIE 6.0; Windows NT 5.1; SV1; .NET CLR 1.1.4322; .NET CLR 2.0.50727; InfoPath.1)"
209.222.209.238 - - [14/Feb/2008:11:35:53] "GET /Treeview/ftv2mnode.gif HTTP/1.1" 200 97 "http://mousecyc.jax.org/MOUSE/class-tree?object=Pathways" "Mozilla/4.0 (compatible; MSIE 6.0; Windows NT 5.1; SV1; .NET CLR 1.1.4322; .NET CLR 2.0.50727; InfoPath.1)"
209.222.209.238 - - [14/Feb/2008:11:35:53] "GET /Treeview/ftv2vertline.gif HTTP/1.1" 200 140 "http://mousecyc.jax.org/MOUSE/class-tree?object=Pathways" "Mozilla/4.0 (compatible; MSIE 6.0; Windows NT 5.1; SV1; .NET CLR 1.1.4322; .NET CLR 2.0.50727; InfoPath.1)"
0.0.0.0 - - [14/Feb/2008:11:35:53] "GET /Treeview/ftv2plastnode.gif HTTP/1.1" 0 - "http://mousecyc.jax.org/MOUSE/class-tree?object=Pathways" "Mozilla/4.0 (compatible; MSIE 6.0; Windows NT 5.1; SV1; .NET CLR 1.1.4322; .NET CLR 2.0.50727; InfoPath.1)"
209.222.209.238 - - [14/Feb/2008:11:35:53] "GET /Treeview/ftv2blank.gif HTTP/1.1" 200 135 "http://mousecyc.jax.org/MOUSE/class-tree?object=Pathways" "Mozilla/4.0 (compatible; MSIE 6.0; Windows NT 5.1; SV1; .NET CLR 1.1.4322; .NET CLR 2.0.50727; InfoPath.1)"
209.222.209.238 - - [14/Feb/2008:11:35:53] "GET /Treeview/ftv2vertline.gif HTTP/1.1" 200 140 "http://mousecyc.jax.org/MOUSE/class-tree?object=Pathways" "Mozilla/4.0 (compatible; MSIE 6.0; Windows NT 5.1; SV1; .NET CLR 1.1.4322; .NET CLR 2.0.50727; InfoPath.1)"
209.222.209.238 - - [14/Feb/2008:11:35:55] "GET /Treeview/ftv2vertline.gif HTTP/1.1" 200 140 "http://mousecyc.jax.org/MOUSE/class-tree?object=Pathways" "Mozilla/4.0 (compatible; MSIE 6.0; Windows NT 5.1; SV1; .NET CLR 1.1.4322; .NET CLR 2.0.50727; InfoPath.1)"
209.222.209.238 - - [14/Feb/2008:11:35:55] "GET /Treeview/ftv2vertline.gif HTTP/1.1" 200 140 "http://mousecyc.jax.org/MOUSE/class-tree?object=Pathways" "Mozilla/4.0 (compatible; MSIE 6.0; Windows NT 5.1; SV1; .NET CLR 1.1.4322; .NET CLR 2.0.50727; InfoPath.1)"
209.222.209.238 - - [14/Feb/2008:11:35:55] "GET /Treeview/ftv2vertline.gif HTTP/1.1" 200 140 "http://mousecyc.jax.org/MOUSE/class-tree?object=Pathways" "Mozilla/4.0 (compatible; MSIE 6.0; Windows NT 5.1; SV1; .NET CLR 1.1.4322; .NET CLR 2.0.50727; InfoPath.1)"
209.222.209.238 - - [14/Feb/2008:11:35:55] "GET /Treeview/ftv2vertline.gif HTTP/1.1" 200 140 "http://mousecyc.jax.org/MOUSE/class-tree?object=Pathways" "Mozilla/4.0 (compatible; MSIE 6.0; Windows NT 5.1; SV1; .NET CLR 1.1.4322; .NET CLR 2.0.50727; InfoPath.1)"
209.222.209.238 - - [14/Feb/2008:11:35:57] "GET /Treeview/ftv2vertline.gif HTTP/1.1" 200 140 "http://mousecyc.jax.org/MOUSE/class-tree?object=Pathways" "Mozilla/4.0 (compatible; MSIE 6.0; Windows NT 5.1; SV1; .NET CLR 1.1.4322; .NET CLR 2.0.50727; InfoPath.1)"
209.222.209.238 - - [14/Feb/2008:11:35:57] "GET /Treeview/ftv2vertline.gif HTTP/1.1" 200 140 "http://mousecyc.jax.org/MOUSE/class-tree?object=Pathways" "Mozilla/4.0 (compatible; MSIE 6.0; Windows NT 5.1; SV1; .NET CLR 1.1.4322; .NET CLR 2.0.50727; InfoPath.1)"
209.222.209.238 - - [14/Feb/2008:11:35:57] "GET /Treeview/ftv2blank.gif HTTP/1.1" 200 135 "http://mousecyc.jax.org/MOUSE/class-tree?object=Pathways" "Mozilla/4.0 (compatible; MSIE 6.0; Windows NT 5.1; SV1; .NET CLR 1.1.4322; .NET CLR 2.0.50727; InfoPath.1)"
209.222.209.238 - - [14/Feb/2008:11:35:59] "GET /Treeview/ftv2vertline.gif HTTP/1.1" 200 140 "http://mousecyc.jax.org/MOUSE/class-tree?object=Pathways" "Mozilla/4.0 (compatible; MSIE 6.0; Windows NT 5.1; SV1; .NET CLR 1.1.4322; .NET CLR 2.0.50727; InfoPath.1)"
209.222.209.238 - - [14/Feb/2008:11:35:59] "GET /Treeview/ftv2vertline.gif HTTP/1.1" 200 140 "http://mousecyc.jax.org/MOUSE/class-tree?object=Pathways" "Mozilla/4.0 (compatible; MSIE 6.0; Windows NT 5.1; SV1; .NET CLR 1.1.4322; .NET CLR 2.0.50727; InfoPath.1)"
209.222.209.238 - - [14/Feb/2008:11:35:59] "GET /Treeview/ftv2blank.gif HTTP/1.1" 200 135 "http://mousecyc.jax.org/MOUSE/class-tree?object=Pathways" "Mozilla/4.0 (compatible; MSIE 6.0; Windows NT 5.1; SV1; .NET CLR 1.1.4322; .NET CLR 2.0.50727; InfoPath.1)"
209.222.209.238 - - [14/Feb/2008:11:35:59] "GET /Treeview/ftv2blank.gif HTTP/1.1" 200 135 "http://mousecyc.jax.org/MOUSE/class-tree?object=Pathways" "Mozilla/4.0 (compatible; MSIE 6.0; Windows NT 5.1; SV1; .NET CLR 1.1.4322; .NET CLR 2.0.50727; InfoPath.1)"
209.222.209.227 - - [14/Feb/2008:11:36:01] "GET / HTTP/1.1" 200 - "http://prodwww.informatics.jax.org/faq/BP_path.shtml" "Mozilla/5.0 (Windows; U; Windows NT 5.0; en-US; rv:1.8.1.12) Gecko/20080201 Firefox/2.0.0.12"
209.222.209.238 - - [14/Feb/2008:11:36:01] "GET /Treeview/ftv2vertline.gif HTTP/1.1" 200 140 "http://mousecyc.jax.org/MOUSE/class-tree?object=Pathways" "Mozilla/4.0 (compatible; MSIE 6.0; Windows NT 5.1; SV1; .NET CLR 1.1.4322; .NET CLR 2.0.50727; InfoPath.1)"
209.222.209.238 - - [14/Feb/2008:11:36:01] "GET /Treeview/ftv2vertline.gif HTTP/1.1" 200 140 "http://mousecyc.jax.org/MOUSE/class-tree?object=Pathways" "Mozilla/4.0 (compatible; MSIE 6.0; Windows NT 5.1; SV1; .NET CLR 1.1.4322; .NET CLR 2.0.50727; InfoPath.1)"
209.222.209.238 - - [14/Feb/2008:11:36:01] "GET /Treeview/ftv2blank.gif HTTP/1.1" 200 135 "http://mousecyc.jax.org/MOUSE/class-tree?object=Pathways" "Mozilla/4.0 (compatible; MSIE 6.0; Windows NT 5.1; SV1; .NET CLR 1.1.4322; .NET CLR 2.0.50727; InfoPath.1)"
209.222.209.238 - - [14/Feb/2008:11:36:01] "GET /Treeview/ftv2vertline.gif HTTP/1.1" 200 140 "http://mousecyc.jax.org/MOUSE/class-tree?object=Pathways" "Mozilla/4.0 (compatible; MSIE 6.0; Windows NT 5.1; SV1; .NET CLR 1.1.4322; .NET CLR 2.0.50727; InfoPath.1)"
209.222.209.227 - - [14/Feb/2008:11:36:01] "GET /style.css HTTP/1.1" 200 - "http://mousecyc.jax.org/" "Mozilla/5.0 (Windows; U; Windows NT 5.0; en-US; rv:1.8.1.12) Gecko/20080201 Firefox/2.0.0.12"
209.222.209.238 - - [14/Feb/2008:11:36:03] "GET /Treeview/ftv2vertline.gif HTTP/1.1" 200 140 "http://mousecyc.jax.org/MOUSE/class-tree?object=Pathways" "Mozilla/4.0 (compatible; MSIE 6.0; Windows NT 5.1; SV1; .NET CLR 1.1.4322; .NET CLR 2.0.50727; InfoPath.1)"
209.222.209.238 - - [14/Feb/2008:11:36:03] "GET /Treeview/ftv2blank.gif HTTP/1.1" 200 135 "http://mousecyc.jax.org/MOUSE/class-tree?object=Pathways" "Mozilla/4.0 (compatible; MSIE 6.0; Windows NT 5.1; SV1; .NET CLR 1.1.4322; .NET CLR 2.0.50727; InfoPath.1)"
209.222.209.238 - - [14/Feb/2008:11:36:03] "GET /Treeview/ftv2vertline.gif HTTP/1.1" 200 140 "http://mousecyc.jax.org/MOUSE/class-tree?object=Pathways" "Mozilla/4.0 (compatible; MSIE 6.0; Windows NT 5.1; SV1; .NET CLR 1.1.4322; .NET CLR 2.0.50727; InfoPath.1)"
209.222.209.238 - - [14/Feb/2008:11:36:03] "GET /Treeview/ftv2vertline.gif HTTP/1.1" 200 140 "http://mousecyc.jax.org/MOUSE/class-tree?object=Pathways" "Mozilla/4.0 (compatible; MSIE 6.0; Windows NT 5.1; SV1; .NET CLR 1.1.4322; .NET CLR 2.0.50727; InfoPath.1)"
209.222.209.238 - - [14/Feb/2008:11:36:05] "GET /Treeview/ftv2blank.gif HTTP/1.1" 200 135 "http://mousecyc.jax.org/MOUSE/class-tree?object=Pathways" "Mozilla/4.0 (compatible; MSIE 6.0; Windows NT 5.1; SV1; .NET CLR 1.1.4322; .NET CLR 2.0.50727; InfoPath.1)"
209.222.209.238 - - [14/Feb/2008:11:36:05] "GET /Treeview/ftv2vertline.gif HTTP/1.1" 200 140 "http://mousecyc.jax.org/MOUSE/class-tree?object=Pathways" "Mozilla/4.0 (compatible; MSIE 6.0; Windows NT 5.1; SV1; .NET CLR 1.1.4322; .NET CLR 2.0.50727; InfoPath.1)"
209.222.209.238 - - [14/Feb/2008:11:36:05] "GET /Treeview/ftv2vertline.gif HTTP/1.1" 200 140 "http://mousecyc.jax.org/MOUSE/class-tree?object=Pathways" "Mozilla/4.0 (compatible; MSIE 6.0; Windows NT 5.1; SV1; .NET CLR 1.1.4322; .NET CLR 2.0.50727; InfoPath.1)"
209.222.209.238 - - [14/Feb/2008:11:36:05] "GET /Treeview/ftv2blank.gif HTTP/1.1" 200 135 "http://mousecyc.jax.org/MOUSE/class-tree?object=Pathways" "Mozilla/4.0 (compatible; MSIE 6.0; Windows NT 5.1; SV1; .NET CLR 1.1.4322; .NET CLR 2.0.50727; InfoPath.1)"
209.222.209.238 - - [14/Feb/2008:11:36:07] "GET /Treeview/ftv2vertline.gif HTTP/1.1" 200 140 "http://mousecyc.jax.org/MOUSE/class-tree?object=Pathways" "Mozilla/4.0 (compatible; MSIE 6.0; Windows NT 5.1; SV1; .NET CLR 1.1.4322; .NET CLR 2.0.50727; InfoPath.1)"
209.222.209.238 - - [14/Feb/2008:11:36:07] "GET /Treeview/ftv2vertline.gif HTTP/1.1" 200 140 "http://mousecyc.jax.org/MOUSE/class-tree?object=Pathways" "Mozilla/4.0 (compatible; MSIE 6.0; Windows NT 5.1; SV1; .NET CLR 1.1.4322; .NET CLR 2.0.50727; InfoPath.1)"
209.222.209.238 - - [14/Feb/2008:11:36:07] "GET /Treeview/ftv2blank.gif HTTP/1.1" 200 135 "http://mousecyc.jax.org/MOUSE/class-tree?object=Pathways" "Mozilla/4.0 (compatible; MSIE 6.0; Windows NT 5.1; SV1; .NET CLR 1.1.4322; .NET CLR 2.0.50727; InfoPath.1)"
209.222.209.238 - - [14/Feb/2008:11:36:07] "GET /Treeview/ftv2vertline.gif HTTP/1.1" 200 140 "http://mousecyc.jax.org/MOUSE/class-tree?object=Pathways" "Mozilla/4.0 (compatible; MSIE 6.0; Windows NT 5.1; SV1; .NET CLR 1.1.4322; .NET CLR 2.0.50727; InfoPath.1)"
209.222.209.238 - - [14/Feb/2008:11:36:09] "GET /Treeview/ftv2vertline.gif HTTP/1.1" 200 140 "http://mousecyc.jax.org/MOUSE/class-tree?object=Pathways" "Mozilla/4.0 (compatible; MSIE 6.0; Windows NT 5.1; SV1; .NET CLR 1.1.4322; .NET CLR 2.0.50727; InfoPath.1)"
209.222.209.238 - - [14/Feb/2008:11:36:09] "GET /Treeview/ftv2blank.gif HTTP/1.1" 200 135 "http://mousecyc.jax.org/MOUSE/class-tree?object=Pathways" "Mozilla/4.0 (compatible; MSIE 6.0; Windows NT 5.1; SV1; .NET CLR 1.1.4322; .NET CLR 2.0.50727; InfoPath.1)"
209.222.209.238 - - [14/Feb/2008:11:36:09] "GET /Treeview/ftv2vertline.gif HTTP/1.1" 200 140 "http://mousecyc.jax.org/MOUSE/class-tree?object=Pathways" "Mozilla/4.0 (compatible; MSIE 6.0; Windows NT 5.1; SV1; .NET CLR 1.1.4322; .NET CLR 2.0.50727; InfoPath.1)"
209.222.209.238 - - [14/Feb/2008:11:36:09] "GET /Treeview/ftv2vertline.gif HTTP/1.1" 200 140 "http://mousecyc.jax.org/MOUSE/class-tree?object=Pathways" "Mozilla/4.0 (compatible; MSIE 6.0; Windows NT 5.1; SV1; .NET CLR 1.1.4322; .NET CLR 2.0.50727; InfoPath.1)"
209.222.209.227 - - [14/Feb/2008:11:36:11] "GET /overLIB/overlib.js HTTP/1.1" 200 - "http://mousecyc.jax.org/" "Mozilla/5.0 (Windows; U; Windows NT 5.0; en-US; rv:1.8.1.12) Gecko/20080201 Firefox/2.0.0.12"
0.0.0.0 - - [14/Feb/2008:11:36:11] "GET /Treeview/ftv2blank.gif HTTP/1.1" 0 - "http://mousecyc.jax.org/MOUSE/class-tree?object=Pathways" "Mozilla/4.0 (compatible; MSIE 6.0; Windows NT 5.1; SV1; .NET CLR 1.1.4322; .NET CLR 2.0.50727; InfoPath.1)"
0.0.0.0 - - [14/Feb/2008:11:36:11] "GET /Treeview/ftv2mnode.gif HTTP/1.1" 0 - "http://mousecyc.jax.org/MOUSE/class-tree?object=Pathways" "Mozilla/4.0 (compatible; MSIE 6.0; Windows NT 5.1; SV1; .NET CLR 1.1.4322; .NET CLR 2.0.50727; InfoPath.1)"
0.0.0.0 - - [14/Feb/2008:11:36:11] "GET /Treeview/ftv2vertline.gif HTTP/1.1" 0 - "http://mousecyc.jax.org/MOUSE/class-tree?object=Pathways" "Mozilla/4.0 (compatible; MSIE 6.0; Windows NT 5.1; SV1; .NET CLR 1.1.4322; .NET CLR 2.0.50727; InfoPath.1)"
0.0.0.0 - - [14/Feb/2008:11:36:11] "GET /Treeview/ftv2vertline.gif HTTP/1.1" 0 - "http://mousecyc.jax.org/MOUSE/class-tree?object=Pathways" "Mozilla/4.0 (compatible; MSIE 6.0; Windows NT 5.1; SV1; .NET CLR 1.1.4322; .NET CLR 2.0.50727; InfoPath.1)"
209.222.209.227 - - [14/Feb/2008:11:36:14] "GET /overLIB/overlib_exclusive.js HTTP/1.1" 200 - "http://mousecyc.jax.org/" "Mozilla/5.0 (Windows; U; Windows NT 5.0; en-US; rv:1.8.1.12) Gecko/20080201 Firefox/2.0.0.12"
209.222.209.227 - - [14/Feb/2008:11:36:18] "GET /overLIB/overlib_positioncap.js HTTP/1.1" 200 - "http://mousecyc.jax.org/" "Mozilla/5.0 (Windows; U; Windows NT 5.0; en-US; rv:1.8.1.12) Gecko/20080201 Firefox/2.0.0.12"
209.222.209.227 - - [14/Feb/2008:11:36:20] "GET /overLIB/overlib_centerpopup.js HTTP/1.1" 200 - "http://mousecyc.jax.org/" "Mozilla/5.0 (Windows; U; Windows NT 5.0; en-US; rv:1.8.1.12) Gecko/20080201 Firefox/2.0.0.12"
209.222.209.227 - - [14/Feb/2008:11:36:22] "GET /button-help-half.gif HTTP/1.1" 200 902 "http://mousecyc.jax.org/" "Mozilla/5.0 (Windows; U; Windows NT 5.0; en-US; rv:1.8.1.12) Gecko/20080201 Firefox/2.0.0.12"
209.222.209.227 - - [14/Feb/2008:11:36:24] "GET /googleLogo_25wht.gif HTTP/1.1" 200 1607 "http://mousecyc.jax.org/" "Mozilla/5.0 (Windows; U; Windows NT 5.0; en-US; rv:1.8.1.12) Gecko/20080201 Firefox/2.0.0.12"
209.222.209.227 - - [14/Feb/2008:11:36:30] "GET /ov-button.jpg HTTP/1.1" 200 37664 "http://mousecyc.jax.org/" "Mozilla/5.0 (Windows; U; Windows NT 5.0; en-US; rv:1.8.1.12) Gecko/20080201 Firefox/2.0.0.12"
209.222.209.227 - - [14/Feb/2008:11:36:34] "GET /comp-genomics? HTTP/1.1" 200 - "http://mousecyc.jax.org/" "Mozilla/5.0 (Windows; U; Windows NT 5.0; en-US; rv:1.8.1.12) Gecko/20080201 Firefox/2.0.0.12"
209.222.209.227 - - [14/Feb/2008:11:36:36] "GET /style.css HTTP/1.1" 200 - "http://mousecyc.jax.org/comp-genomics?" "Mozilla/5.0 (Windows; U; Windows NT 5.0; en-US; rv:1.8.1.12) Gecko/20080201 Firefox/2.0.0.12"
209.222.209.227 - - [14/Feb/2008:11:37:58] "GET /style.css HTTP/1.1" 200 - "http://mousecyc.jax.org/comp-genomics?tables=pathway&orgid=HUMAN&orgid=MOUSE&orgids=%28HUMAN+MOUSE+%29" "Mozilla/5.0 (Windows; U; Windows NT 5.0; en-US; rv:1.8.1.12) Gecko/20080201 Firefox/2.0.0.12"
209.222.209.227 - - [14/Feb/2008:11:38:06] "GET /comp-genomics?tables=pathway&orgid=HUMAN&orgid=MOUSE&orgids=%28HUMAN+MOUSE+%29 HTTP/1.1" 200 - "http://mousecyc.jax.org/comp-genomics?" "Mozilla/5.0 (Windows; U; Windows NT 5.0; en-US; rv:1.8.1.12) Gecko/20080201 Firefox/2.0.0.12"
209.222.209.238 - - [14/Feb/2008:11:39:00] "GET /button-help-half.gif HTTP/1.1" 200 902 "http://mousecyc.jax.org/" "Mozilla/4.0 (compatible; MSIE 6.0; Windows NT 5.1; SV1; .NET CLR 1.1.4322; .NET CLR 2.0.50727; InfoPath.1)"
209.222.209.238 - - [14/Feb/2008:11:39:00] "GET /googleLogo_25wht.gif HTTP/1.1" 200 1607 "http://mousecyc.jax.org/" "Mozilla/4.0 (compatible; MSIE 6.0; Windows NT 5.1; SV1; .NET CLR 1.1.4322; .NET CLR 2.0.50727; InfoPath.1)"
209.222.209.227 - - [14/Feb/2008:11:39:02] "GET /overLIB/overlib.js HTTP/1.1" 200 - "http://mousecyc.jax.org/comp-genomics?tables=pathway&orgid=HUMAN&orgid=MOUSE&orgids=%28HUMAN+MOUSE+%29" "Mozilla/5.0 (Windows; U; Windows NT 5.0; en-US; rv:1.8.1.12) Gecko/20080201 Firefox/2.0.0.12"
209.222.209.238 - - [14/Feb/2008:11:39:02] "GET /ov-button.jpg HTTP/1.1" 200 37664 "http://mousecyc.jax.org/" "Mozilla/4.0 (compatible; MSIE 6.0; Windows NT 5.1; SV1; .NET CLR 1.1.4322; .NET CLR 2.0.50727; InfoPath.1)"
209.222.209.227 - - [14/Feb/2008:11:39:04] "GET /overLIB/overlib_exclusive.js HTTP/1.1" 200 - "http://mousecyc.jax.org/comp-genomics?tables=pathway&orgid=HUMAN&orgid=MOUSE&orgids=%28HUMAN+MOUSE+%29" "Mozilla/5.0 (Windows; U; Windows NT 5.0; en-US; rv:1.8.1.12) Gecko/20080201 Firefox/2.0.0.12"
209.222.209.227 - - [14/Feb/2008:11:39:16] "GET /overLIB/overlib_positioncap.js HTTP/1.1" 200 - "http://mousecyc.jax.org/comp-genomics?tables=pathway&orgid=HUMAN&orgid=MOUSE&orgids=%28HUMAN+MOUSE+%29" "Mozilla/5.0 (Windows; U; Windows NT 5.0; en-US; rv:1.8.1.12) Gecko/20080201 Firefox/2.0.0.12"
209.222.209.227 - - [14/Feb/2008:11:39:18] "GET /overLIB/overlib_centerpopup.js HTTP/1.1" 200 - "http://mousecyc.jax.org/comp-genomics?tables=pathway&orgid=HUMAN&orgid=MOUSE&orgids=%28HUMAN+MOUSE+%29" "Mozilla/5.0 (Windows; U; Windows NT 5.0; en-US; rv:1.8.1.12) Gecko/20080201 Firefox/2.0.0.12"
209.222.209.238 - - [14/Feb/2008:11:39:32] "GET / HTTP/1.1" 200 - "-" "Mozilla/4.0 (compatible; MSIE 6.0; Windows NT 5.1; SV1; .NET CLR 1.1.4322; .NET CLR 2.0.50727; InfoPath.1)"
209.222.209.238 - - [14/Feb/2008:11:39:32] "GET /style.css HTTP/1.1" 200 - "http://mousecyc.jax.org/" "Mozilla/4.0 (compatible; MSIE 6.0; Windows NT 5.1; SV1; .NET CLR 1.1.4322; .NET CLR 2.0.50727; InfoPath.1)"
209.222.209.238 - - [14/Feb/2008:11:39:44] "GET /overLIB/overlib.js HTTP/1.1" 200 - "http://mousecyc.jax.org/" "Mozilla/4.0 (compatible; MSIE 6.0; Windows NT 5.1; SV1; .NET CLR 1.1.4322; .NET CLR 2.0.50727; InfoPath.1)"
209.222.209.238 - - [14/Feb/2008:11:39:46] "GET /overLIB/overlib_exclusive.js HTTP/1.1" 200 - "http://mousecyc.jax.org/" "Mozilla/4.0 (compatible; MSIE 6.0; Windows NT 5.1; SV1; .NET CLR 1.1.4322; .NET CLR 2.0.50727; InfoPath.1)"
209.222.209.238 - - [14/Feb/2008:11:39:50] "GET /overLIB/overlib_positioncap.js HTTP/1.1" 200 - "http://mousecyc.jax.org/" "Mozilla/4.0 (compatible; MSIE 6.0; Windows NT 5.1; SV1; .NET CLR 1.1.4322; .NET CLR 2.0.50727; InfoPath.1)"
209.222.209.238 - - [14/Feb/2008:11:39:52] "GET /overLIB/overlib_centerpopup.js HTTP/1.1" 200 - "http://mousecyc.jax.org/" "Mozilla/4.0 (compatible; MSIE 6.0; Windows NT 5.1; SV1; .NET CLR 1.1.4322; .NET CLR 2.0.50727; InfoPath.1)"
209.222.209.238 - - [14/Feb/2008:11:39:54] "GET /button-help-half.gif HTTP/1.1" 200 902 "http://mousecyc.jax.org/" "Mozilla/4.0 (compatible; MSIE 6.0; Windows NT 5.1; SV1; .NET CLR 1.1.4322; .NET CLR 2.0.50727; InfoPath.1)"
209.222.209.238 - - [14/Feb/2008:11:39:54] "GET /googleLogo_25wht.gif HTTP/1.1" 200 1607 "http://mousecyc.jax.org/" "Mozilla/4.0 (compatible; MSIE 6.0; Windows NT 5.1; SV1; .NET CLR 1.1.4322; .NET CLR 2.0.50727; InfoPath.1)"
209.222.209.238 - - [14/Feb/2008:11:39:56] "GET /ov-button.jpg HTTP/1.1" 200 37664 "http://mousecyc.jax.org/" "Mozilla/4.0 (compatible; MSIE 6.0; Windows NT 5.1; SV1; .NET CLR 1.1.4322; .NET CLR 2.0.50727; InfoPath.1)"
209.222.209.238 - - [14/Feb/2008:11:40:00] "GET /Treeview/ua.js HTTP/1.1" 200 - "http://mousecyc.jax.org/MOUSE/class-tree?object=Pathways" "Mozilla/4.0 (compatible; MSIE 6.0; Windows NT 5.1; SV1; .NET CLR 1.1.4322; .NET CLR 2.0.50727; InfoPath.1)"
209.222.209.238 - - [14/Feb/2008:11:40:00] "GET /style.css HTTP/1.1" 200 - "http://mousecyc.jax.org/MOUSE/class-tree?object=Pathways" "Mozilla/4.0 (compatible; MSIE 6.0; Windows NT 5.1; SV1; .NET CLR 1.1.4322; .NET CLR 2.0.50727; InfoPath.1)"
209.222.209.238 - - [14/Feb/2008:11:40:08] "GET /MOUSE/class-tree?object=Pathways HTTP/1.1" 200 - "http://mousecyc.jax.org/" "Mozilla/4.0 (compatible; MSIE 6.0; Windows NT 5.1; SV1; .NET CLR 1.1.4322; .NET CLR 2.0.50727; InfoPath.1)"
209.222.209.238 - - [14/Feb/2008:11:40:10] "GET /Treeview/ftiens4.js HTTP/1.1" 200 - "http://mousecyc.jax.org/MOUSE/class-tree?object=Pathways" "Mozilla/4.0 (compatible; MSIE 6.0; Windows NT 5.1; SV1; .NET CLR 1.1.4322; .NET CLR 2.0.50727; InfoPath.1)"
0.0.0.0 - - [14/Feb/2008:11:40:12] "GET /Treeview/ftv2mlastnode.gif HTTP/1.1" 0 - "http://mousecyc.jax.org/MOUSE/class-tree?object=Pathways" "Mozilla/4.0 (compatible; MSIE 6.0; Windows NT 5.1; SV1; .NET CLR 1.1.4322; .NET CLR 2.0.50727; InfoPath.1)"
0.0.0.0 - - [14/Feb/2008:11:40:12] "GET /Treeview/ftv2mnode.gif HTTP/1.1" 0 - "http://mousecyc.jax.org/MOUSE/class-tree?object=Pathways" "Mozilla/4.0 (compatible; MSIE 6.0; Windows NT 5.1; SV1; .NET CLR 1.1.4322; .NET CLR 2.0.50727; InfoPath.1)"
0.0.0.0 - - [14/Feb/2008:11:40:12] "GET /Treeview/ftv2plastnode.gif HTTP/1.1" 0 - "http://mousecyc.jax.org/MOUSE/class-tree?object=Pathways" "Mozilla/4.0 (compatible; MSIE 6.0; Windows NT 5.1; SV1; .NET CLR 1.1.4322; .NET CLR 2.0.50727; InfoPath.1)"
0.0.0.0 - - [14/Feb/2008:11:40:12] "GET /Treeview/ftv2pnode.gif HTTP/1.1" 0 - "http://mousecyc.jax.org/MOUSE/class-tree?object=Pathways" "Mozilla/4.0 (compatible; MSIE 6.0; Windows NT 5.1; SV1; .NET CLR 1.1.4322; .NET CLR 2.0.50727; InfoPath.1)"
0.0.0.0 - - [14/Feb/2008:11:40:12] "GET /Treeview/ftv2blank.gif HTTP/1.1" 0 - "http://mousecyc.jax.org/MOUSE/class-tree?object=Pathways" "Mozilla/4.0 (compatible; MSIE 6.0; Windows NT 5.1; SV1; .NET CLR 1.1.4322; .NET CLR 2.0.50727; InfoPath.1)"
0.0.0.0 - - [14/Feb/2008:11:40:12] "GET /Treeview/ftv2lastnode.gif HTTP/1.1" 0 - "http://mousecyc.jax.org/MOUSE/class-tree?object=Pathways" "Mozilla/4.0 (compatible; MSIE 6.0; Windows NT 5.1; SV1; .NET CLR 1.1.4322; .NET CLR 2.0.50727; InfoPath.1)"
209.222.209.238 - - [14/Feb/2008:11:40:14] "GET /Treeview/ftv2plastnode.gif HTTP/1.1" 200 130 "http://mousecyc.jax.org/MOUSE/class-tree?object=Pathways" "Mozilla/4.0 (compatible; MSIE 6.0; Windows NT 5.1; SV1; .NET CLR 1.1.4322; .NET CLR 2.0.50727; InfoPath.1)"
209.222.209.238 - - [14/Feb/2008:11:40:14] "GET /Treeview/ftv2blank.gif HTTP/1.1" 200 135 "http://mousecyc.jax.org/MOUSE/class-tree?object=Pathways" "Mozilla/4.0 (compatible; MSIE 6.0; Windows NT 5.1; SV1; .NET CLR 1.1.4322; .NET CLR 2.0.50727; InfoPath.1)"
209.222.209.238 - - [14/Feb/2008:11:40:14] "GET /Treeview/ftv2pnode.gif HTTP/1.1" 200 133 "http://mousecyc.jax.org/MOUSE/class-tree?object=Pathways" "Mozilla/4.0 (compatible; MSIE 6.0; Windows NT 5.1; SV1; .NET CLR 1.1.4322; .NET CLR 2.0.50727; InfoPath.1)"
209.222.209.238 - - [14/Feb/2008:11:40:14] "GET /Treeview/ftv2vertline.gif HTTP/1.1" 200 140 "http://mousecyc.jax.org/MOUSE/class-tree?object=Pathways" "Mozilla/4.0 (compatible; MSIE 6.0; Windows NT 5.1; SV1; .NET CLR 1.1.4322; .NET CLR 2.0.50727; InfoPath.1)"
209.222.209.238 - - [14/Feb/2008:11:40:18] "GET /Treeview/ftv2mnode.gif HTTP/1.1" 200 97 "http://mousecyc.jax.org/MOUSE/class-tree?object=Pathways" "Mozilla/4.0 (compatible; MSIE 6.0; Windows NT 5.1; SV1; .NET CLR 1.1.4322; .NET CLR 2.0.50727; InfoPath.1)"
209.222.209.238 - - [14/Feb/2008:11:40:18] "GET /Treeview/ftv2vertline.gif HTTP/1.1" 200 140 "http://mousecyc.jax.org/MOUSE/class-tree?object=Pathways" "Mozilla/4.0 (compatible; MSIE 6.0; Windows NT 5.1; SV1; .NET CLR 1.1.4322; .NET CLR 2.0.50727; InfoPath.1)"
209.222.209.238 - - [14/Feb/2008:11:40:18] "GET /Treeview/ftv2plastnode.gif HTTP/1.1" 200 130 "http://mousecyc.jax.org/MOUSE/class-tree?object=Pathways" "Mozilla/4.0 (compatible; MSIE 6.0; Windows NT 5.1; SV1; .NET CLR 1.1.4322; .NET CLR 2.0.50727; InfoPath.1)"
209.222.209.238 - - [14/Feb/2008:11:40:18] "GET /Treeview/ftv2blank.gif HTTP/1.1" 200 135 "http://mousecyc.jax.org/MOUSE/class-tree?object=Pathways" "Mozilla/4.0 (compatible; MSIE 6.0; Windows NT 5.1; SV1; .NET CLR 1.1.4322; .NET CLR 2.0.50727; InfoPath.1)"
209.222.209.238 - - [14/Feb/2008:11:40:20] "GET /Treeview/ftv2vertline.gif HTTP/1.1" 200 140 "http://mousecyc.jax.org/MOUSE/class-tree?object=Pathways" "Mozilla/4.0 (compatible; MSIE 6.0; Windows NT 5.1; SV1; .NET CLR 1.1.4322; .NET CLR 2.0.50727; InfoPath.1)"
209.222.209.238 - - [14/Feb/2008:11:40:20] "GET /Treeview/ftv2pnode.gif HTTP/1.1" 200 133 "http://mousecyc.jax.org/MOUSE/class-tree?object=Pathways" "Mozilla/4.0 (compatible; MSIE 6.0; Windows NT 5.1; SV1; .NET CLR 1.1.4322; .NET CLR 2.0.50727; InfoPath.1)"
209.222.209.238 - - [14/Feb/2008:11:40:20] "GET /Treeview/ftv2vertline.gif HTTP/1.1" 200 140 "http://mousecyc.jax.org/MOUSE/class-tree?object=Pathways" "Mozilla/4.0 (compatible; MSIE 6.0; Windows NT 5.1; SV1; .NET CLR 1.1.4322; .NET CLR 2.0.50727; InfoPath.1)"
209.222.209.238 - - [14/Feb/2008:11:40:20] "GET /Treeview/ftv2blank.gif HTTP/1.1" 200 135 "http://mousecyc.jax.org/MOUSE/class-tree?object=Pathways" "Mozilla/4.0 (compatible; MSIE 6.0; Windows NT 5.1; SV1; .NET CLR 1.1.4322; .NET CLR 2.0.50727; InfoPath.1)"
209.222.209.238 - - [14/Feb/2008:11:40:28] "GET /Treeview/ftv2vertline.gif HTTP/1.1" 200 140 "http://mousecyc.jax.org/MOUSE/class-tree?object=Pathways" "Mozilla/4.0 (compatible; MSIE 6.0; Windows NT 5.1; SV1; .NET CLR 1.1.4322; .NET CLR 2.0.50727; InfoPath.1)"
209.222.209.238 - - [14/Feb/2008:11:40:28] "GET /Treeview/ftv2pnode.gif HTTP/1.1" 200 133 "http://mousecyc.jax.org/MOUSE/class-tree?object=Pathways" "Mozilla/4.0 (compatible; MSIE 6.0; Windows NT 5.1; SV1; .NET CLR 1.1.4322; .NET CLR 2.0.50727; InfoPath.1)"
209.222.209.238 - - [14/Feb/2008:11:40:28] "GET /Treeview/ftv2vertline.gif HTTP/1.1" 200 140 "http://mousecyc.jax.org/MOUSE/class-tree?object=Pathways" "Mozilla/4.0 (compatible; MSIE 6.0; Windows NT 5.1; SV1; .NET CLR 1.1.4322; .NET CLR 2.0.50727; InfoPath.1)"
209.222.209.238 - - [14/Feb/2008:11:40:28] "GET /Treeview/ftv2blank.gif HTTP/1.1" 200 135 "http://mousecyc.jax.org/MOUSE/class-tree?object=Pathways" "Mozilla/4.0 (compatible; MSIE 6.0; Windows NT 5.1; SV1; .NET CLR 1.1.4322; .NET CLR 2.0.50727; InfoPath.1)"
209.222.209.238 - - [14/Feb/2008:11:40:32] "GET /Treeview/ftv2vertline.gif HTTP/1.1" 200 140 "http://mousecyc.jax.org/MOUSE/class-tree?object=Pathways" "Mozilla/4.0 (compatible; MSIE 6.0; Windows NT 5.1; SV1; .NET CLR 1.1.4322; .NET CLR 2.0.50727; InfoPath.1)"
209.222.209.238 - - [14/Feb/2008:11:40:32] "GET /Treeview/ftv2pnode.gif HTTP/1.1" 200 133 "http://mousecyc.jax.org/MOUSE/class-tree?object=Pathways" "Mozilla/4.0 (compatible; MSIE 6.0; Windows NT 5.1; SV1; .NET CLR 1.1.4322; .NET CLR 2.0.50727; InfoPath.1)"
209.222.209.238 - - [14/Feb/2008:11:40:32] "GET /Treeview/ftv2vertline.gif HTTP/1.1" 200 140 "http://mousecyc.jax.org/MOUSE/class-tree?object=Pathways" "Mozilla/4.0 (compatible; MSIE 6.0; Windows NT 5.1; SV1; .NET CLR 1.1.4322; .NET CLR 2.0.50727; InfoPath.1)"
209.222.209.238 - - [14/Feb/2008:11:40:32] "GET /Treeview/ftv2blank.gif HTTP/1.1" 200 135 "http://mousecyc.jax.org/MOUSE/class-tree?object=Pathways" "Mozilla/4.0 (compatible; MSIE 6.0; Windows NT 5.1; SV1; .NET CLR 1.1.4322; .NET CLR 2.0.50727; InfoPath.1)"
209.222.209.238 - - [14/Feb/2008:11:40:36] "GET /Treeview/ftv2vertline.gif HTTP/1.1" 200 140 "http://mousecyc.jax.org/MOUSE/class-tree?object=Pathways" "Mozilla/4.0 (compatible; MSIE 6.0; Windows NT 5.1; SV1; .NET CLR 1.1.4322; .NET CLR 2.0.50727; InfoPath.1)"
209.222.209.238 - - [14/Feb/2008:11:40:36] "GET /Treeview/ftv2pnode.gif HTTP/1.1" 200 133 "http://mousecyc.jax.org/MOUSE/class-tree?object=Pathways" "Mozilla/4.0 (compatible; MSIE 6.0; Windows NT 5.1; SV1; .NET CLR 1.1.4322; .NET CLR 2.0.50727; InfoPath.1)"
209.222.209.238 - - [14/Feb/2008:11:40:36] "GET /Treeview/ftv2vertline.gif HTTP/1.1" 200 140 "http://mousecyc.jax.org/MOUSE/class-tree?object=Pathways" "Mozilla/4.0 (compatible; MSIE 6.0; Windows NT 5.1; SV1; .NET CLR 1.1.4322; .NET CLR 2.0.50727; InfoPath.1)"
209.222.209.238 - - [14/Feb/2008:11:40:36] "GET /Treeview/ftv2blank.gif HTTP/1.1" 200 135 "http://mousecyc.jax.org/MOUSE/class-tree?object=Pathways" "Mozilla/4.0 (compatible; MSIE 6.0; Windows NT 5.1; SV1; .NET CLR 1.1.4322; .NET CLR 2.0.50727; InfoPath.1)"
209.222.209.238 - - [14/Feb/2008:11:40:39] "GET /Treeview/ftv2vertline.gif HTTP/1.1" 200 140 "http://mousecyc.jax.org/MOUSE/class-tree?object=Pathways" "Mozilla/4.0 (compatible; MSIE 6.0; Windows NT 5.1; SV1; .NET CLR 1.1.4322; .NET CLR 2.0.50727; InfoPath.1)"
209.222.209.238 - - [14/Feb/2008:11:40:39] "GET /Treeview/ftv2pnode.gif HTTP/1.1" 200 133 "http://mousecyc.jax.org/MOUSE/class-tree?object=Pathways" "Mozilla/4.0 (compatible; MSIE 6.0; Windows NT 5.1; SV1; .NET CLR 1.1.4322; .NET CLR 2.0.50727; InfoPath.1)"
209.222.209.238 - - [14/Feb/2008:11:40:39] "GET /Treeview/ftv2vertline.gif HTTP/1.1" 200 140 "http://mousecyc.jax.org/MOUSE/class-tree?object=Pathways" "Mozilla/4.0 (compatible; MSIE 6.0; Windows NT 5.1; SV1; .NET CLR 1.1.4322; .NET CLR 2.0.50727; InfoPath.1)"
209.222.209.238 - - [14/Feb/2008:11:40:39] "GET /Treeview/ftv2blank.gif HTTP/1.1" 200 135 "http://mousecyc.jax.org/MOUSE/class-tree?object=Pathways" "Mozilla/4.0 (compatible; MSIE 6.0; Windows NT 5.1; SV1; .NET CLR 1.1.4322; .NET CLR 2.0.50727; InfoPath.1)"
209.222.209.227 - - [14/Feb/2008:11:40:39] "GET /style.css HTTP/1.1" 200 - "http://mousecyc.jax.org/comp-genomics?type=(PATHWAY-HOLES+NUM-HOLES)&orgids=(HUMAN+MOUSE)" "Mozilla/5.0 (Windows; U; Windows NT 5.0; en-US; rv:1.8.1.12) Gecko/20080201 Firefox/2.0.0.12"
209.222.209.238 - - [14/Feb/2008:11:40:41] "GET /Treeview/ftv2vertline.gif HTTP/1.1" 200 140 "http://mousecyc.jax.org/MOUSE/class-tree?object=Pathways" "Mozilla/4.0 (compatible; MSIE 6.0; Windows NT 5.1; SV1; .NET CLR 1.1.4322; .NET CLR 2.0.50727; InfoPath.1)"
209.222.209.238 - - [14/Feb/2008:11:40:41] "GET /Treeview/ftv2pnode.gif HTTP/1.1" 200 133 "http://mousecyc.jax.org/MOUSE/class-tree?object=Pathways" "Mozilla/4.0 (compatible; MSIE 6.0; Windows NT 5.1; SV1; .NET CLR 1.1.4322; .NET CLR 2.0.50727; InfoPath.1)"
209.222.209.238 - - [14/Feb/2008:11:40:41] "GET /Treeview/ftv2vertline.gif HTTP/1.1" 200 140 "http://mousecyc.jax.org/MOUSE/class-tree?object=Pathways" "Mozilla/4.0 (compatible; MSIE 6.0; Windows NT 5.1; SV1; .NET CLR 1.1.4322; .NET CLR 2.0.50727; InfoPath.1)"
209.222.209.238 - - [14/Feb/2008:11:40:41] "GET /Treeview/ftv2blank.gif HTTP/1.1" 200 135 "http://mousecyc.jax.org/MOUSE/class-tree?object=Pathways" "Mozilla/4.0 (compatible; MSIE 6.0; Windows NT 5.1; SV1; .NET CLR 1.1.4322; .NET CLR 2.0.50727; InfoPath.1)"
209.222.209.238 - - [14/Feb/2008:11:40:43] "GET /Treeview/ftv2vertline.gif HTTP/1.1" 200 140 "http://mousecyc.jax.org/MOUSE/class-tree?object=Pathways" "Mozilla/4.0 (compatible; MSIE 6.0; Windows NT 5.1; SV1; .NET CLR 1.1.4322; .NET CLR 2.0.50727; InfoPath.1)"
209.222.209.238 - - [14/Feb/2008:11:40:43] "GET /Treeview/ftv2pnode.gif HTTP/1.1" 200 133 "http://mousecyc.jax.org/MOUSE/class-tree?object=Pathways" "Mozilla/4.0 (compatible; MSIE 6.0; Windows NT 5.1; SV1; .NET CLR 1.1.4322; .NET CLR 2.0.50727; InfoPath.1)"
209.222.209.238 - - [14/Feb/2008:11:40:43] "GET /Treeview/ftv2vertline.gif HTTP/1.1" 200 140 "http://mousecyc.jax.org/MOUSE/class-tree?object=Pathways" "Mozilla/4.0 (compatible; MSIE 6.0; Windows NT 5.1; SV1; .NET CLR 1.1.4322; .NET CLR 2.0.50727; InfoPath.1)"
209.222.209.238 - - [14/Feb/2008:11:40:43] "GET /Treeview/ftv2blank.gif HTTP/1.1" 200 135 "http://mousecyc.jax.org/MOUSE/class-tree?object=Pathways" "Mozilla/4.0 (compatible; MSIE 6.0; Windows NT 5.1; SV1; .NET CLR 1.1.4322; .NET CLR 2.0.50727; InfoPath.1)"
209.222.209.238 - - [14/Feb/2008:11:40:45] "GET /Treeview/ftv2vertline.gif HTTP/1.1" 200 140 "http://mousecyc.jax.org/MOUSE/class-tree?object=Pathways" "Mozilla/4.0 (compatible; MSIE 6.0; Windows NT 5.1; SV1; .NET CLR 1.1.4322; .NET CLR 2.0.50727; InfoPath.1)"
209.222.209.238 - - [14/Feb/2008:11:40:45] "GET /Treeview/ftv2pnode.gif HTTP/1.1" 200 133 "http://mousecyc.jax.org/MOUSE/class-tree?object=Pathways" "Mozilla/4.0 (compatible; MSIE 6.0; Windows NT 5.1; SV1; .NET CLR 1.1.4322; .NET CLR 2.0.50727; InfoPath.1)"
209.222.209.238 - - [14/Feb/2008:11:40:45] "GET /Treeview/ftv2vertline.gif HTTP/1.1" 200 140 "http://mousecyc.jax.org/MOUSE/class-tree?object=Pathways" "Mozilla/4.0 (compatible; MSIE 6.0; Windows NT 5.1; SV1; .NET CLR 1.1.4322; .NET CLR 2.0.50727; InfoPath.1)"
209.222.209.238 - - [14/Feb/2008:11:40:45] "GET /Treeview/ftv2blank.gif HTTP/1.1" 200 135 "http://mousecyc.jax.org/MOUSE/class-tree?object=Pathways" "Mozilla/4.0 (compatible; MSIE 6.0; Windows NT 5.1; SV1; .NET CLR 1.1.4322; .NET CLR 2.0.50727; InfoPath.1)"
209.222.209.238 - - [14/Feb/2008:11:40:47] "GET /Treeview/ftv2vertline.gif HTTP/1.1" 200 140 "http://mousecyc.jax.org/MOUSE/class-tree?object=Pathways" "Mozilla/4.0 (compatible; MSIE 6.0; Windows NT 5.1; SV1; .NET CLR 1.1.4322; .NET CLR 2.0.50727; InfoPath.1)"
209.222.209.238 - - [14/Feb/2008:11:40:47] "GET /Treeview/ftv2pnode.gif HTTP/1.1" 200 133 "http://mousecyc.jax.org/MOUSE/class-tree?object=Pathways" "Mozilla/4.0 (compatible; MSIE 6.0; Windows NT 5.1; SV1; .NET CLR 1.1.4322; .NET CLR 2.0.50727; InfoPath.1)"
209.222.209.238 - - [14/Feb/2008:11:40:47] "GET /Treeview/ftv2vertline.gif HTTP/1.1" 200 140 "http://mousecyc.jax.org/MOUSE/class-tree?object=Pathways" "Mozilla/4.0 (compatible; MSIE 6.0; Windows NT 5.1; SV1; .NET CLR 1.1.4322; .NET CLR 2.0.50727; InfoPath.1)"
209.222.209.238 - - [14/Feb/2008:11:40:47] "GET /Treeview/ftv2blank.gif HTTP/1.1" 200 135 "http://mousecyc.jax.org/MOUSE/class-tree?object=Pathways" "Mozilla/4.0 (compatible; MSIE 6.0; Windows NT 5.1; SV1; .NET CLR 1.1.4322; .NET CLR 2.0.50727; InfoPath.1)"
209.222.209.227 - - [14/Feb/2008:11:40:49] "GET /overLIB/overlib.js HTTP/1.1" 200 - "http://mousecyc.jax.org/comp-genomics?type=(PATHWAY-HOLES+NUM-HOLES)&orgids=(HUMAN+MOUSE)" "Mozilla/5.0 (Windows; U; Windows NT 5.0; en-US; rv:1.8.1.12) Gecko/20080201 Firefox/2.0.0.12"
209.222.209.238 - - [14/Feb/2008:11:40:49] "GET /Treeview/ftv2vertline.gif HTTP/1.1" 200 140 "http://mousecyc.jax.org/MOUSE/class-tree?object=Pathways" "Mozilla/4.0 (compatible; MSIE 6.0; Windows NT 5.1; SV1; .NET CLR 1.1.4322; .NET CLR 2.0.50727; InfoPath.1)"
209.222.209.238 - - [14/Feb/2008:11:40:49] "GET /Treeview/ftv2pnode.gif HTTP/1.1" 200 133 "http://mousecyc.jax.org/MOUSE/class-tree?object=Pathways" "Mozilla/4.0 (compatible; MSIE 6.0; Windows NT 5.1; SV1; .NET CLR 1.1.4322; .NET CLR 2.0.50727; InfoPath.1)"
209.222.209.238 - - [14/Feb/2008:11:40:49] "GET /Treeview/ftv2vertline.gif HTTP/1.1" 200 140 "http://mousecyc.jax.org/MOUSE/class-tree?object=Pathways" "Mozilla/4.0 (compatible; MSIE 6.0; Windows NT 5.1; SV1; .NET CLR 1.1.4322; .NET CLR 2.0.50727; InfoPath.1)"
209.222.209.238 - - [14/Feb/2008:11:40:49] "GET /Treeview/ftv2blank.gif HTTP/1.1" 200 135 "http://mousecyc.jax.org/MOUSE/class-tree?object=Pathways" "Mozilla/4.0 (compatible; MSIE 6.0; Windows NT 5.1; SV1; .NET CLR 1.1.4322; .NET CLR 2.0.50727; InfoPath.1)"
209.222.209.238 - - [14/Feb/2008:11:40:51] "GET /Treeview/ftv2vertline.gif HTTP/1.1" 200 140 "http://mousecyc.jax.org/MOUSE/class-tree?object=Pathways" "Mozilla/4.0 (compatible; MSIE 6.0; Windows NT 5.1; SV1; .NET CLR 1.1.4322; .NET CLR 2.0.50727; InfoPath.1)"
209.222.209.238 - - [14/Feb/2008:11:40:51] "GET /Treeview/ftv2pnode.gif HTTP/1.1" 200 133 "http://mousecyc.jax.org/MOUSE/class-tree?object=Pathways" "Mozilla/4.0 (compatible; MSIE 6.0; Windows NT 5.1; SV1; .NET CLR 1.1.4322; .NET CLR 2.0.50727; InfoPath.1)"
209.222.209.227 - - [14/Feb/2008:11:40:51] "GET /overLIB/overlib_exclusive.js HTTP/1.1" 200 - "http://mousecyc.jax.org/comp-genomics?type=(PATHWAY-HOLES+NUM-HOLES)&orgids=(HUMAN+MOUSE)" "Mozilla/5.0 (Windows; U; Windows NT 5.0; en-US; rv:1.8.1.12) Gecko/20080201 Firefox/2.0.0.12"
209.222.209.238 - - [14/Feb/2008:11:40:51] "GET /Treeview/ftv2vertline.gif HTTP/1.1" 200 140 "http://mousecyc.jax.org/MOUSE/class-tree?object=Pathways" "Mozilla/4.0 (compatible; MSIE 6.0; Windows NT 5.1; SV1; .NET CLR 1.1.4322; .NET CLR 2.0.50727; InfoPath.1)"
209.222.209.238 - - [14/Feb/2008:11:40:51] "GET /Treeview/ftv2blank.gif HTTP/1.1" 200 135 "http://mousecyc.jax.org/MOUSE/class-tree?object=Pathways" "Mozilla/4.0 (compatible; MSIE 6.0; Windows NT 5.1; SV1; .NET CLR 1.1.4322; .NET CLR 2.0.50727; InfoPath.1)"
209.222.209.238 - - [14/Feb/2008:11:40:53] "GET /Treeview/ftv2vertline.gif HTTP/1.1" 200 140 "http://mousecyc.jax.org/MOUSE/class-tree?object=Pathways" "Mozilla/4.0 (compatible; MSIE 6.0; Windows NT 5.1; SV1; .NET CLR 1.1.4322; .NET CLR 2.0.50727; InfoPath.1)"
209.222.209.238 - - [14/Feb/2008:11:40:53] "GET /Treeview/ftv2vertline.gif HTTP/1.1" 200 140 "http://mousecyc.jax.org/MOUSE/class-tree?object=Pathways" "Mozilla/4.0 (compatible; MSIE 6.0; Windows NT 5.1; SV1; .NET CLR 1.1.4322; .NET CLR 2.0.50727; InfoPath.1)"
209.222.209.238 - - [14/Feb/2008:11:40:53] "GET /Treeview/ftv2vertline.gif HTTP/1.1" 200 140 "http://mousecyc.jax.org/MOUSE/class-tree?object=Pathways" "Mozilla/4.0 (compatible; MSIE 6.0; Windows NT 5.1; SV1; .NET CLR 1.1.4322; .NET CLR 2.0.50727; InfoPath.1)"
209.222.209.238 - - [14/Feb/2008:11:40:53] "GET /Treeview/ftv2vertline.gif HTTP/1.1" 200 140 "http://mousecyc.jax.org/MOUSE/class-tree?object=Pathways" "Mozilla/4.0 (compatible; MSIE 6.0; Windows NT 5.1; SV1; .NET CLR 1.1.4322; .NET CLR 2.0.50727; InfoPath.1)"
209.222.209.227 - - [14/Feb/2008:11:40:55] "GET /overLIB/overlib_positioncap.js HTTP/1.1" 200 - "http://mousecyc.jax.org/comp-genomics?type=(PATHWAY-HOLES+NUM-HOLES)&orgids=(HUMAN+MOUSE)" "Mozilla/5.0 (Windows; U; Windows NT 5.0; en-US; rv:1.8.1.12) Gecko/20080201 Firefox/2.0.0.12"
209.222.209.238 - - [14/Feb/2008:11:40:55] "GET /Treeview/ftv2vertline.gif HTTP/1.1" 200 140 "http://mousecyc.jax.org/MOUSE/class-tree?object=Pathways" "Mozilla/4.0 (compatible; MSIE 6.0; Windows NT 5.1; SV1; .NET CLR 1.1.4322; .NET CLR 2.0.50727; InfoPath.1)"
209.222.209.238 - - [14/Feb/2008:11:40:55] "GET /Treeview/ftv2vertline.gif HTTP/1.1" 200 140 "http://mousecyc.jax.org/MOUSE/class-tree?object=Pathways" "Mozilla/4.0 (compatible; MSIE 6.0; Windows NT 5.1; SV1; .NET CLR 1.1.4322; .NET CLR 2.0.50727; InfoPath.1)"
209.222.209.238 - - [14/Feb/2008:11:40:55] "GET /Treeview/ftv2vertline.gif HTTP/1.1" 200 140 "http://mousecyc.jax.org/MOUSE/class-tree?object=Pathways" "Mozilla/4.0 (compatible; MSIE 6.0; Windows NT 5.1; SV1; .NET CLR 1.1.4322; .NET CLR 2.0.50727; InfoPath.1)"
209.222.209.238 - - [14/Feb/2008:11:40:55] "GET /Treeview/ftv2vertline.gif HTTP/1.1" 200 140 "http://mousecyc.jax.org/MOUSE/class-tree?object=Pathways" "Mozilla/4.0 (compatible; MSIE 6.0; Windows NT 5.1; SV1; .NET CLR 1.1.4322; .NET CLR 2.0.50727; InfoPath.1)"
209.222.209.227 - - [14/Feb/2008:11:40:57] "GET /overLIB/overlib_centerpopup.js HTTP/1.1" 200 - "http://mousecyc.jax.org/comp-genomics?type=(PATHWAY-HOLES+NUM-HOLES)&orgids=(HUMAN+MOUSE)" "Mozilla/5.0 (Windows; U; Windows NT 5.0; en-US; rv:1.8.1.12) Gecko/20080201 Firefox/2.0.0.12"
209.222.209.238 - - [14/Feb/2008:11:40:57] "GET /Treeview/ftv2vertline.gif HTTP/1.1" 200 140 "http://mousecyc.jax.org/MOUSE/class-tree?object=Pathways" "Mozilla/4.0 (compatible; MSIE 6.0; Windows NT 5.1; SV1; .NET CLR 1.1.4322; .NET CLR 2.0.50727; InfoPath.1)"
209.222.209.238 - - [14/Feb/2008:11:40:57] "GET /Treeview/ftv2vertline.gif HTTP/1.1" 200 140 "http://mousecyc.jax.org/MOUSE/class-tree?object=Pathways" "Mozilla/4.0 (compatible; MSIE 6.0; Windows NT 5.1; SV1; .NET CLR 1.1.4322; .NET CLR 2.0.50727; InfoPath.1)"
209.222.209.238 - - [14/Feb/2008:11:40:57] "GET /Treeview/ftv2vertline.gif HTTP/1.1" 200 140 "http://mousecyc.jax.org/MOUSE/class-tree?object=Pathways" "Mozilla/4.0 (compatible; MSIE 6.0; Windows NT 5.1; SV1; .NET CLR 1.1.4322; .NET CLR 2.0.50727; InfoPath.1)"
209.222.209.238 - - [14/Feb/2008:11:40:57] "GET /Treeview/ftv2vertline.gif HTTP/1.1" 200 140 "http://mousecyc.jax.org/MOUSE/class-tree?object=Pathways" "Mozilla/4.0 (compatible; MSIE 6.0; Windows NT 5.1; SV1; .NET CLR 1.1.4322; .NET CLR 2.0.50727; InfoPath.1)"
209.222.209.227 - - [14/Feb/2008:11:40:59] "GET /comp-genomics?type=(PATHWAY-HOLES+NUM-HOLES)&orgids=(HUMAN+MOUSE) HTTP/1.1" 200 - "http://mousecyc.jax.org/comp-genomics?tables=pathway&orgid=HUMAN&orgid=MOUSE&orgids=%28HUMAN+MOUSE+%29" "Mozilla/5.0 (Windows; U; Windows NT 5.0; en-US; rv:1.8.1.12) Gecko/20080201 Firefox/2.0.0.12"
209.222.209.227 - - [14/Feb/2008:11:41:24] "GET /compare-frame-in-orgs?type=REACTION&object=1.5.1.15-RXN&orgids=(HUMAN+MOUSE) HTTP/1.1" 200 - "http://mousecyc.jax.org/comp-genomics?type=(PATHWAY-HOLES+NUM-HOLES)&orgids=(HUMAN+MOUSE)" "Mozilla/5.0 (Windows; U; Windows NT 5.0; en-US; rv:1.8.1.12) Gecko/20080201 Firefox/2.0.0.12"
209.222.209.227 - - [14/Feb/2008:11:41:26] "GET /style.css HTTP/1.1" 200 - "http://mousecyc.jax.org/compare-frame-in-orgs?type=REACTION&object=1.5.1.15-RXN&orgids=(HUMAN+MOUSE)" "Mozilla/5.0 (Windows; U; Windows NT 5.0; en-US; rv:1.8.1.12) Gecko/20080201 Firefox/2.0.0.12"
209.222.209.227 - - [14/Feb/2008:11:41:40] "GET /overLIB/overlib.js HTTP/1.1" 200 - "http://mousecyc.jax.org/compare-frame-in-orgs?type=REACTION&object=1.5.1.15-RXN&orgids=(HUMAN+MOUSE)" "Mozilla/5.0 (Windows; U; Windows NT 5.0; en-US; rv:1.8.1.12) Gecko/20080201 Firefox/2.0.0.12"
209.222.209.227 - - [14/Feb/2008:11:41:42] "GET /overLIB/overlib_exclusive.js HTTP/1.1" 200 - "http://mousecyc.jax.org/compare-frame-in-orgs?type=REACTION&object=1.5.1.15-RXN&orgids=(HUMAN+MOUSE)" "Mozilla/5.0 (Windows; U; Windows NT 5.0; en-US; rv:1.8.1.12) Gecko/20080201 Firefox/2.0.0.12"
209.222.209.227 - - [14/Feb/2008:11:41:46] "GET /overLIB/overlib_positioncap.js HTTP/1.1" 200 - "http://mousecyc.jax.org/compare-frame-in-orgs?type=REACTION&object=1.5.1.15-RXN&orgids=(HUMAN+MOUSE)" "Mozilla/5.0 (Windows; U; Windows NT 5.0; en-US; rv:1.8.1.12) Gecko/20080201 Firefox/2.0.0.12"
209.222.209.227 - - [14/Feb/2008:11:41:48] "GET /overLIB/overlib_centerpopup.js HTTP/1.1" 200 - "http://mousecyc.jax.org/compare-frame-in-orgs?type=REACTION&object=1.5.1.15-RXN&orgids=(HUMAN+MOUSE)" "Mozilla/5.0 (Windows; U; Windows NT 5.0; en-US; rv:1.8.1.12) Gecko/20080201 Firefox/2.0.0.12"
209.222.209.238 - - [14/Feb/2008:11:41:48] "GET /Treeview/ftv2mnode.gif HTTP/1.1" 200 97 "http://mousecyc.jax.org/MOUSE/class-tree?object=Pathways" "Mozilla/4.0 (compatible; MSIE 6.0; Windows NT 5.1; SV1; .NET CLR 1.1.4322; .NET CLR 2.0.50727; InfoPath.1)"
209.222.209.238 - - [14/Feb/2008:11:41:48] "GET /Treeview/ftv2vertline.gif HTTP/1.1" 200 140 "http://mousecyc.jax.org/MOUSE/class-tree?object=Pathways" "Mozilla/4.0 (compatible; MSIE 6.0; Windows NT 5.1; SV1; .NET CLR 1.1.4322; .NET CLR 2.0.50727; InfoPath.1)"
209.222.209.238 - - [14/Feb/2008:11:41:48] "GET /Treeview/ftv2vertline.gif HTTP/1.1" 200 140 "http://mousecyc.jax.org/MOUSE/class-tree?object=Pathways" "Mozilla/4.0 (compatible; MSIE 6.0; Windows NT 5.1; SV1; .NET CLR 1.1.4322; .NET CLR 2.0.50727; InfoPath.1)"
209.222.209.238 - - [14/Feb/2008:11:41:48] "GET /Treeview/ftv2lastnode.gif HTTP/1.1" 200 142 "http://mousecyc.jax.org/MOUSE/class-tree?object=Pathways" "Mozilla/4.0 (compatible; MSIE 6.0; Windows NT 5.1; SV1; .NET CLR 1.1.4322; .NET CLR 2.0.50727; InfoPath.1)"
0.0.0.0 - - [14/Feb/2008:11:41:50] "GET /Treeview/ftv2blank.gif HTTP/1.1" 0 - "http://mousecyc.jax.org/MOUSE/class-tree?object=Pathways" "Mozilla/4.0 (compatible; MSIE 6.0; Windows NT 5.1; SV1; .NET CLR 1.1.4322; .NET CLR 2.0.50727; InfoPath.1)"
0.0.0.0 - - [14/Feb/2008:11:41:50] "GET /Treeview/ftv2vertline.gif HTTP/1.1" 0 - "http://mousecyc.jax.org/MOUSE/class-tree?object=Pathways" "Mozilla/4.0 (compatible; MSIE 6.0; Windows NT 5.1; SV1; .NET CLR 1.1.4322; .NET CLR 2.0.50727; InfoPath.1)"
0.0.0.0 - - [14/Feb/2008:11:41:50] "GET /Treeview/ftv2vertline.gif HTTP/1.1" 0 - "http://mousecyc.jax.org/MOUSE/class-tree?object=Pathways" "Mozilla/4.0 (compatible; MSIE 6.0; Windows NT 5.1; SV1; .NET CLR 1.1.4322; .NET CLR 2.0.50727; InfoPath.1)"
66.249.72.225 - googlebot(at)googlebot.com [14/Feb/2008:11:46:44] "GET /MOUSE/NEW-IMAGE?type=GENE-IN-MAP-IN-PWY&object=MGI:104873 HTTP/1.1" 200 - "-" "Mozilla/5.0 (compatible; Googlebot/2.1; +http://www.google.com/bot.html)"
66.249.72.225 - googlebot(at)googlebot.com [14/Feb/2008:11:46:44] "GET /MOUSE/NEW-IMAGE?type=COMPOUND-IN-PATHWAY&object=UTP HTTP/1.1" 200 - "-" "Mozilla/5.0 (compatible; Googlebot/2.1; +http://www.google.com/bot.html)"
66.249.72.225 - googlebot(at)googlebot.com [14/Feb/2008:11:46:46] "GET /MOUSE/NEW-IMAGE?type=COMPOUND-IN-PATHWAY&object=METHYLENE-THF HTTP/1.1" 200 - "-" "Mozilla/5.0 (compatible; Googlebot/2.1; +http://www.google.com/bot.html)"
66.249.72.225 - googlebot(at)googlebot.com [14/Feb/2008:11:46:46] "GET /MOUSE/NEW-IMAGE?type=COMPOUND-IN-PATHWAY&object=UTP HTTP/1.1" 200 - "-" "Mozilla/5.0 (compatible; Googlebot/2.1; +http://www.google.com/bot.html)"
66.249.72.225 - googlebot(at)googlebot.com [14/Feb/2008:11:46:46] "GET /MOUSE/NEW-IMAGE?type=REACTION-IN-PATHWAY&object=ASPARAGHYD-RXN HTTP/1.1" 200 - "-" "Mozilla/5.0 (compatible; Googlebot/2.1; +http://www.google.com/bot.html)"
209.222.209.238 - - [14/Feb/2008:12:05:09] "GET / HTTP/1.1" 200 - "-" "Mozilla/4.0 (compatible; MSIE 6.0; Windows NT 5.1; SV1; .NET CLR 1.1.4322; .NET CLR 2.0.50727; InfoPath.1)"
209.222.209.238 - - [14/Feb/2008:12:05:09] "GET /style.css HTTP/1.1" 200 - "http://mousecyc.jax.org/" "Mozilla/4.0 (compatible; MSIE 6.0; Windows NT 5.1; SV1; .NET CLR 1.1.4322; .NET CLR 2.0.50727; InfoPath.1)"
209.222.209.238 - - [14/Feb/2008:12:05:09] "GET /overLIB/overlib.js HTTP/1.1" 200 - "http://mousecyc.jax.org/" "Mozilla/4.0 (compatible; MSIE 6.0; Windows NT 5.1; SV1; .NET CLR 1.1.4322; .NET CLR 2.0.50727; InfoPath.1)"
209.222.209.238 - - [14/Feb/2008:12:05:09] "GET /overLIB/overlib_exclusive.js HTTP/1.1" 200 - "http://mousecyc.jax.org/" "Mozilla/4.0 (compatible; MSIE 6.0; Windows NT 5.1; SV1; .NET CLR 1.1.4322; .NET CLR 2.0.50727; InfoPath.1)"
209.222.209.238 - - [14/Feb/2008:12:05:09] "GET /overLIB/overlib_positioncap.js HTTP/1.1" 200 - "http://mousecyc.jax.org/" "Mozilla/4.0 (compatible; MSIE 6.0; Windows NT 5.1; SV1; .NET CLR 1.1.4322; .NET CLR 2.0.50727; InfoPath.1)"
209.222.209.238 - - [14/Feb/2008:12:05:09] "GET /overLIB/overlib_centerpopup.js HTTP/1.1" 200 - "http://mousecyc.jax.org/" "Mozilla/4.0 (compatible; MSIE 6.0; Windows NT 5.1; SV1; .NET CLR 1.1.4322; .NET CLR 2.0.50727; InfoPath.1)"
209.222.209.238 - - [14/Feb/2008:12:05:09] "GET /button-help-half.gif HTTP/1.1" 200 902 "http://mousecyc.jax.org/" "Mozilla/4.0 (compatible; MSIE 6.0; Windows NT 5.1; SV1; .NET CLR 1.1.4322; .NET CLR 2.0.50727; InfoPath.1)"
209.222.209.238 - - [14/Feb/2008:12:05:09] "GET /googleLogo_25wht.gif HTTP/1.1" 200 1607 "http://mousecyc.jax.org/" "Mozilla/4.0 (compatible; MSIE 6.0; Windows NT 5.1; SV1; .NET CLR 1.1.4322; .NET CLR 2.0.50727; InfoPath.1)"
209.222.209.238 - - [14/Feb/2008:12:05:09] "GET /ov-button.jpg HTTP/1.1" 200 37664 "http://mousecyc.jax.org/" "Mozilla/4.0 (compatible; MSIE 6.0; Windows NT 5.1; SV1; .NET CLR 1.1.4322; .NET CLR 2.0.50727; InfoPath.1)"
209.222.209.238 - - [14/Feb/2008:12:05:12] "GET /MOUSE/class-tree?object=Pathways HTTP/1.1" 200 - "http://mousecyc.jax.org/" "Mozilla/4.0 (compatible; MSIE 6.0; Windows NT 5.1; SV1; .NET CLR 1.1.4322; .NET CLR 2.0.50727; InfoPath.1)"
209.222.209.238 - - [14/Feb/2008:12:05:12] "GET /style.css HTTP/1.1" 200 - "http://mousecyc.jax.org/MOUSE/class-tree?object=Pathways" "Mozilla/4.0 (compatible; MSIE 6.0; Windows NT 5.1; SV1; .NET CLR 1.1.4322; .NET CLR 2.0.50727; InfoPath.1)"
209.222.209.238 - - [14/Feb/2008:12:05:12] "GET /Treeview/ua.js HTTP/1.1" 200 - "http://mousecyc.jax.org/MOUSE/class-tree?object=Pathways" "Mozilla/4.0 (compatible; MSIE 6.0; Windows NT 5.1; SV1; .NET CLR 1.1.4322; .NET CLR 2.0.50727; InfoPath.1)"
209.222.209.238 - - [14/Feb/2008:12:05:12] "GET /Treeview/ftiens4.js HTTP/1.1" 200 - "http://mousecyc.jax.org/MOUSE/class-tree?object=Pathways" "Mozilla/4.0 (compatible; MSIE 6.0; Windows NT 5.1; SV1; .NET CLR 1.1.4322; .NET CLR 2.0.50727; InfoPath.1)"
209.222.209.238 - - [14/Feb/2008:12:05:12] "EOF" 0 - "-" -
209.222.209.238 - - [14/Feb/2008:12:05:12] "GET /Treeview/ftv2blank.gif HTTP/1.1" 0 - "http://mousecyc.jax.org/MOUSE/class-tree?object=Pathways" "Mozilla/4.0 (compatible; MSIE 6.0; Windows NT 5.1; SV1; .NET CLR 1.1.4322; .NET CLR 2.0.50727; InfoPath.1)"
209.222.209.238 - - [14/Feb/2008:12:05:12] "GET /Treeview/ftv2folderopen.gif HTTP/1.1" 200 167 "http://mousecyc.jax.org/MOUSE/class-tree?object=Pathways" "Mozilla/4.0 (compatible; MSIE 6.0; Windows NT 5.1; SV1; .NET CLR 1.1.4322; .NET CLR 2.0.50727; InfoPath.1)"
209.222.209.238 - - [14/Feb/2008:12:05:12] "GET /Treeview/ftv2doc.gif HTTP/1.1" 200 199 "http://mousecyc.jax.org/MOUSE/class-tree?object=Pathways" "Mozilla/4.0 (compatible; MSIE 6.0; Windows NT 5.1; SV1; .NET CLR 1.1.4322; .NET CLR 2.0.50727; InfoPath.1)"
209.222.209.238 - - [14/Feb/2008:12:05:12] "GET /Treeview/ftv2blank.gif HTTP/1.1" 200 135 "http://mousecyc.jax.org/MOUSE/class-tree?object=Pathways" "Mozilla/4.0 (compatible; MSIE 6.0; Windows NT 5.1; SV1; .NET CLR 1.1.4322; .NET CLR 2.0.50727; InfoPath.1)"
209.222.209.238 - - [14/Feb/2008:12:05:12] "GET /Treeview/ftv2plastnode.gif HTTP/1.1" 200 130 "http://mousecyc.jax.org/MOUSE/class-tree?object=Pathways" "Mozilla/4.0 (compatible; MSIE 6.0; Windows NT 5.1; SV1; .NET CLR 1.1.4322; .NET CLR 2.0.50727; InfoPath.1)"
209.222.209.238 - - [14/Feb/2008:12:05:12] "GET /Treeview/ftv2pnode.gif HTTP/1.1" 200 133 "http://mousecyc.jax.org/MOUSE/class-tree?object=Pathways" "Mozilla/4.0 (compatible; MSIE 6.0; Windows NT 5.1; SV1; .NET CLR 1.1.4322; .NET CLR 2.0.50727; InfoPath.1)"
209.222.209.238 - - [14/Feb/2008:12:05:12] "GET /Treeview/ftv2vertline.gif HTTP/1.1" 200 140 "http://mousecyc.jax.org/MOUSE/class-tree?object=Pathways" "Mozilla/4.0 (compatible; MSIE 6.0; Windows NT 5.1; SV1; .NET CLR 1.1.4322; .NET CLR 2.0.50727; InfoPath.1)"
209.222.209.238 - - [14/Feb/2008:12:05:13] "GET /Treeview/ftv2mnode.gif HTTP/1.1" 200 97 "http://mousecyc.jax.org/MOUSE/class-tree?object=Pathways" "Mozilla/4.0 (compatible; MSIE 6.0; Windows NT 5.1; SV1; .NET CLR 1.1.4322; .NET CLR 2.0.50727; InfoPath.1)"
209.222.209.238 - - [14/Feb/2008:12:05:13] "GET /Treeview/ftv2vertline.gif HTTP/1.1" 200 140 "http://mousecyc.jax.org/MOUSE/class-tree?object=Pathways" "Mozilla/4.0 (compatible; MSIE 6.0; Windows NT 5.1; SV1; .NET CLR 1.1.4322; .NET CLR 2.0.50727; InfoPath.1)"
