66.249.72.225 - - [21/Feb/2008:10:22:38] "GET /MOUSE/NEW-IMAGE?type=GENE-IN-MAP-IN-PWY&object=MGI:1930182 HTTP/1.1" 0 - "-" -Connection to client timed out
66.249.72.225 - googlebot(at)googlebot.com [21/Feb/2008:10:22:40] "GET /MOUSE/NEW-IMAGE?type=GENE-IN-MAP-IN-PWY&object=MGI:109367 HTTP/1.1" 200 - "-" "Mozilla/5.0 (compatible; Googlebot/2.1; +http://www.google.com/bot.html)"writing buffer for # resulted in error (code 32): Broken pipe.
66.249.72.225 - - [21/Feb/2008:10:32:08] "GET /MOUSE/NEW-IMAGE?type=GENE-IN-PWY&object=MGI:1914154 HTTP/1.1" 0 - "-" -Connection to client timed out
66.249.72.225 - googlebot(at)googlebot.com [21/Feb/2008:10:32:10] "GET /MOUSE/NEW-IMAGE?type=GENE-IN-MAP-IN-PWY&object=MGI:109367 HTTP/1.1" 200 - "-" "Mozilla/5.0 (compatible; Googlebot/2.1; +http://www.google.com/bot.html)"writing buffer for # resulted in error (code 32): Broken pipe.
66.249.72.225 - - [21/Feb/2008:10:41:37] "GET /MOUSE/NEW-IMAGE?type=GENE-IN-PWY&object=MGI:1914154 HTTP/1.1" 0 - "-" -Connection to client timed out
66.249.72.225 - googlebot(at)googlebot.com [21/Feb/2008:10:41:39] "GET /MOUSE/NEW-IMAGE?type=GENE-IN-MAP-IN-PWY&object=MGI:109367 HTTP/1.1" 200 - "-" "Mozilla/5.0 (compatible; Googlebot/2.1; +http://www.google.com/bot.html)"writing buffer for # resulted in error (code 32): Broken pipe.
193.63.109.82 - - [21/Feb/2008:10:48:22] "GET /favicon.ico HTTP/1.1" 404 - "-" "Mozilla/4.0 (compatible; MSIE 7.0; Windows NT 5.1; .NET CLR 1.1.4322; InfoPath.1)"Invalid request
141.106.168.49 - - [21/Feb/2008:10:48:28] "GET /favicon.ico HTTP/1.1" 404 - "-" "Mozilla/5.0 (Windows; U; Windows NT 5.1; en-US; rv:1.8.1.12) Gecko/20080201 Firefox/2.0.0.12"Invalid request
193.63.109.82 - - [21/Feb/2008:10:48:32] "GET /MOUSE/substring-search?type=NIL&object=zfp36 HTTP/1.1" 0 - "http://mousecyc.jax.org/" "Mozilla/4.0 (compatible; MSIE 7.0; Windows NT 5.1; .NET CLR 1.1.4322; InfoPath.1)"End of File was encountered (user probably pressed Stop)
129.82.214.96 - - [21/Feb/2008:10:50:12] "GET /favicon.ico HTTP/1.1" 404 - "-" "Mozilla/5.0 (Macintosh; U; Intel Mac OS X; en-US; rv:1.8.1.12) Gecko/20080201 Firefox/2.0.0.12"Invalid request
66.249.72.225 - - [21/Feb/2008:10:51:08] "GET /MOUSE/NEW-IMAGE?type=GENE-IN-PWY&object=MGI:1914154 HTTP/1.1" 0 - "-" -Connection to client timed out
66.249.72.225 - googlebot(at)googlebot.com [21/Feb/2008:10:51:10] "GET /MOUSE/NEW-IMAGE?type=GENE-IN-MAP-IN-PWY&object=MGI:109367 HTTP/1.1" 200 - "-" "Mozilla/5.0 (compatible; Googlebot/2.1; +http://www.google.com/bot.html)"writing buffer for # resulted in error (code 32): Broken pipe.
117.193.225.213 - - [21/Feb/2008:10:54:44] "GET /favicon.ico HTTP/1.1" 404 - "-" "Mozilla/5.0 (Windows; U; Windows NT 5.1; en-US; rv:1.8.1.11) Gecko/20071127 Firefox/2.0.0.11"Invalid request
193.63.109.82 - - [21/Feb/2008:10:55:00] "GET /Treeview/ftiens4.js HTTP/1.1" 200 - "http://mousecyc.jax.org/MOUSE/class-tree?object=Pathways" "Mozilla/4.0 (compatible; MSIE 7.0; Windows NT 5.1; .NET CLR 1.1.4322; InfoPath.1)"# is not an open-for-output STREAM.
209.222.209.110 - - [21/Feb/2008:10:56:29] "GET /favicon.ico HTTP/1.1" 404 - "-" "Mozilla/5.0 (Windows; U; Windows NT 5.1; en-US; rv:1.8.1.12) Gecko/20080201 Firefox/2.0.0.12"Invalid request
209.222.209.195 - - [21/Feb/2008:10:56:40] "GET /favicon.ico HTTP/1.1" 404 - "-" "Mozilla/5.0 (Macintosh; U; PPC Mac OS X Mach-O; en-US; rv:1.7.7) Gecko/20050414 Firefox/1.0.3"Invalid request
209.222.209.195 - - [21/Feb/2008:10:57:00] "GET /MOUSE/class-instances?object=Genes HTTP/1.1" 200 - "http://www.informatics.jax.org/pathways.shtml" "Mozilla/5.0 (Macintosh; U; PPC Mac OS X Mach-O; en-US; rv:1.7.7) Gecko/20050414 Firefox/1.0.3"# is not an open-for-output STREAM.
209.222.209.195 - - [21/Feb/2008:10:57:03] "GET /favicon.ico HTTP/1.1" 404 - "-" "Mozilla/5.0 (Macintosh; U; PPC Mac OS X Mach-O; en-US; rv:1.7.7) Gecko/20050414 Firefox/1.0.3"Invalid request
209.222.209.195 - - [21/Feb/2008:10:57:30] "GET /favicon.ico HTTP/1.1" 404 - "-" "Mozilla/5.0 (Macintosh; U; PPC Mac OS X Mach-O; en-US; rv:1.7.7) Gecko/20050414 Firefox/1.0.3"Invalid request
209.222.209.195 - - [21/Feb/2008:10:58:05] "GET /favicon.ico HTTP/1.1" 404 - "-" "Mozilla/5.0 (Macintosh; U; PPC Mac OS X Mach-O; en-US; rv:1.7.7) Gecko/20050414 Firefox/1.0.3"Invalid request
209.222.209.195 - - [21/Feb/2008:10:58:07] "GET /favicon.ico HTTP/1.1" 404 - "-" "Mozilla/5.0 (Macintosh; U; PPC Mac OS X Mach-O; en-US; rv:1.7.7) Gecko/20050414 Firefox/1.0.3"Invalid request
209.222.209.195 - - [21/Feb/2008:10:58:09] "GET /favicon.ico HTTP/1.1" 404 - "-" "Mozilla/5.0 (Macintosh; U; PPC Mac OS X Mach-O; en-US; rv:1.7.7) Gecko/20050414 Firefox/1.0.3"Invalid request
209.222.209.195 - - [21/Feb/2008:10:58:15] "GET /favicon.ico HTTP/1.1" 404 - "-" "Mozilla/5.0 (Macintosh; U; PPC Mac OS X Mach-O; en-US; rv:1.7.7) Gecko/20050414 Firefox/1.0.3"Invalid request
209.222.209.195 - - [21/Feb/2008:10:58:27] "GET /MOUSE/seq-selector?chromosome=MUSCHR-2&object=MGI:97490 HTTP/1.1" 0 - "http://mousecyc.jax.org/MOUSE/NEW-IMAGE?type=GENE&object=MGI:97490" "Mozilla/5.0 (Macintosh; U; PPC Mac OS X Mach-O; en-US; rv:1.7.7) Gecko/20050414 Firefox/1.0.3"NIL
209.222.209.195 - - [21/Feb/2008:10:59:40] "GET /favicon.ico HTTP/1.1" 404 - "-" "Mozilla/5.0 (Macintosh; U; PPC Mac OS X Mach-O; en-US; rv:1.7.7) Gecko/20050414 Firefox/1.0.3"Invalid request
209.222.209.195 - - [21/Feb/2008:10:59:48] "GET /favicon.ico HTTP/1.1" 404 - "-" "Mozilla/5.0 (Macintosh; U; PPC Mac OS X Mach-O; en-US; rv:1.7.7) Gecko/20050414 Firefox/1.0.3"Invalid request
209.222.209.195 - - [21/Feb/2008:10:59:59] "GET /favicon.ico HTTP/1.1" 404 - "-" "Mozilla/5.0 (Macintosh; U; PPC Mac OS X Mach-O; en-US; rv:1.7.7) Gecko/20050414 Firefox/1.0.3"Invalid request
209.222.209.207 - - [21/Feb/2008:11:00:46] "GET /favicon.ico HTTP/1.1" 404 - "-" "Mozilla/5.0 (Windows; U; Windows NT 5.1; en-US; rv:1.8.1.12) Gecko/20080201 Firefox/2.0.0.12"Invalid request
209.222.209.195 - - [21/Feb/2008:11:00:50] "GET /favicon.ico HTTP/1.1" 404 - "-" "Mozilla/5.0 (Macintosh; U; PPC Mac OS X Mach-O; en-US; rv:1.7.7) Gecko/20050414 Firefox/1.0.3"Invalid request
209.222.209.195 - - [21/Feb/2008:11:05:08] "GET /favicon.ico HTTP/1.1" 404 - "-" "Mozilla/5.0 (Macintosh; U; PPC Mac OS X Mach-O; en-US; rv:1.7.7) Gecko/20050414 Firefox/1.0.3"Invalid request
209.222.209.141 - - [21/Feb/2008:11:05:19] "GET /favicon.ico HTTP/1.1" 404 - "-" "Mozilla/5.0 (Windows; U; Windows NT 5.1; en-US; rv:1.8.1.12) Gecko/20080201 Firefox/2.0.0.12"Invalid request
209.222.204.105 - - [21/Feb/2008:11:08:09] "GET /favicon.ico HTTP/1.1" 404 - "-" "Mozilla/5.0 (Windows; U; Windows NT 5.1; en-US; rv:1.8.1.12) Gecko/20080201 Firefox/2.0.0.12"Invalid request
209.222.209.216 - - [21/Feb/2008:11:15:29] "GET /favicon.ico HTTP/1.1" 404 - "-" "Mozilla/5.0 (Windows; U; Windows NT 5.1; en-US; rv:1.8.1.12) Gecko/20080201 Firefox/2.0.0.12"Invalid request
63.162.139.164 - - [21/Feb/2008:11:30:06] "EOF" 0 - "-" -truncated request
63.162.139.164 - - [21/Feb/2008:11:34:05] "GET //cgi-bin/awstats/awstats.pl HTTP/1.1" 404 - "-" "Mozilla/4.0 (compatible; MSIE 6.0; Windows 98)"Invalid request
63.162.139.164 - - [21/Feb/2008:11:34:06] "GET //cgi-bin/awstats.pl HTTP/1.1" 404 - "-" "Mozilla/4.0 (compatible; MSIE 6.0; Windows 98)"Invalid request
63.162.139.164 - - [21/Feb/2008:11:34:07] "GET //cgi/awstats.pl HTTP/1.1" 404 - "-" "Mozilla/4.0 (compatible; MSIE 6.0; Windows 98)"Invalid request
63.162.139.164 - - [21/Feb/2008:11:34:08] "GET //awstats/awstats.pl HTTP/1.1" 404 - "-" "Mozilla/4.0 (compatible; MSIE 6.0; Windows 98)"Invalid request
63.162.139.164 - - [21/Feb/2008:11:34:09] "GET //cgi-bin/stats/awstats.pl HTTP/1.1" 404 - "-" "Mozilla/4.0 (compatible; MSIE 6.0; Windows 98)"Invalid request
63.162.139.164 - - [21/Feb/2008:11:34:09] "GET //stats/awstats.pl HTTP/1.1" 404 - "-" "Mozilla/4.0 (compatible; MSIE 6.0; Windows 98)"Invalid request
63.162.139.164 - - [21/Feb/2008:11:34:10] "GET //awstats.pl HTTP/1.1" 404 - "-" "Mozilla/4.0 (compatible; MSIE 6.0; Windows 98)"Invalid request
63.162.139.164 - - [21/Feb/2008:11:34:11] "GET //cgi/stats/awstats.pl HTTP/1.1" 404 - "-" "Mozilla/4.0 (compatible; MSIE 6.0; Windows 98)"Invalid request
130.88.147.184 - - [21/Feb/2008:11:42:46] "GET /favicon.ico HTTP/1.1" 404 - "-" "Mozilla/4.0 (compatible; MSIE 7.0; Windows NT 5.1; .NET CLR 1.0.3705; .NET CLR 1.1.4322; InfoPath.1)"Invalid request
129.100.236.167 - - [21/Feb/2008:11:52:34] "GET /favicon.ico HTTP/1.1" 404 - "-" "Mozilla/4.0 (compatible; MSIE 7.0; Windows NT 5.1; InfoPath.1)"Invalid request
66.249.72.225 - googlebot(at)googlebot.com [21/Feb/2008:11:54:28] "GET /MOUSE/NEW-IMAGE?type=GENE-IN-MAP-IN-PWY&object=MGI:97492 HTTP/1.1" 500 - "-" "Mozilla/5.0 (compatible; Googlebot/2.1; +http://www.google.com/bot.html)"NIL
128.223.57.217 - - [21/Feb/2008:11:58:48] "GET /favicon.ico HTTP/1.1" 404 - "-" "Mozilla/5.0 (Macintosh; U; PPC Mac OS X Mach-O; en; rv:1.8.1.12) Gecko/20080206 Camino/1.5.5"Invalid request
64.116.128.202 - - [21/Feb/2008:12:02:45] "GET /favicon.ico HTTP/1.1" 404 - "-" "Mozilla/5.0 (Windows; U; Windows NT 5.1; es-AR; rv:1.8.1.9) Gecko/20071025 Firefox/2.0.0.9"Invalid request
66.249.72.225 - googlebot(at)googlebot.com [21/Feb/2008:12:17:35] "GET /MOUSE/NEW-IMAGE?type=GENE&object=MGI:1858170 HTTP/1.1" 500 - "-" "Mozilla/5.0 (compatible; Googlebot/2.1; +http://www.google.com/bot.html)"NIL
66.249.72.225 - googlebot(at)googlebot.com [21/Feb/2008:12:28:41] "GET /MOUSE/NEW-IMAGE?type=GENE-IN-MAP-IN-PWY&object=MGI:88061 HTTP/1.1" 500 - "-" "Mozilla/5.0 (compatible; Googlebot/2.1; +http://www.google.com/bot.html)"NIL
66.249.72.225 - googlebot(at)googlebot.com [21/Feb/2008:12:29:04] "GET /MOUSE/NEW-IMAGE?type=GENE-IN-MAP-IN-PWY&object=MGI:96413 HTTP/1.1" 500 - "-" "Mozilla/5.0 (compatible; Googlebot/2.1; +http://www.google.com/bot.html)"NIL
66.249.72.225 - googlebot(at)googlebot.com [21/Feb/2008:12:29:20] "GET /MOUSE/NEW-IMAGE?type=GENE-IN-MAP-IN-PWY&object=MGI:1916969 HTTP/1.1" 500 - "-" "Mozilla/5.0 (compatible; Googlebot/2.1; +http://www.google.com/bot.html)"NIL
66.249.72.225 - googlebot(at)googlebot.com [21/Feb/2008:12:29:34] "GET /MOUSE/NEW-IMAGE?type=GENE-IN-PWY&object=MGI:97492 HTTP/1.1" 500 - "-" "Mozilla/5.0 (compatible; Googlebot/2.1; +http://www.google.com/bot.html)"NIL
195.220.163.253 - - [21/Feb/2008:12:52:38] "GET /favicon.ico HTTP/1.1" 404 - "-" "Mozilla/5.0 (Windows; U; Windows NT 5.1; fr; rv:1.8.1.12) Gecko/20080201 Firefox/2.0.0.12"Invalid request
0.0.0.0 - - [21/Feb/2008:12:56:28] "GET /Treeview/ftv2vertline.gif HTTP/1.1" 0 - "http://mousecyc.jax.org/MOUSE/class-tree?object=Pathways" "Mozilla/4.0 (compatible; MSIE 6.0; Windows NT 5.1; SV1; .NET CLR 1.1.4322; .NET CLR 2.0.50727)"End of File was encountered (user probably pressed Stop)
0.0.0.0 - - [21/Feb/2008:12:56:28] "GET /Treeview/ftv2pnode.gif HTTP/1.1" 0 - "http://mousecyc.jax.org/MOUSE/class-tree?object=Pathways" "Mozilla/4.0 (compatible; MSIE 6.0; Windows NT 5.1; SV1; .NET CLR 1.1.4322; .NET CLR 2.0.50727)"End of File was encountered (user probably pressed Stop)
0.0.0.0 - - [21/Feb/2008:12:56:28] "GET /Treeview/ftv2vertline.gif HTTP/1.1" 0 - "http://mousecyc.jax.org/MOUSE/class-tree?object=Pathways" "Mozilla/4.0 (compatible; MSIE 6.0; Windows NT 5.1; SV1; .NET CLR 1.1.4322; .NET CLR 2.0.50727)"End of File was encountered (user probably pressed Stop)
66.249.72.225 - googlebot(at)googlebot.com [21/Feb/2008:12:57:34] "GET /MOUSE/NEW-IMAGE?type=GENE-IN-MAP-IN-PWY&object=MGI:1298388 HTTP/1.1" 500 - "-" "Mozilla/5.0 (compatible; Googlebot/2.1; +http://www.google.com/bot.html)"NIL
66.249.72.225 - googlebot(at)googlebot.com [21/Feb/2008:12:57:37] "GET /MOUSE/NEW-IMAGE?type=ENZYME-IN-PATHWAY&object=MGI:2135593-MONOMER HTTP/1.1" 200 - "-" "Mozilla/5.0 (compatible; Googlebot/2.1; +http://www.google.com/bot.html)"# is not an open-for-output STREAM.
66.249.72.225 - googlebot(at)googlebot.com [21/Feb/2008:12:57:37] "GET /MOUSE/NEW-IMAGE?object=a+fatty+aldehyde HTTP/1.1" 200 - "-" "Mozilla/5.0 (compatible; Googlebot/2.1; +http://www.google.com/bot.html)"writing buffer for # resulted in error (code 32): Broken pipe.
193.174.111.250 - - [21/Feb/2008:13:04:02] "GET /favicon.ico HTTP/1.1" 404 - "-" "Mozilla/5.0 (Macintosh; U; Intel Mac OS X; de-de) AppleWebKit/418.9 (KHTML, like Gecko) Safari/419.3"Invalid request
193.174.111.250 - - [21/Feb/2008:13:04:16] "GET /favicon.ico HTTP/1.1" 404 - "-" "Mozilla/5.0 (Macintosh; U; Intel Mac OS X; de-de) AppleWebKit/418.9 (KHTML, like Gecko) Safari/419.3"Invalid request
193.174.111.250 - - [21/Feb/2008:13:04:46] "GET /favicon.ico HTTP/1.1" 404 - "-" "Mozilla/5.0 (Macintosh; U; Intel Mac OS X; de-de) AppleWebKit/418.9 (KHTML, like Gecko) Safari/419.3"Invalid request
66.249.72.225 - googlebot(at)googlebot.com [21/Feb/2008:13:08:23] "GET /MOUSE/NEW-IMAGE?type=GENE-IN-MAP-IN-PWY&object=MGI:95745 HTTP/1.1" 500 - "-" "Mozilla/5.0 (compatible; Googlebot/2.1; +http://www.google.com/bot.html)"NIL
66.249.72.225 - googlebot(at)googlebot.com [21/Feb/2008:13:08:25] "GET /MOUSE/NEW-IMAGE?type=REACTION&object=DCDPKIN-RXN HTTP/1.1" 200 - "-" "Mozilla/5.0 (compatible; Googlebot/2.1; +http://www.google.com/bot.html)"# is not an open-for-output STREAM.
66.249.72.225 - googlebot(at)googlebot.com [21/Feb/2008:13:08:25] "GET /MOUSE/NEW-IMAGE?type=REACTION&object=ARGININE--TRNA-LIGASE-RXN HTTP/1.1" 200 - "-" "Mozilla/5.0 (compatible; Googlebot/2.1; +http://www.google.com/bot.html)"writing buffer for # resulted in error (code 32): Broken pipe.
66.249.72.225 - googlebot(at)googlebot.com [21/Feb/2008:13:08:25] "GET /MOUSE/NEW-IMAGE?type=REACTION&object=RXN-7700 HTTP/1.1" 200 - "-" "Mozilla/5.0 (compatible; Googlebot/2.1; +http://www.google.com/bot.html)"# is not an open-for-output STREAM.
209.222.204.189 - - [21/Feb/2008:13:08:33] "GET /favicon.ico HTTP/1.1" 404 - "-" "Mozilla/5.0 (Windows; U; Windows NT 5.1; en-US; rv:1.8.1.12) Gecko/20080201 Firefox/2.0.0.12"Invalid request
149.142.103.56 - - [21/Feb/2008:13:27:43] "GET /favicon.ico HTTP/1.1" 404 - "-" "Mozilla/4.0 (compatible; MSIE 7.0; Windows NT 5.1; .NET CLR 1.1.4322)"Invalid request
128.231.88.5 - - [21/Feb/2008:13:31:00] "GET /MOUSE/NEW-IMAGE?object=Unclassified-Genes HTTP/1.1" 200 - "http://www.google.com/search?q=site%3Amousecyc.jax.org&q=atf3" "Mozilla/4.0 (compatible; MSIE 6.0; Windows NT 5.1; SV1; .NET CLR 1.1.4322; .NET CLR 2.0.50727)"# is not an open-for-output STREAM.
128.231.88.5 - - [21/Feb/2008:13:31:45] "GET / HTTP/1.1" 200 - "http://www.informatics.jax.org/pathways.shtml" "Mozilla/4.0 (compatible; MSIE 6.0; Windows NT 5.1; SV1; .NET CLR 1.1.4322; .NET CLR 2.0.50727)"writing buffer for # resulted in error (code 32): Broken pipe.
128.231.88.5 - - [21/Feb/2008:13:31:58] "GET /MOUSE/NEW-IMAGE?object=Unclassified-Genes HTTP/1.1" 200 - "http://www.google.com/search?q=site%3Amousecyc.jax.org&q=atf3" "Mozilla/4.0 (compatible; MSIE 6.0; Windows NT 5.1; SV1; .NET CLR 1.1.4322; .NET CLR 2.0.50727)"# is not an open-for-output STREAM.
128.231.88.6 - - [21/Feb/2008:13:31:58] "GET /overLIB/overlib_positioncap.js HTTP/1.1" 200 - "http://mousecyc.jax.org/MOUSE/NEW-IMAGE?object=Unclassified-Genes" "Mozilla/4.0 (compatible; MSIE 6.0; Windows NT 5.1; SV1; .NET CLR 1.1.4322; .NET CLR 2.0.50727)"writing buffer for # resulted in error (code 32): Broken pipe.
128.231.88.5 - - [21/Feb/2008:13:32:16] "GET /MOUSE/class-instances?object=Proteins HTTP/1.1" 200 - "http://www.informatics.jax.org/pathways.shtml" "Mozilla/4.0 (compatible; MSIE 6.0; Windows NT 5.1; SV1; .NET CLR 1.1.4322; .NET CLR 2.0.50727)"# is not an open-for-output STREAM.
128.231.88.7 - - [21/Feb/2008:13:32:50] "GET /ov-button.jpg HTTP/1.1" 200 37664 "http://mousecyc.jax.org/" "Mozilla/4.0 (compatible; MSIE 6.0; Windows NT 5.1; SV1; .NET CLR 1.1.4322; .NET CLR 2.0.50727)"writing buffer for # resulted in error (code 32): Broken pipe.
128.231.88.6 - - [21/Feb/2008:13:33:02] "GET /ov-button.jpg HTTP/1.1" 200 37664 "http://mousecyc.jax.org/" "Mozilla/4.0 (compatible; MSIE 6.0; Windows NT 5.1; SV1; .NET CLR 1.1.4322; .NET CLR 2.0.50727)"writing buffer for # resulted in error (code 32): Broken pipe.
66.249.72.225 - googlebot(at)googlebot.com [21/Feb/2008:13:46:49] "GET /MOUSE/NEW-IMAGE?type=GENE-IN-MAP-IN-PWY&object=MGI:95745 HTTP/1.1" 200 - "-" "Mozilla/5.0 (compatible; Googlebot/2.1; +http://www.google.com/bot.html)"# is not an open-for-output STREAM.
195.220.163.253 - - [21/Feb/2008:13:53:08] "GET //MOUSE/NEW-IMAGE?type=NIL&object=PWY-2201 HTTP/1.1" 0 - "-" -Connection to client timed out
209.222.209.141 - - [21/Feb/2008:13:53:20] "GET /ov-button.jpg HTTP/1.1" 200 37664 "http://mousecyc.jax.org/" "Mozilla/5.0 (Windows; U; Windows NT 5.1; en-US; rv:1.8.1.12) Gecko/20080201 Firefox/2.0.0.12"writing buffer for # resulted in error (code 32): Broken pipe.
209.222.209.141 - - [21/Feb/2008:13:53:36] "EOF" 0 - "-" -truncated request
195.220.163.253 - - [21/Feb/2008:13:54:00] "GET //MOUSE/NEW-IMAGE?type=NIL&object=PWY-2201 HTTP/1.1" 0 - "-" -Connection to client timed out
195.220.163.253 - - [21/Feb/2008:13:54:15] "GET //MOUSE/NEW-IMAGE?type=NIL&object=PWY-2161B HTTP/1.1" 0 - "-" -Connection to client timed out
66.249.72.225 - - [21/Feb/2008:13:54:22] "GET /MOUSE/NEW-IMAGE?type=PATHWAY&object=GLYCOCAT-PWY HTTP/1.1" 0 - "-" -Connection to client timed out
209.222.209.141 - - [21/Feb/2008:13:54:28] "GET /MOUSE/class-instances?object=Genes HTTP/1.1" 200 - "http://www.informatics.jax.org/pathways.shtml" "Mozilla/5.0 (Windows; U; Windows NT 5.1; en-US; rv:1.8.1.12) Gecko/20080201 Firefox/2.0.0.12"# is not an open-for-output STREAM.
195.220.163.253 - - [21/Feb/2008:13:54:52] "GET //MOUSE/NEW-IMAGE?type=NIL&object=PWY-2201 HTTP/1.1" 0 - "-" -Connection to client timed out
209.222.209.141 - - [21/Feb/2008:13:55:08] "GET /MOUSE/class-instances?object=Proteins HTTP/1.1" 200 - "http://www.informatics.jax.org/pathways.shtml" "Mozilla/5.0 (Windows; U; Windows NT 5.1; en-US; rv:1.8.1.12) Gecko/20080201 Firefox/2.0.0.12"# is not an open-for-output STREAM.
209.222.209.141 - - [21/Feb/2008:13:55:29] "GET /MOUSE/class-instances?object=Compounds HTTP/1.1" 200 - "http://www.informatics.jax.org/pathways.shtml" "Mozilla/5.0 (Windows; U; Windows NT 5.1; en-US; rv:1.8.1.12) Gecko/20080201 Firefox/2.0.0.12"# is not an open-for-output STREAM.
134.174.182.211 - - [21/Feb/2008:13:56:13] "GET /favicon.ico HTTP/1.1" 404 - "http://mousecyc.jax.org/expression.html" "Mozilla/5.0 (Macintosh; U; PPC Mac OS X; en) AppleWebKit/523.12.2 (KHTML, like Gecko) Version/3.0.4 Safari/523.12.2"Invalid request
66.249.72.225 - - [21/Feb/2008:13:57:21] "GET /MOUSE/NEW-IMAGE?type=GENE-IN-MAP-IN-PWY&object=MGI:1298388 HTTP/1.1" 0 - "-" -Connection to client timed out
193.174.111.250 - - [21/Feb/2008:13:57:22] "GET /MOUSE/NEW-IMAGE?type=ENZYME&object=MGI:108460-MONOMER HTTP/1.1" 200 - "http://mousecyc.jax.org/MOUSE/substring-search?object=wnt" "Mozilla/5.0 (Macintosh; U; Intel Mac OS X; de-de) AppleWebKit/418.9 (KHTML, like Gecko) Safari/419.3"# is not an open-for-output STREAM.
66.249.72.225 - googlebot(at)googlebot.com [21/Feb/2008:13:57:26] "GET /MOUSE/NEW-IMAGE?type=ENZYME-IN-PATHWAY&object=MGI:2135593-MONOMER HTTP/1.1" 200 - "-" "Mozilla/5.0 (compatible; Googlebot/2.1; +http://www.google.com/bot.html)"# is not an open-for-output STREAM.
66.249.72.225 - googlebot(at)googlebot.com [21/Feb/2008:13:57:26] "GET /MOUSE/NEW-IMAGE?object=a+fatty+aldehyde HTTP/1.1" 200 - "-" "Mozilla/5.0 (compatible; Googlebot/2.1; +http://www.google.com/bot.html)"writing buffer for # resulted in error (code 32): Broken pipe.
66.249.72.225 - googlebot(at)googlebot.com [21/Feb/2008:13:57:26] "GET /MOUSE/NEW-IMAGE?object=a+fatty+aldehyde HTTP/1.1" 200 - "-" "Mozilla/5.0 (compatible; Googlebot/2.1; +http://www.google.com/bot.html)"writing buffer for # resulted in error (code 32): Broken pipe.
66.249.72.225 - googlebot(at)googlebot.com [21/Feb/2008:13:57:26] "GET /MOUSE/NEW-IMAGE?type=ENZYME-IN-PATHWAY&object=MGI:2135593-MONOMER HTTP/1.1" 200 - "-" "Mozilla/5.0 (compatible; Googlebot/2.1; +http://www.google.com/bot.html)"# is not an open-for-output STREAM.
66.249.72.225 - googlebot(at)googlebot.com [21/Feb/2008:13:57:26] "GET /MOUSE/NEW-IMAGE?object=a+fatty+aldehyde HTTP/1.1" 200 - "-" "Mozilla/5.0 (compatible; Googlebot/2.1; +http://www.google.com/bot.html)"writing buffer for # resulted in error (code 32): Broken pipe.
66.249.72.225 - googlebot(at)googlebot.com [21/Feb/2008:13:57:26] "GET /MOUSE/NEW-IMAGE?type=GENE-IN-PWY&object=MGI:1922656 HTTP/1.1" 200 - "-" "Mozilla/5.0 (compatible; Googlebot/2.1; +http://www.google.com/bot.html)"writing buffer for # resulted in error (code 32): Broken pipe.
66.249.72.225 - googlebot(at)googlebot.com [21/Feb/2008:13:57:26] "GET /MOUSE/NEW-IMAGE?type=REACTION&object=DCDPKIN-RXN HTTP/1.1" 200 - "-" "Mozilla/5.0 (compatible; Googlebot/2.1; +http://www.google.com/bot.html)"# is not an open-for-output STREAM.
66.249.72.225 - googlebot(at)googlebot.com [21/Feb/2008:13:57:26] "GET /MOUSE/NEW-IMAGE?type=REACTION&object=ARGININE--TRNA-LIGASE-RXN HTTP/1.1" 200 - "-" "Mozilla/5.0 (compatible; Googlebot/2.1; +http://www.google.com/bot.html)"writing buffer for # resulted in error (code 32): Broken pipe.
66.249.72.225 - googlebot(at)googlebot.com [21/Feb/2008:13:57:28] "GET /MOUSE/NEW-IMAGE?type=REACTION&object=RXN-7700 HTTP/1.1" 200 - "-" "Mozilla/5.0 (compatible; Googlebot/2.1; +http://www.google.com/bot.html)"# is not an open-for-output STREAM.
66.249.72.225 - googlebot(at)googlebot.com [21/Feb/2008:13:57:28] "GET /MOUSE/NEW-IMAGE?type=PATHWAY&object=SER-GLYSYN-PWY HTTP/1.1" 200 - "-" "Mozilla/5.0 (compatible; Googlebot/2.1; +http://www.google.com/bot.html)"# is not an open-for-output STREAM.
195.220.163.253 - - [21/Feb/2008:13:58:05] "GET //MOUSE/NEW-IMAGE?type=NIL&object=PWY-2201 HTTP/1.1" 0 - "-" -Connection to client timed out
195.220.163.253 - - [21/Feb/2008:13:59:15] "GET //MOUSE/NEW-IMAGE?type=NIL&object=1CMET2-PWY HTTP/1.1" 0 - "-" -Connection to client timed out
195.220.163.253 - - [21/Feb/2008:13:59:23] "GET //MOUSE/NEW-IMAGE?type=NIL&object=PWY-2161B HTTP/1.1" 0 - "-" -Connection to client timed out
69.181.72.108 - - [21/Feb/2008:13:59:33] "EOF" 0 - "-" -truncated request
69.181.72.108 - - [21/Feb/2008:13:59:33] "EOF" 0 - "-" -truncated request
69.181.72.108 - - [21/Feb/2008:13:59:33] "EOF" 0 - "-" -truncated request
69.181.72.108 - - [21/Feb/2008:13:59:33] "EOF" 0 - "-" -truncated request
69.181.72.108 - - [21/Feb/2008:13:59:39] "GET /favicon.ico HTTP/1.1" 404 - "-" "Mozilla/5.0 (Windows; U; Windows NT 5.1; en-US; rv:1.8.1.12) Gecko/20080201 Firefox/2.0.0.12"Invalid request
195.220.163.253 - - [21/Feb/2008:14:00:49] "GET //MOUSE/NEW-IMAGE?type=NIL&object=PWY-3981 HTTP/1.1" 0 - "-" -Connection to client timed out
69.181.72.108 - - [21/Feb/2008:14:01:23] "EOF" 0 - "-" -truncated request
69.181.72.108 - - [21/Feb/2008:14:01:23] "EOF" 0 - "-" -truncated request
66.249.72.225 - googlebot(at)googlebot.com [21/Feb/2008:14:04:15] "GET /MOUSE/NEW-IMAGE?type=GENE-IN-MAP-IN-PWY&object=MGI:95745 HTTP/1.1" 500 - "-" "Mozilla/5.0 (compatible; Googlebot/2.1; +http://www.google.com/bot.html)"NIL
137.131.18.187 - - [21/Feb/2008:14:08:21] "GET /favicon.ico HTTP/1.1" 404 - "http://mousecyc.jax.org/MOUSE/class-instances?object=Pathways" "Mozilla/5.0 (Macintosh; U; Intel Mac OS X; en) AppleWebKit/523.12.2 (KHTML, like Gecko) Version/3.0.4 Safari/523.12.2"Invalid request
66.249.72.225 - - [21/Feb/2008:14:12:27] "GET /MOUSE/NEW-IMAGE?type=PATHWAY&object=GLYCOCAT-PWY HTTP/1.1" 0 - "-" -Connection to client timed out
195.220.163.253 - - [21/Feb/2008:14:16:47] "GET //MOUSE/NEW-IMAGE?type=NIL&object=AERESPDON-PWY HTTP/1.1" 0 - "-" -Connection to client timed out
129.107.37.87 - - [21/Feb/2008:14:20:50] "GET /MOUSE/NEW-IMAGE?type=PATHWAY&object=TCA HTTP/1.1" 0 - "-" -Connection to client timed out
66.249.72.225 - - [21/Feb/2008:14:21:32] "GET /MOUSE/NEW-IMAGE?type=GENE-IN-MAP-IN-PWY&object=MGI:1298388 HTTP/1.1" 0 - "-" -Connection to client timed out
128.231.88.7 - - [21/Feb/2008:14:21:33] "GET /MOUSE/NEW-IMAGE?type=GENE&object=MGI:103034 HTTP/1.1" 200 - "http://mousecyc.jax.org/MOUSE/substring-search?type=NIL&object=stat" "Mozilla/4.0 (compatible; MSIE 6.0; Windows NT 5.1; SV1; .NET CLR 1.1.4322; .NET CLR 2.0.50727)"# is not an open-for-output STREAM.
128.231.88.7 - - [21/Feb/2008:14:21:33] "GET /MOUSE/NEW-IMAGE?type=GENE&object=MGI:96548 HTTP/1.1" 200 - "http://mousecyc.jax.org/MOUSE/substring-search?type=NIL&object=IL-2" "Mozilla/4.0 (compatible; MSIE 6.0; Windows NT 5.1; SV1; .NET CLR 1.1.4322; .NET CLR 2.0.50727)"# is not an open-for-output STREAM.
128.231.88.7 - - [21/Feb/2008:14:21:33] "GET /MOUSE/NEW-IMAGE?type=GENE&object=MGI:103034 HTTP/1.1" 200 - "http://mousecyc.jax.org/MOUSE/substring-search?type=NIL&object=stat" "Mozilla/4.0 (compatible; MSIE 6.0; Windows NT 5.1; SV1; .NET CLR 1.1.4322; .NET CLR 2.0.50727)"# is not an open-for-output STREAM.
128.231.88.7 - - [21/Feb/2008:14:21:33] "GET /MOUSE/NEW-IMAGE?type=GENE&object=MGI:96548 HTTP/1.1" 200 - "http://mousecyc.jax.org/MOUSE/substring-search?type=NIL&object=IL-2" "Mozilla/4.0 (compatible; MSIE 6.0; Windows NT 5.1; SV1; .NET CLR 1.1.4322; .NET CLR 2.0.50727)"# is not an open-for-output STREAM.
128.231.88.5 - - [21/Feb/2008:14:21:33] "GET /MOUSE/NEW-IMAGE?type=GENE&object=MGI:1890474 HTTP/1.1" 200 - "http://mousecyc.jax.org/MOUSE/substring-search?type=NIL&object=IL-2" "Mozilla/4.0 (compatible; MSIE 6.0; Windows NT 5.1; SV1; .NET CLR 1.1.4322; .NET CLR 2.0.50727)"# is not an open-for-output STREAM.
128.231.88.5 - - [21/Feb/2008:14:21:33] "GET /MOUSE/NEW-IMAGE?type=GENE&object=MGI:1890474 HTTP/1.1" 200 - "http://mousecyc.jax.org/MOUSE/substring-search?type=NIL&object=IL-2" "Mozilla/4.0 (compatible; MSIE 6.0; Windows NT 5.1; SV1; .NET CLR 1.1.4322; .NET CLR 2.0.50727)"# is not an open-for-output STREAM.
128.231.88.5 - - [21/Feb/2008:14:21:33] "GET /MOUSE/NEW-IMAGE?type=GENE&object=MGI:103035 HTTP/1.1" 200 - "http://mousecyc.jax.org/MOUSE/substring-search?type=NIL&object=stat" "Mozilla/4.0 (compatible; MSIE 6.0; Windows NT 5.1; SV1; .NET CLR 1.1.4322; .NET CLR 2.0.50727)"# is not an open-for-output STREAM.
66.249.72.225 - googlebot(at)googlebot.com [21/Feb/2008:14:21:35] "GET /MOUSE/NEW-IMAGE?type=GENE-IN-PWY&object=MGI:1922656 HTTP/1.1" 200 - "-" "Mozilla/5.0 (compatible; Googlebot/2.1; +http://www.google.com/bot.html)"writing buffer for # resulted in error (code 32): Broken pipe.
66.249.72.225 - googlebot(at)googlebot.com [21/Feb/2008:14:21:35] "GET /MOUSE/NEW-IMAGE?type=REACTION&object=DCDPKIN-RXN HTTP/1.1" 200 - "-" "Mozilla/5.0 (compatible; Googlebot/2.1; +http://www.google.com/bot.html)"# is not an open-for-output STREAM.
66.249.72.225 - googlebot(at)googlebot.com [21/Feb/2008:14:21:35] "GET /MOUSE/NEW-IMAGE?type=REACTION&object=ARGININE--TRNA-LIGASE-RXN HTTP/1.1" 200 - "-" "Mozilla/5.0 (compatible; Googlebot/2.1; +http://www.google.com/bot.html)"writing buffer for # resulted in error (code 32): Broken pipe.
66.249.72.225 - googlebot(at)googlebot.com [21/Feb/2008:14:21:35] "GET /MOUSE/NEW-IMAGE?type=PATHWAY&object=SER-GLYSYN-PWY HTTP/1.1" 200 - "-" "Mozilla/5.0 (compatible; Googlebot/2.1; +http://www.google.com/bot.html)"# is not an open-for-output STREAM.
66.249.72.225 - googlebot(at)googlebot.com [21/Feb/2008:14:27:45] "GET /MOUSE/NEW-IMAGE?type=GENE-IN-MAP-IN-PWY&object=MGI:95745 HTTP/1.1" 500 - "-" "Mozilla/5.0 (compatible; Googlebot/2.1; +http://www.google.com/bot.html)"NIL
128.231.88.5 - - [21/Feb/2008:14:27:45] "GET /MOUSE/NEW-IMAGE?type=GENE&object=MGI:103035 HTTP/1.1" 200 - "http://mousecyc.jax.org/MOUSE/substring-search?type=NIL&object=stat" "Mozilla/4.0 (compatible; MSIE 6.0; Windows NT 5.1; SV1; .NET CLR 1.1.4322; .NET CLR 2.0.50727)"# is not an open-for-output STREAM.
69.181.72.108 - - [21/Feb/2008:14:27:45] "GET /MOUSE/NEW-IMAGE?type=ENZYME&object=MGI:96548-MONOMER HTTP/1.1" 200 - "http://mousecyc.jax.org/MOUSE/substring-search?object=cytokine" "Mozilla/5.0 (Windows; U; Windows NT 5.1; en-US; rv:1.8.1.12) Gecko/20080201 Firefox/2.0.0.12"# is not an open-for-output STREAM.
69.181.72.108 - - [21/Feb/2008:14:27:45] "GET /MOUSE/NEW-IMAGE?type=ENZYME&object=MGI:96548-MONOMER HTTP/1.1" 200 - "http://mousecyc.jax.org/MOUSE/substring-search?object=cytokine" "Mozilla/5.0 (Windows; U; Windows NT 5.1; en-US; rv:1.8.1.12) Gecko/20080201 Firefox/2.0.0.12"# is not an open-for-output STREAM.
69.181.72.108 - - [21/Feb/2008:14:27:45] "GET /MOUSE/NEW-IMAGE?type=ENZYME&object=MGI:96548-MONOMER HTTP/1.1" 200 - "http://mousecyc.jax.org/MOUSE/substring-search?object=cytokine" "Mozilla/5.0 (Windows; U; Windows NT 5.1; en-US; rv:1.8.1.12) Gecko/20080201 Firefox/2.0.0.12"# is not an open-for-output STREAM.
66.249.72.225 - googlebot(at)googlebot.com [21/Feb/2008:14:27:46] "GET /MOUSE/NEW-IMAGE?type=REACTION&object=RXN-7700 HTTP/1.1" 200 - "-" "Mozilla/5.0 (compatible; Googlebot/2.1; +http://www.google.com/bot.html)"# is not an open-for-output STREAM.
66.249.72.225 - googlebot(at)googlebot.com [21/Feb/2008:14:27:46] "GET /MOUSE/NEW-IMAGE?type=GENE-IN-PWY&object=MGI:1922656 HTTP/1.1" 200 - "-" "Mozilla/5.0 (compatible; Googlebot/2.1; +http://www.google.com/bot.html)"writing buffer for # resulted in error (code 32): Broken pipe.
66.249.72.225 - googlebot(at)googlebot.com [21/Feb/2008:14:27:46] "GET /MOUSE/NEW-IMAGE?type=ENZYME-IN-PATHWAY&object=MGI:2135593-MONOMER HTTP/1.1" 200 - "-" "Mozilla/5.0 (compatible; Googlebot/2.1; +http://www.google.com/bot.html)"# is not an open-for-output STREAM.
66.249.72.225 - googlebot(at)googlebot.com [21/Feb/2008:14:27:48] "GET /MOUSE/NEW-IMAGE?object=a+fatty+aldehyde HTTP/1.1" 200 - "-" "Mozilla/5.0 (compatible; Googlebot/2.1; +http://www.google.com/bot.html)"writing buffer for # resulted in error (code 32): Broken pipe.
66.249.72.225 - googlebot(at)googlebot.com [21/Feb/2008:14:27:48] "GET /MOUSE/NEW-IMAGE?type=PATHWAY&object=GLYCOCAT-PWY HTTP/1.1" 200 - "-" "Mozilla/5.0 (compatible; Googlebot/2.1; +http://www.google.com/bot.html)"# is not an open-for-output STREAM.
149.142.103.56 - - [21/Feb/2008:14:28:06] "GET //MOUSE/NEW-IMAGE?type=NIL&object=PWY-2541 HTTP/1.1" 0 - "-" -Connection to client timed out
209.222.209.201 - - [21/Feb/2008:14:36:10] "GET /favicon.ico HTTP/1.1" 404 - "-" "Mozilla/5.0 (Windows; U; Windows NT 5.1; en-US; rv:1.8.1.12) Gecko/20080201 Firefox/2.0.0.12"Invalid request
66.252.41.130 - - [21/Feb/2008:14:48:15] "GET /favicon.ico HTTP/1.1" 404 - "-" "Mozilla/5.0 (Windows; U; Windows NT 6.0; en-US; rv:1.8.1.12) Gecko/20080201 Firefox/2.0.0.12"Invalid request
66.252.41.130 - - [21/Feb/2008:14:50:31] "GET /style.css HTTP/1.1" 0 - "http://mousecyc.jax.org/" "Mozilla/5.0 (Windows; U; Windows NT 6.0; en-US; rv:1.8.1.12) Gecko/20080201 Firefox/2.0.0.12"End of File was encountered (user probably pressed Stop)
66.249.72.225 - - [21/Feb/2008:14:57:37] "GET /MOUSE/NEW-IMAGE?type=PATHWAY&object=GLYCOCAT-PWY HTTP/1.1" 0 - "-" -Connection to client timed out
66.249.72.225 - - [21/Feb/2008:15:00:37] "GET /MOUSE/NEW-IMAGE?type=GENE-IN-MAP-IN-PWY&object=MGI:1298388 HTTP/1.1" 0 - "-" -Connection to client timed out
66.249.72.225 - googlebot(at)googlebot.com [21/Feb/2008:15:00:38] "GET /MOUSE/NEW-IMAGE?type=PATHWAY&object=SER-GLYSYN-PWY HTTP/1.1" 200 - "-" "Mozilla/5.0 (compatible; Googlebot/2.1; +http://www.google.com/bot.html)"# is not an open-for-output STREAM.
66.249.72.225 - googlebot(at)googlebot.com [21/Feb/2008:15:00:38] "GET /MOUSE/NEW-IMAGE?type=GENE-IN-MAP-IN-PWY&object=MGI:96763 HTTP/1.1" 200 - "-" "Mozilla/5.0 (compatible; Googlebot/2.1; +http://www.google.com/bot.html)"writing buffer for # resulted in error (code 32): Broken pipe.
66.249.72.225 - googlebot(at)googlebot.com [21/Feb/2008:15:00:38] "GET /MOUSE/NEW-IMAGE?type=PATHWAY&object=SER-GLYSYN-PWY HTTP/1.1" 200 - "-" "Mozilla/5.0 (compatible; Googlebot/2.1; +http://www.google.com/bot.html)"# is not an open-for-output STREAM.
66.249.72.225 - googlebot(at)googlebot.com [21/Feb/2008:15:00:38] "GET /MOUSE/NEW-IMAGE?type=ENZYME-IN-PATHWAY&object=MGI:1913421-MONOMER HTTP/1.1" 200 - "-" "Mozilla/5.0 (compatible; Googlebot/2.1; +http://www.google.com/bot.html)"writing buffer for # resulted in error (code 32): Broken pipe.
66.249.72.225 - googlebot(at)googlebot.com [21/Feb/2008:15:00:38] "GET /MOUSE/NEW-IMAGE?object=a+fatty+aldehyde HTTP/1.1" 200 - "-" "Mozilla/5.0 (compatible; Googlebot/2.1; +http://www.google.com/bot.html)"writing buffer for # resulted in error (code 32): Broken pipe.
66.249.72.225 - googlebot(at)googlebot.com [21/Feb/2008:15:00:38] "GET /MOUSE/NEW-IMAGE?type=ENZYME-IN-PATHWAY&object=MGI:1913421-MONOMER HTTP/1.1" 200 - "-" "Mozilla/5.0 (compatible; Googlebot/2.1; +http://www.google.com/bot.html)"writing buffer for # resulted in error (code 32): Broken pipe.
66.249.72.225 - googlebot(at)googlebot.com [21/Feb/2008:15:00:38] "GET /MOUSE/NEW-IMAGE?type=PATHWAY&object=GLYCOCAT-PWY HTTP/1.1" 200 - "-" "Mozilla/5.0 (compatible; Googlebot/2.1; +http://www.google.com/bot.html)"# is not an open-for-output STREAM.
66.249.72.225 - googlebot(at)googlebot.com [21/Feb/2008:15:00:38] "GET /MOUSE/NEW-IMAGE?type=GENE-IN-MAP-IN-PWY&object=MGI:96763 HTTP/1.1" 200 - "-" "Mozilla/5.0 (compatible; Googlebot/2.1; +http://www.google.com/bot.html)"writing buffer for # resulted in error (code 32): Broken pipe.
66.249.72.225 - googlebot(at)googlebot.com [21/Feb/2008:15:00:38] "GET /MOUSE/NEW-IMAGE?type=GENE-IN-MAP-IN-PWY&object=MGI:96763 HTTP/1.1" 200 - "-" "Mozilla/5.0 (compatible; Googlebot/2.1; +http://www.google.com/bot.html)"writing buffer for # resulted in error (code 32): Broken pipe.
66.249.72.225 - googlebot(at)googlebot.com [21/Feb/2008:15:00:38] "GET /MOUSE/NEW-IMAGE?type=PATHWAY&object=SER-GLYSYN-PWY HTTP/1.1" 200 - "-" "Mozilla/5.0 (compatible; Googlebot/2.1; +http://www.google.com/bot.html)"# is not an open-for-output STREAM.
66.249.72.225 - googlebot(at)googlebot.com [21/Feb/2008:15:00:38] "GET /MOUSE/NEW-IMAGE?type=PATHWAY&object=GLYCOCAT-PWY HTTP/1.1" 200 - "-" "Mozilla/5.0 (compatible; Googlebot/2.1; +http://www.google.com/bot.html)"# is not an open-for-output STREAM.
209.222.209.201 - - [21/Feb/2008:15:43:38] "GET /MOUSE/seq-selector?chromosome=MUSCHR-2&object=MGI:97490 HTTP/1.1" 0 - "http://mousecyc.jax.org/MOUSE/NEW-IMAGE?type=GENE&object=MGI:97490" "Mozilla/5.0 (Windows; U; Windows NT 5.1; en-US; rv:1.8.1.12) Gecko/20080201 Firefox/2.0.0.12"NIL
168.105.169.16 - - [21/Feb/2008:15:52:55] "GET /favicon.ico HTTP/1.1" 404 - "-" "Mozilla/4.0 (compatible; MSIE 7.0; Windows NT 5.1; .NET CLR 2.0.50727)"Invalid request
130.107.67.61 - - [21/Feb/2008:16:01:54] "GET /favicon.ico HTTP/1.1" 404 - "-" "Mozilla/5.0 (X11; U; Linux x86_64; en-US; rv:1.8.1.8) Gecko/20060601 Firefox/2.0.0.8 (Ubuntu-edgy)"Invalid request
192.154.91.225 - - [21/Feb/2008:16:02:34] "GET /_vti_bin/owssvr.dll?UL=1&ACT=4&BUILD=6403&STRMVER=4&CAPREQ=0 HTTP/1.1" 404 - "-" "Mozilla/4.0 (compatible; MSIE 6.0; Windows NT 5.1; SV1; .NET CLR 1.0.3705; .NET CLR 1.1.4322; .NET CLR 2.0.50727)"Invalid request
192.154.91.225 - - [21/Feb/2008:16:02:36] "GET /MSOffice/cltreq.asp?UL=1&ACT=4&BUILD=6403&STRMVER=4&CAPREQ=0 HTTP/1.1" 404 - "-" "Mozilla/4.0 (compatible; MSIE 6.0; Windows NT 5.1; SV1; .NET CLR 1.0.3705; .NET CLR 1.1.4322; .NET CLR 2.0.50727)"Invalid request
89.243.39.34 - - [21/Feb/2008:16:04:00] "GET /favicon.ico HTTP/1.1" 404 - "-" "Mozilla/5.0 (Windows; U; Windows NT 5.1; en-GB; rv:1.8.1.11) Gecko/20071127 Firefox/2.0.0.11"Invalid request
89.243.39.34 - - [21/Feb/2008:16:04:14] "GET /favicon.ico HTTP/1.1" 404 - "-" "Mozilla/5.0 (Windows; U; Windows NT 5.1; en-GB; rv:1.8.1.11) Gecko/20071127 Firefox/2.0.0.11"Invalid request
89.243.39.34 - - [21/Feb/2008:16:04:25] "GET /overLIB/overlib.js HTTP/1.1" 200 - "http://mousecyc.jax.org/" "Mozilla/5.0 (Windows; U; Windows NT 5.1; en-GB; rv:1.8.1.11) Gecko/20071127 Firefox/2.0.0.11"writing buffer for # resulted in error (code 32): Broken pipe.
66.249.85.85 - - [21/Feb/2008:16:05:45] "GET /favicon.ico HTTP/1.1" 404 - "-" "Mozilla/5.0 (Windows; U; Windows NT 5.1; en-US; rv:1.8.1.12) Gecko/20080201 Firefox/2.0.0.12"Invalid request
66.249.72.225 - - [21/Feb/2008:16:06:53] "GET /MOUSE/NEW-IMAGE?type=GENE-IN-PWY&object=MGI:1913421 HTTP/1.1" 0 - "-" -Connection to client timed out
66.249.72.225 - googlebot(at)googlebot.com [21/Feb/2008:16:06:58] "GET /MOUSE/NEW-IMAGE?object=a+fatty+acid HTTP/1.1" 200 - "-" "Mozilla/5.0 (compatible; Googlebot/2.1; +http://www.google.com/bot.html)"# is not an open-for-output STREAM.
66.249.72.225 - googlebot(at)googlebot.com [21/Feb/2008:16:07:00] "GET /MOUSE/NEW-IMAGE?type=GENE-IN-MAP-IN-PWY&object=MGI:1913468 HTTP/1.1" 200 - "-" "Mozilla/5.0 (compatible; Googlebot/2.1; +http://www.google.com/bot.html)"writing buffer for # resulted in error (code 32): Broken pipe.
66.249.72.225 - googlebot(at)googlebot.com [21/Feb/2008:16:07:00] "GET /MOUSE/NEW-IMAGE?type=PATHWAY&object=SER-GLYSYN-PWY HTTP/1.1" 200 - "-" "Mozilla/5.0 (compatible; Googlebot/2.1; +http://www.google.com/bot.html)"# is not an open-for-output STREAM.
66.249.72.225 - googlebot(at)googlebot.com [21/Feb/2008:16:07:00] "GET /MOUSE/NEW-IMAGE?type=GENE-IN-MAP-IN-PWY&object=MGI:1888697 HTTP/1.1" 200 - "-" "Mozilla/5.0 (compatible; Googlebot/2.1; +http://www.google.com/bot.html)"writing buffer for # resulted in error (code 32): Broken pipe.
66.249.72.225 - googlebot(at)googlebot.com [21/Feb/2008:16:07:00] "GET /MOUSE/NEW-IMAGE?type=PATHWAY&object=SER-GLYSYN-PWY HTTP/1.1" 200 - "-" "Mozilla/5.0 (compatible; Googlebot/2.1; +http://www.google.com/bot.html)"# is not an open-for-output STREAM.
66.249.72.225 - - [21/Feb/2008:16:18:56] "GET /MOUSE/NEW-IMAGE?type=PATHWAY&object=PHOSLIPSYN-PWY HTTP/1.1" 0 - "-" -Connection to client timed out
0.0.0.0 - - [21/Feb/2008:16:24:25] "GET /MOUSE/NEW-IMAGE?type=NIL&object=MGI:96647 HTTP/1.1" 0 - "http://mousecyc.jax.org/" "Mozilla/4.0 (compatible; MSIE 7.0; Windows NT 5.1; .NET CLR 1.1.4322; .NET CLR 2.0.50727; InfoPath.1)"End of File was encountered (user probably pressed Stop)
66.249.72.225 - - [21/Feb/2008:16:27:55] "GET /MOUSE/NEW-IMAGE?type=GENE-IN-PWY&object=MGI:1913421 HTTP/1.1" 0 - "-" -Connection to client timed out
66.249.72.225 - googlebot(at)googlebot.com [21/Feb/2008:16:27:57] "GET /MOUSE/NEW-IMAGE?type=GENE-IN-MAP-IN-PWY&object=MGI:1913468 HTTP/1.1" 200 - "-" "Mozilla/5.0 (compatible; Googlebot/2.1; +http://www.google.com/bot.html)"writing buffer for # resulted in error (code 32): Broken pipe.
66.249.72.225 - googlebot(at)googlebot.com [21/Feb/2008:16:27:59] "GET /MOUSE/NEW-IMAGE?type=GENE-IN-MAP-IN-PWY&object=MGI:1888697 HTTP/1.1" 200 - "-" "Mozilla/5.0 (compatible; Googlebot/2.1; +http://www.google.com/bot.html)"writing buffer for # resulted in error (code 32): Broken pipe.
129.97.54.23 - - [21/Feb/2008:16:29:59] "GET /MOUSE/NEW-IMAGE?type=PATHWAY&object=PWY-4202 HTTP/1.1" 0 - "-" -Connection to client timed out
66.249.72.225 - - [21/Feb/2008:16:33:58] "GET /MOUSE/NEW-IMAGE?type=PATHWAY&object=PHOSLIPSYN-PWY HTTP/1.1" 0 - "-" -Connection to client timed out
63.194.213.59 - - [21/Feb/2008:16:34:16] "GET /favicon.ico HTTP/1.1" 404 - "-" "Mozilla/5.0 (Windows; U; Windows NT 5.1; en-US; rv:1.8.1.12) Gecko/20080201 Firefox/2.0.0.12"Invalid request
66.249.72.225 - - [21/Feb/2008:16:43:05] "GET /MOUSE/NEW-IMAGE?type=PATHWAY&object=PHOSLIPSYN-PWY HTTP/1.1" 0 - "-" -Connection to client timed out
66.249.72.225 - - [21/Feb/2008:16:46:02] "GET /MOUSE/NEW-IMAGE?type=GENE-IN-PWY&object=MGI:1913421 HTTP/1.1" 0 - "-" -Connection to client timed out
66.249.72.225 - googlebot(at)googlebot.com [21/Feb/2008:16:46:04] "GET /MOUSE/NEW-IMAGE?type=GENE-IN-MAP-IN-PWY&object=MGI:1913468 HTTP/1.1" 200 - "-" "Mozilla/5.0 (compatible; Googlebot/2.1; +http://www.google.com/bot.html)"writing buffer for # resulted in error (code 32): Broken pipe.
66.249.72.225 - googlebot(at)googlebot.com [21/Feb/2008:16:46:04] "GET /MOUSE/NEW-IMAGE?type=GENE-IN-MAP-IN-PWY&object=MGI:1888697 HTTP/1.1" 200 - "-" "Mozilla/5.0 (compatible; Googlebot/2.1; +http://www.google.com/bot.html)"writing buffer for # resulted in error (code 32): Broken pipe.
66.249.72.225 - - [21/Feb/2008:16:52:14] "GET /MOUSE/NEW-IMAGE?type=PATHWAY&object=PHOSLIPSYN-PWY HTTP/1.1" 0 - "-" -Connection to client timed out
137.197.149.198 - - [21/Feb/2008:16:58:54] "GET /favicon.ico HTTP/1.1" 404 - "-" "Mozilla/4.0 (compatible; MSIE 7.0; Windows NT 5.1; .NET CLR 1.1.4322; .NET CLR 2.0.50727; InfoPath.2; .NET CLR 3.0.04506.30)"Invalid request
137.197.149.198 - - [21/Feb/2008:16:58:58] "EOF" 0 - "-" -truncated request
137.197.149.198 - - [21/Feb/2008:16:58:58] "EOF" 0 - "-" -truncated request
137.197.149.198 - - [21/Feb/2008:17:00:24] "EOF" 0 - "-" -truncated request
192.154.91.225 - - [21/Feb/2008:17:03:40] "GET /MOUSE/NEW-IMAGE?type=GENE&object=MGI:97603 HTTP/1.1" 0 - "-" -Connection to client timed out
66.249.72.225 - - [21/Feb/2008:17:04:23] "GET /MOUSE/NEW-IMAGE?type=GENE-IN-PWY&object=MGI:1913421 HTTP/1.1" 0 - "-" -Connection to client timed out
66.249.72.225 - googlebot(at)googlebot.com [21/Feb/2008:17:04:26] "GET /MOUSE/NEW-IMAGE?object=a+fatty+acid HTTP/1.1" 200 - "-" "Mozilla/5.0 (compatible; Googlebot/2.1; +http://www.google.com/bot.html)"# is not an open-for-output STREAM.
66.249.72.225 - googlebot(at)googlebot.com [21/Feb/2008:17:04:29] "GET /MOUSE/NEW-IMAGE?object=a+fatty+acid HTTP/1.1" 200 - "-" "Mozilla/5.0 (compatible; Googlebot/2.1; +http://www.google.com/bot.html)"# is not an open-for-output STREAM.
66.249.72.225 - googlebot(at)googlebot.com [21/Feb/2008:17:04:29] "GET /MOUSE/NEW-IMAGE?object=a+fatty+acid HTTP/1.1" 200 - "-" "Mozilla/5.0 (compatible; Googlebot/2.1; +http://www.google.com/bot.html)"# is not an open-for-output STREAM.
66.249.72.225 - googlebot(at)googlebot.com [21/Feb/2008:17:04:29] "GET /MOUSE/NEW-IMAGE?object=a+fatty+acid HTTP/1.1" 200 - "-" "Mozilla/5.0 (compatible; Googlebot/2.1; +http://www.google.com/bot.html)"# is not an open-for-output STREAM.
66.249.85.85 - - [21/Feb/2008:17:04:31] "GET /MOUSE/NEW-IMAGE?type=PATHWAY&object=PWY3DJ-35588 HTTP/1.1" 200 - "http://mousecyc.jax.org/MOUSE/NEW-IMAGE?object=Polyamine-Biosynthesis" "Mozilla/5.0 (Windows; U; Windows NT 5.1; en-US; rv:1.8.1.12) Gecko/20080201 Firefox/2.0.0.12"# is not an open-for-output STREAM.
66.249.72.225 - googlebot(at)googlebot.com [21/Feb/2008:17:04:31] "GET /MOUSE/NEW-IMAGE?type=GENE-IN-MAP-IN-PWY&object=MGI:1913468 HTTP/1.1" 200 - "-" "Mozilla/5.0 (compatible; Googlebot/2.1; +http://www.google.com/bot.html)"writing buffer for # resulted in error (code 32): Broken pipe.
169.230.21.73 - - [21/Feb/2008:17:06:59] "GET /MOUSE/NEW-IMAGE?type=PATHWAY&object=PWY3DJ-35588 HTTP/1.0" 0 - "-" -Connection to client timed out
74.138.181.205 - - [21/Feb/2008:17:07:01] "GET /favicon.ico HTTP/1.1" 404 - "-" "Mozilla/4.0 (compatible; MSIE 7.0; Windows NT 5.1; InfoPath.1)"Invalid request
66.249.85.85 - - [21/Feb/2008:17:08:01] "GET //MOUSE/NEW-IMAGE?type=NIL&object=PWY-3981 HTTP/1.1" 0 - "-" -Connection to client timed out
169.230.21.73 - - [21/Feb/2008:17:08:19] "GET //MOUSE/NEW-IMAGE?type=NIL&object=PWY-3981 HTTP/1.0" 0 - "-" -Connection to client timed out
66.249.72.225 - - [21/Feb/2008:17:10:35] "GET /MOUSE/NEW-IMAGE?type=PATHWAY&object=PHOSLIPSYN-PWY HTTP/1.1" 0 - "-" -Connection to client timed out
131.204.154.153 - - [21/Feb/2008:17:12:56] "GET /favicon.ico HTTP/1.1" 404 - "-" "Mozilla/4.0 (compatible; MSIE 7.0; Windows NT 5.1; .NET CLR 1.1.4322; .NET CLR 2.0.50727; InfoPath.1)"Invalid request
66.249.85.85 - - [21/Feb/2008:17:16:15] "GET //MOUSE/NEW-IMAGE?type=NIL&object=PWY-3981 HTTP/1.1" 0 - "-" -Connection to client timed out
169.230.21.73 - - [21/Feb/2008:17:16:37] "GET //MOUSE/NEW-IMAGE?type=NIL&object=PWY-3981 HTTP/1.0" 0 - "-" -Connection to client timed out
68.149.198.48 - - [21/Feb/2008:17:20:29] "GET /favicon.ico HTTP/1.1" 404 - "http://mousecyc.jax.org/" "Opera/9.25 (Windows NT 6.0; U; en)"Invalid request
209.222.197.131 - - [21/Feb/2008:17:21:07] "GET /Treeview/ua.js HTTP/1.1" 0 - "http://mousecyc.jax.org/MOUSE/class-tree?object=Pathways" "Mozilla/5.0 (Macintosh; U; Intel Mac OS X; en-US; rv:1.8.1.12) Gecko/20080201 Firefox/2.0.0.12"End of File was encountered (user probably pressed Stop)
209.222.197.131 - - [21/Feb/2008:17:21:07] "GET /favicon.ico HTTP/1.1" 404 - "-" "Mozilla/5.0 (Macintosh; U; Intel Mac OS X; en-US; rv:1.8.1.12) Gecko/20080201 Firefox/2.0.0.12"Invalid request
209.222.197.131 - - [21/Feb/2008:17:21:09] "GET /MOUSE/class-tree?object=Pathways HTTP/1.1" 200 - "http://www.informatics.jax.org/pathways.shtml" "Mozilla/5.0 (Macintosh; U; Intel Mac OS X; en-US; rv:1.8.1.12) Gecko/20080201 Firefox/2.0.0.12"# is not an open-for-output STREAM.
209.222.197.131 - - [21/Feb/2008:17:21:23] "GET /Treeview/ftv2doc.gif HTTP/1.1" 0 - "http://mousecyc.jax.org/MOUSE/class-tree?object=Pathways" "Mozilla/5.0 (Macintosh; U; Intel Mac OS X; en-US; rv:1.8.1.12) Gecko/20080201 Firefox/2.0.0.12"End of File was encountered (user probably pressed Stop)
66.249.72.225 - - [21/Feb/2008:17:22:19] "GET /MOUSE/NEW-IMAGE?type=PATHWAY&object=PHOSLIPSYN-PWY HTTP/1.1" 0 - "-" -Connection to client timed out
131.204.154.153 - - [21/Feb/2008:17:24:27] "GET /MOUSE/NEW-IMAGE?type=NIL&object=MGI:96647 HTTP/1.1" 0 - "-" -Connection to client timed out
131.204.154.153 - - [21/Feb/2008:17:25:07] "GET /MOUSE/NEW-IMAGE?type=NIL&object=MGI:96647 HTTP/1.1" 0 - "-" -Connection to client timed out
66.249.72.225 - googlebot(at)googlebot.com [21/Feb/2008:17:25:09] "GET /MOUSE/NEW-IMAGE?type=GENE-IN-MAP-IN-PWY&object=MGI:98299 HTTP/1.1" 200 - "-" "Mozilla/5.0 (compatible; Googlebot/2.1; +http://www.google.com/bot.html)"writing buffer for # resulted in error (code 32): Broken pipe.
66.249.72.225 - googlebot(at)googlebot.com [21/Feb/2008:17:25:09] "GET /MOUSE/NEW-IMAGE?type=REACTION-IN-PATHWAY&object=RXN-7908 HTTP/1.1" 200 - "-" "Mozilla/5.0 (compatible; Googlebot/2.1; +http://www.google.com/bot.html)"writing buffer for # resulted in error (code 32): Broken pipe.
66.249.72.225 - googlebot(at)googlebot.com [21/Feb/2008:17:25:09] "GET /MOUSE/NEW-IMAGE?type=GENE-IN-MAP-IN-PWY&object=MGI:98299 HTTP/1.1" 200 - "-" "Mozilla/5.0 (compatible; Googlebot/2.1; +http://www.google.com/bot.html)"writing buffer for # resulted in error (code 32): Broken pipe.
66.249.72.225 - googlebot(at)googlebot.com [21/Feb/2008:17:25:09] "GET /MOUSE/NEW-IMAGE?type=REACTION-IN-PATHWAY&object=RXN-7908 HTTP/1.1" 200 - "-" "Mozilla/5.0 (compatible; Googlebot/2.1; +http://www.google.com/bot.html)"writing buffer for # resulted in error (code 32): Broken pipe.
66.249.72.225 - googlebot(at)googlebot.com [21/Feb/2008:17:25:09] "GET /MOUSE/NEW-IMAGE?object=a+fatty+acid HTTP/1.1" 200 - "-" "Mozilla/5.0 (compatible; Googlebot/2.1; +http://www.google.com/bot.html)"# is not an open-for-output STREAM.
66.249.72.225 - googlebot(at)googlebot.com [21/Feb/2008:17:25:09] "GET /MOUSE/NEW-IMAGE?type=PATHWAY&object=PHOSLIPSYN-PWY HTTP/1.1" 200 - "-" "Mozilla/5.0 (compatible; Googlebot/2.1; +http://www.google.com/bot.html)"# is not an open-for-output STREAM.
66.249.72.225 - googlebot(at)googlebot.com [21/Feb/2008:17:25:09] "GET /MOUSE/NEW-IMAGE?type=PATHWAY&object=PHOSLIPSYN-PWY HTTP/1.1" 200 - "-" "Mozilla/5.0 (compatible; Googlebot/2.1; +http://www.google.com/bot.html)"# is not an open-for-output STREAM.
66.249.72.225 - googlebot(at)googlebot.com [21/Feb/2008:17:25:09] "GET /MOUSE/NEW-IMAGE?type=PATHWAY&object=NAD+BIOSYNTHESIS+III HTTP/1.1" 200 - "-" "Mozilla/5.0 (compatible; Googlebot/2.1; +http://www.google.com/bot.html)"# is not an open-for-output STREAM.
66.249.72.225 - googlebot(at)googlebot.com [21/Feb/2008:17:25:09] "GET /MOUSE/NEW-IMAGE?type=PATHWAY&object=PHOSLIPSYN-PWY HTTP/1.1" 200 - "-" "Mozilla/5.0 (compatible; Googlebot/2.1; +http://www.google.com/bot.html)"# is not an open-for-output STREAM.
66.249.72.225 - googlebot(at)googlebot.com [21/Feb/2008:17:25:09] "GET /MOUSE/NEW-IMAGE?type=GENE-IN-MAP-IN-PWY&object=MGI:98299 HTTP/1.1" 200 - "-" "Mozilla/5.0 (compatible; Googlebot/2.1; +http://www.google.com/bot.html)"writing buffer for # resulted in error (code 32): Broken pipe.
66.249.72.225 - googlebot(at)googlebot.com [21/Feb/2008:17:25:10] "GET /MOUSE/NEW-IMAGE?type=GENE-IN-MAP-IN-PWY&object=MGI:98299 HTTP/1.1" 200 - "-" "Mozilla/5.0 (compatible; Googlebot/2.1; +http://www.google.com/bot.html)"writing buffer for # resulted in error (code 32): Broken pipe.
66.249.72.225 - googlebot(at)googlebot.com [21/Feb/2008:17:25:10] "GET /MOUSE/NEW-IMAGE?type=REACTION-IN-PATHWAY&object=RXN-7908 HTTP/1.1" 200 - "-" "Mozilla/5.0 (compatible; Googlebot/2.1; +http://www.google.com/bot.html)"writing buffer for # resulted in error (code 32): Broken pipe.
66.249.72.225 - googlebot(at)googlebot.com [21/Feb/2008:17:25:10] "GET /MOUSE/NEW-IMAGE?type=PATHWAY&object=NAD+BIOSYNTHESIS+III HTTP/1.1" 200 - "-" "Mozilla/5.0 (compatible; Googlebot/2.1; +http://www.google.com/bot.html)"# is not an open-for-output STREAM.
128.84.60.228 - - [21/Feb/2008:17:25:10] "GET /MOUSE/NEW-IMAGE?type=PATHWAY&object=PWY-3781 HTTP/1.1" 200 - "http://www.google.com/search?hl=en&q=electron+donor+in+aerobic+respiration&btnG=Google+Search" "Mozilla/5.0 (Windows; U; Windows NT 5.1; en-US; rv:1.8.1.12) Gecko/20080201 Firefox/2.0.0.12"# is not an open-for-output STREAM.
66.249.72.225 - googlebot(at)googlebot.com [21/Feb/2008:17:25:10] "GET /MOUSE/NEW-IMAGE?type=PATHWAY&object=PHOSLIPSYN-PWY HTTP/1.1" 200 - "-" "Mozilla/5.0 (compatible; Googlebot/2.1; +http://www.google.com/bot.html)"# is not an open-for-output STREAM.
84.13.130.252 - - [21/Feb/2008:17:27:57] "GET /MOUSE/NEW-IMAGE?type=PATHWAY&object=PWY66-201 HTTP/1.1" 0 - "-" -Connection to client timed out
82.45.204.123 - - [21/Feb/2008:18:05:50] "GET /favicon.ico HTTP/1.1" 404 - "http://mousecyc.jax.org/MOUSE/NEW-IMAGE?type=PATHWAY&object=4AMINOBUTMETAB-PWY" "Mozilla/5.0 (Macintosh; U; PPC Mac OS X; en) AppleWebKit/523.12.2 (KHTML, like Gecko) Version/3.0.4 Safari/523.12.2"Invalid request
69.159.13.147 - - [21/Feb/2008:18:19:29] "GET /favicon.ico HTTP/1.1" 404 - "-" "Mozilla/5.0 (Windows; U; Windows NT 6.0; en-GB; rv:1.8.1.12) Gecko/20080201 Firefox/2.0.0.12"Invalid request
