193.175.244.3 - - [22/Feb/2008:07:19:31] "GET //MOUSE/NEW-IMAGE?type=NIL&object=FAO-PWY HTTP/1.0" 0 - "-" -Connection to client timed out
66.249.72.225 - - [22/Feb/2008:07:25:16] "GET /MOUSE/NEW-IMAGE?type=GENE-IN-PWY&object=MGI:1926170 HTTP/1.1" 0 - "-" -Connection to client timed out
66.249.72.225 - googlebot(at)googlebot.com [22/Feb/2008:07:25:18] "GET /MOUSE/NEW-IMAGE?type=GENE&object=MGI:1347099 HTTP/1.1" 200 - "-" "Mozilla/5.0 (compatible; Googlebot/2.1; +http://www.google.com/bot.html)"# is not an open-for-output STREAM.
193.175.244.3 - - [22/Feb/2008:07:27:32] "GET //MOUSE/NEW-IMAGE?type=NIL&object=PWY-4984 HTTP/1.0" 0 - "-" -Connection to client timed out
193.175.244.3 - - [22/Feb/2008:07:27:38] "GET //MOUSE/NEW-IMAGE?type=NIL&object=PWY-4984 HTTP/1.0" 0 - "-" -Connection to client timed out
148.188.9.56 - - [22/Feb/2008:07:31:20] "GET /overLIB/overlib.js HTTP/1.0" 200 - "http://mousecyc.jax.org/" "Mozilla/4.0 (compatible; MSIE 6.0; Windows NT 5.1; SV1; .NET CLR 1.1.4322; .NET CLR 2.0.50727)"writing buffer for # resulted in error (code 32): Broken pipe.
66.249.72.225 - - [22/Feb/2008:07:37:56] "GET /MOUSE/NEW-IMAGE?type=GENE-IN-PWY&object=MGI:1926170 HTTP/1.1" 0 - "-" -Connection to client timed out
66.249.72.225 - googlebot(at)googlebot.com [22/Feb/2008:07:37:57] "GET /MOUSE/NEW-IMAGE?type=GENE&object=MGI:1347099 HTTP/1.1" 200 - "-" "Mozilla/5.0 (compatible; Googlebot/2.1; +http://www.google.com/bot.html)"# is not an open-for-output STREAM.
203.255.190.51 - - [22/Feb/2008:07:45:45] "GET /MOUSE/NEW-IMAGE?type=NIL&object=MGI:95411 HTTP/1.1" 0 - "-" -Connection to client timed out
66.249.72.225 - - [22/Feb/2008:07:50:38] "GET /MOUSE/NEW-IMAGE?type=GENE-IN-PWY&object=MGI:1926170 HTTP/1.1" 0 - "-" -Connection to client timed out
66.249.72.225 - googlebot(at)googlebot.com [22/Feb/2008:07:50:40] "GET /MOUSE/NEW-IMAGE?type=GENE&object=MGI:1347099 HTTP/1.1" 200 - "-" "Mozilla/5.0 (compatible; Googlebot/2.1; +http://www.google.com/bot.html)"# is not an open-for-output STREAM. Pathway Tools caught the following error condition: Xlib: Connection to X11 server '€ėR' lost Evaluation stack:
66.249.72.225 - googlebot(at)googlebot.com [22/Feb/2008:08:02:38] "GET /MOUSE/NEW-IMAGE?type=GENE-IN-PWY&object=MGI:96413 HTTP/1.1" 500 - "-" "Mozilla/5.0 (compatible; Googlebot/2.1; +http://www.google.com/bot.html)"NIL
129.132.222.175 - - [22/Feb/2008:08:27:34] "GET /favicon.ico HTTP/1.1" 404 - "-" "Mozilla/5.0 (Windows; U; Windows NT 6.0; de; rv:1.8.1.12) Gecko/20080201 Firefox/2.0.0.12"Invalid request
129.132.222.175 - - [22/Feb/2008:08:27:58] "GET /favicon.ico HTTP/1.1" 404 - "-" "Mozilla/5.0 (Windows; U; Windows NT 6.0; de; rv:1.8.1.12) Gecko/20080201 Firefox/2.0.0.12"Invalid request
66.249.72.225 - googlebot(at)googlebot.com [22/Feb/2008:08:29:27] "GET /MOUSE/NEW-IMAGE?type=GENE&object=MGI:894291 HTTP/1.1" 500 - "-" "Mozilla/5.0 (compatible; Googlebot/2.1; +http://www.google.com/bot.html)"NIL
66.249.72.225 - googlebot(at)googlebot.com [22/Feb/2008:08:32:41] "GET /MOUSE/NEW-IMAGE?type=GENE&object=MGI:1330860 HTTP/1.1" 500 - "-" "Mozilla/5.0 (compatible; Googlebot/2.1; +http://www.google.com/bot.html)"NIL
66.249.72.225 - googlebot(at)googlebot.com [22/Feb/2008:08:33:24] "GET /MOUSE/NEW-IMAGE?type=GENE&object=MGI:1353576 HTTP/1.1" 500 - "-" "Mozilla/5.0 (compatible; Googlebot/2.1; +http://www.google.com/bot.html)"NIL
134.2.172.57 - - [22/Feb/2008:08:35:49] "GET /favicon.ico HTTP/1.1" 404 - "-" "Mozilla/5.0 (X11; U; Linux i686; en-US; rv:1.8.0.12) Gecko/20080208 Red Hat/1.5.0.12-9.el5 Firefox/1.5.0.12"Invalid request
66.249.72.225 - googlebot(at)googlebot.com [22/Feb/2008:08:36:22] "GET /MOUSE/NEW-IMAGE?type=GENE&object=MGI:96103 HTTP/1.1" 500 - "-" "Mozilla/5.0 (compatible; Googlebot/2.1; +http://www.google.com/bot.html)"NIL
209.222.209.122 - - [22/Feb/2008:08:43:34] "GET /favicon.ico HTTP/1.1" 404 - "-" "Mozilla/5.0 (Windows; U; Windows NT 5.1; en-US; rv:1.8.1.12) Gecko/20080201 Firefox/2.0.0.12"Invalid request
66.249.72.225 - googlebot(at)googlebot.com [22/Feb/2008:08:43:52] "GET /MOUSE/NEW-IMAGE?type=GENE&object=MGI:1203730 HTTP/1.1" 200 - "-" "Mozilla/5.0 (compatible; Googlebot/2.1; +http://www.google.com/bot.html)"# is not an open-for-output STREAM.
209.222.209.201 - - [22/Feb/2008:08:44:44] "GET /MOUSE/NEW-IMAGE?type=LOCUS-POSITION&object=MGI:1931053&chromosome=MUSCHR-2 HTTP/1.1" 500 - "http://mousecyc.jax.org/MOUSE/NEW-IMAGE?type=GENE&object=MGI:1931053" "Mozilla/5.0 (Windows; U; Windows NT 5.1; en-US; rv:1.8.1.12) Gecko/20080201 Firefox/2.0.0.12"Package "MGI" not found. [file position = 4]
209.222.209.201 - - [22/Feb/2008:08:44:48] "GET /MOUSE/seq-selector?chromosome=MUSCHR-2&object=MGI:1931053 HTTP/1.1" 0 - "http://mousecyc.jax.org/MOUSE/NEW-IMAGE?type=GENE&object=MGI:1931053" "Mozilla/5.0 (Windows; U; Windows NT 5.1; en-US; rv:1.8.1.12) Gecko/20080201 Firefox/2.0.0.12"NIL
209.222.209.178 - - [22/Feb/2008:08:45:42] "GET /favicon.ico HTTP/1.1" 404 - "-" "Mozilla/5.0 (Windows; U; Windows NT 5.1; en-US; rv:1.8.1.12) Gecko/20080201 Firefox/2.0.0.12"Invalid request
66.249.72.225 - googlebot(at)googlebot.com [22/Feb/2008:08:49:49] "GET /MOUSE/NEW-IMAGE?type=GENE&object=MGI:1203730 HTTP/1.1" 200 - "-" "Mozilla/5.0 (compatible; Googlebot/2.1; +http://www.google.com/bot.html)"# is not an open-for-output STREAM.
66.249.72.225 - googlebot(at)googlebot.com [22/Feb/2008:08:50:33] "GET /MOUSE/NEW-IMAGE?type=GENE&object=MGI:1922725 HTTP/1.1" 500 - "-" "Mozilla/5.0 (compatible; Googlebot/2.1; +http://www.google.com/bot.html)"NIL
66.249.72.225 - googlebot(at)googlebot.com [22/Feb/2008:08:56:38] "GET /MOUSE/NEW-IMAGE?type=GENE&object=MGI:1203730 HTTP/1.1" 200 - "-" "Mozilla/5.0 (compatible; Googlebot/2.1; +http://www.google.com/bot.html)"# is not an open-for-output STREAM.
66.249.72.225 - googlebot(at)googlebot.com [22/Feb/2008:09:02:18] "GET /MOUSE/NEW-IMAGE?type=GENE-IN-PWY&object=MGI:1888908 HTTP/1.1" 500 - "-" "Mozilla/5.0 (compatible; Googlebot/2.1; +http://www.google.com/bot.html)"NIL
66.249.72.225 - googlebot(at)googlebot.com [22/Feb/2008:09:06:29] "GET /MOUSE/NEW-IMAGE?type=GENE&object=MGI:1203730 HTTP/1.1" 200 - "-" "Mozilla/5.0 (compatible; Googlebot/2.1; +http://www.google.com/bot.html)"# is not an open-for-output STREAM.
66.249.72.225 - googlebot(at)googlebot.com [22/Feb/2008:09:06:37] "GET /MOUSE/NEW-IMAGE?type=GENE&object=MGI:1922004 HTTP/1.1" 500 - "-" "Mozilla/5.0 (compatible; Googlebot/2.1; +http://www.google.com/bot.html)"NIL
66.249.72.225 - googlebot(at)googlebot.com [22/Feb/2008:09:12:57] "GET /MOUSE/NEW-IMAGE?type=GENE-IN-PWY&object=MGI:1888908 HTTP/1.1" 500 - "-" "Mozilla/5.0 (compatible; Googlebot/2.1; +http://www.google.com/bot.html)"NIL
71.178.154.51 - - [22/Feb/2008:09:12:58] "GET /MOUSE/NEW-IMAGE?type=PATHWAY&object=PWY-4302 HTTP/1.1" 200 - "http://www.google.com/search?q=respiration+electron+donor&ie=utf-8&oe=utf-8&aq=t&rls=org.mozilla:en-US:official&client=firefox-a" "Mozilla/5.0 (Windows; U; Windows NT 6.0; en-US; rv:1.8.1.12) Gecko/20080201 Firefox/2.0.0.12"# is not an open-for-output STREAM.
66.252.41.130 - - [22/Feb/2008:09:14:13] "GET /favicon.ico HTTP/1.1" 404 - "-" "Mozilla/5.0 (Windows; U; Windows NT 5.1; en-US; rv:1.8.1.12) Gecko/20080201 Firefox/2.0.0.12"Invalid request
66.249.72.225 - googlebot(at)googlebot.com [22/Feb/2008:09:18:03] "GET /MOUSE/NEW-IMAGE?type=GENE-IN-PWY&object=MGI:3646700 HTTP/1.1" 500 - "-" "Mozilla/5.0 (compatible; Googlebot/2.1; +http://www.google.com/bot.html)"NIL
66.249.72.225 - googlebot(at)googlebot.com [22/Feb/2008:09:26:20] "GET /MOUSE/NEW-IMAGE?type=GENE-IN-PWY&object=MGI:1888908 HTTP/1.1" 500 - "-" "Mozilla/5.0 (compatible; Googlebot/2.1; +http://www.google.com/bot.html)"NIL
200.24.30.20 - - [22/Feb/2008:09:27:26] "GET /favicon.ico HTTP/1.1" 404 - "-" "Mozilla/4.0 (compatible; MSIE 7.0; Windows NT 6.0; SLCC1; .NET CLR 2.0.50727; Media Center PC 5.0; .NET CLR 3.0.04506; InfoPath.2)"Invalid request
66.249.72.225 - googlebot(at)googlebot.com [22/Feb/2008:09:38:57] "GET /MOUSE/NEW-IMAGE?type=GENE-IN-PWY&object=MGI:1888908 HTTP/1.1" 500 - "-" "Mozilla/5.0 (compatible; Googlebot/2.1; +http://www.google.com/bot.html)"NIL
66.249.72.225 - googlebot(at)googlebot.com [22/Feb/2008:09:38:58] "GET /MOUSE/NEW-IMAGE?type=GENE-IN-MAP-IN-PWY&object=MGI:3646700 HTTP/1.1" 500 - "-" "Mozilla/5.0 (compatible; Googlebot/2.1; +http://www.google.com/bot.html)"NIL
66.249.72.225 - googlebot(at)googlebot.com [22/Feb/2008:09:44:17] "GET /MOUSE/NEW-IMAGE?type=GENE-IN-MAP-IN-PWY&object=MGI:3646700 HTTP/1.1" 500 - "-" "Mozilla/5.0 (compatible; Googlebot/2.1; +http://www.google.com/bot.html)"NIL
209.222.209.178 - - [22/Feb/2008:09:54:08] "GET /MOUSE/substring-search?type=NIL&object=transport HTTP/1.1" 200 - "http://mousecyc.jax.org/" "Mozilla/5.0 (Windows; U; Windows NT 5.1; en-US; rv:1.8.1.12) Gecko/20080201 Firefox/2.0.0.12"# is not an open-for-output STREAM.
66.249.72.225 - googlebot(at)googlebot.com [22/Feb/2008:09:57:00] "GET /MOUSE/NEW-IMAGE?type=GENE-IN-PWY&object=MGI:1888908 HTTP/1.1" 200 - "-" "Mozilla/5.0 (compatible; Googlebot/2.1; +http://www.google.com/bot.html)"# is not an open-for-output STREAM.
209.222.209.178 - - [22/Feb/2008:09:57:01] "GET /MOUSE/NEW-IMAGE?object=MUSCHR-1&x=44&y=23 HTTP/1.1" 200 - "http://mousecyc.jax.org/" "Mozilla/5.0 (Windows; U; Windows NT 5.1; en-US; rv:1.8.1.12) Gecko/20080201 Firefox/2.0.0.12"# is not an open-for-output STREAM.
66.249.72.225 - googlebot(at)googlebot.com [22/Feb/2008:09:57:01] "GET /MOUSE/NEW-IMAGE?type=REACTION-IN-PATHWAY&object=GLU6PDEHYDROG-RXN HTTP/1.1" 200 - "-" "Mozilla/5.0 (compatible; Googlebot/2.1; +http://www.google.com/bot.html)"writing buffer for # resulted in error (code 32): Broken pipe.
66.249.72.225 - googlebot(at)googlebot.com [22/Feb/2008:09:57:01] "GET /MOUSE/NEW-IMAGE?type=GENE&object=MGI:1888697 HTTP/1.1" 200 - "-" "Mozilla/5.0 (compatible; Googlebot/2.1; +http://www.google.com/bot.html)"writing buffer for # resulted in error (code 32): Broken pipe.
128.112.114.66 - - [22/Feb/2008:10:01:40] "GET /favicon.ico HTTP/1.1" 404 - "http://mousecyc.jax.org/MOUSE/class-instances?object=Pathways" "Mozilla/5.0 (Macintosh; U; PPC Mac OS X; en) AppleWebKit/523.12.2 (KHTML, like Gecko) Version/3.0.4 Safari/523.12.2"Invalid request
66.249.72.225 - googlebot(at)googlebot.com [22/Feb/2008:10:08:30] "GET /MOUSE/NEW-IMAGE?type=GENE-IN-PWY&object=MGI:1888908 HTTP/1.1" 200 - "-" "Mozilla/5.0 (compatible; Googlebot/2.1; +http://www.google.com/bot.html)"# is not an open-for-output STREAM.
66.249.72.225 - googlebot(at)googlebot.com [22/Feb/2008:10:08:30] "GET /MOUSE/NEW-IMAGE?type=REACTION-IN-PATHWAY&object=GLU6PDEHYDROG-RXN HTTP/1.1" 200 - "-" "Mozilla/5.0 (compatible; Googlebot/2.1; +http://www.google.com/bot.html)"writing buffer for # resulted in error (code 32): Broken pipe.
66.249.72.225 - googlebot(at)googlebot.com [22/Feb/2008:10:08:30] "GET /MOUSE/NEW-IMAGE?type=GENE&object=MGI:1888697 HTTP/1.1" 200 - "-" "Mozilla/5.0 (compatible; Googlebot/2.1; +http://www.google.com/bot.html)"writing buffer for # resulted in error (code 32): Broken pipe.
0.0.0.0 - - [22/Feb/2008:10:12:42] "GET /Treeview/ftv2vertline.gif HTTP/1.1" 0 - "http://mousecyc.jax.org/MOUSE/class-tree?object=Pathways" "Mozilla/4.0 (compatible; MSIE 6.0; Windows NT 5.1; SV1; .NET CLR 1.1.4322; .NET CLR 2.0.50727; InfoPath.1)"End of File was encountered (user probably pressed Stop)
209.222.209.238 - - [22/Feb/2008:10:12:42] "EOF" 0 - "-" -truncated request
0.0.0.0 - - [22/Feb/2008:10:12:42] "GET /Treeview/ftv2mnode.gif HTTP/1.1" 0 - "http://mousecyc.jax.org/MOUSE/class-tree?object=Pathways" "Mozilla/4.0 (compatible; MSIE 6.0; Windows NT 5.1; SV1; .NET CLR 1.1.4322; .NET CLR 2.0.50727; InfoPath.1)"End of File was encountered (user probably pressed Stop)
0.0.0.0 - - [22/Feb/2008:10:12:42] "GET /Treeview/ftv2plastnode.gif HTTP/1.1" 0 - "http://mousecyc.jax.org/MOUSE/class-tree?object=Pathways" "Mozilla/4.0 (compatible; MSIE 6.0; Windows NT 5.1; SV1; .NET CLR 1.1.4322; .NET CLR 2.0.50727; InfoPath.1)"End of File was encountered (user probably pressed Stop)
0.0.0.0 - - [22/Feb/2008:10:12:42] "GET /Treeview/ftv2pnode.gif HTTP/1.1" 0 - "http://mousecyc.jax.org/MOUSE/class-tree?object=Pathways" "Mozilla/4.0 (compatible; MSIE 6.0; Windows NT 5.1; SV1; .NET CLR 1.1.4322; .NET CLR 2.0.50727; InfoPath.1)"End of File was encountered (user probably pressed Stop)
0.0.0.0 - - [22/Feb/2008:10:12:42] "GET /Treeview/ftv2blank.gif HTTP/1.1" 0 - "http://mousecyc.jax.org/MOUSE/class-tree?object=Pathways" "Mozilla/4.0 (compatible; MSIE 6.0; Windows NT 5.1; SV1; .NET CLR 1.1.4322; .NET CLR 2.0.50727; InfoPath.1)"End of File was encountered (user probably pressed Stop)
66.249.72.225 - googlebot(at)googlebot.com [22/Feb/2008:10:18:31] "GET /MOUSE/NEW-IMAGE?type=GENE-IN-MAP-IN-PWY&object=MGI:1915230 HTTP/1.1" 500 - "-" "Mozilla/5.0 (compatible; Googlebot/2.1; +http://www.google.com/bot.html)"NIL
66.249.72.225 - googlebot(at)googlebot.com [22/Feb/2008:10:30:59] "GET /MOUSE/NEW-IMAGE?type=GENE-IN-PWY&object=MGI:1888908 HTTP/1.1" 200 - "-" "Mozilla/5.0 (compatible; Googlebot/2.1; +http://www.google.com/bot.html)"# is not an open-for-output STREAM.
66.249.72.225 - googlebot(at)googlebot.com [22/Feb/2008:10:30:59] "GET /MOUSE/NEW-IMAGE?type=REACTION&object=ACETATE--COA-LIGASE-(ADP-FORMING)-RXN HTTP/1.1" 200 - "-" "Mozilla/5.0 (compatible; Googlebot/2.1; +http://www.google.com/bot.html)"writing buffer for # resulted in error (code 32): Broken pipe.
66.249.72.225 - googlebot(at)googlebot.com [22/Feb/2008:10:45:53] "GET /MOUSE/NEW-IMAGE?type=GENE-IN-PWY&object=MGI:96567 HTTP/1.1" 500 - "-" "Mozilla/5.0 (compatible; Googlebot/2.1; +http://www.google.com/bot.html)"NIL
128.249.96.253 - - [22/Feb/2008:10:47:50] "GET /favicon.ico HTTP/1.1" 404 - "-" "Mozilla/4.0 (compatible; MSIE 7.0; Windows NT 5.1; .NET CLR 1.1.4322; InfoPath.2)"Invalid request
0.0.0.0 - - [22/Feb/2008:10:47:54] "GET /Treeview/ftv2mnode.gif HTTP/1.1" 0 - "http://mousecyc.jax.org/MOUSE/class-tree?object=Pathways" "Mozilla/4.0 (compatible; MSIE 7.0; Windows NT 5.1; .NET CLR 1.1.4322; InfoPath.2)"End of File was encountered (user probably pressed Stop)
129.215.92.133 - - [22/Feb/2008:10:49:58] "GET /favicon.ico HTTP/1.1" 404 - "-" "Mozilla/5.0 (Windows; U; Windows NT 5.1; en-GB; rv:1.8.1.12) Gecko/20080201 Firefox/2.0.0.12"Invalid request
66.249.72.225 - googlebot(at)googlebot.com [22/Feb/2008:10:59:58] "GET /MOUSE/NEW-IMAGE?type=GENE-IN-PWY&object=MGI:1913421 HTTP/1.1" 500 - "-" "Mozilla/5.0 (compatible; Googlebot/2.1; +http://www.google.com/bot.html)"NIL
66.249.72.225 - googlebot(at)googlebot.com [22/Feb/2008:11:00:01] "GET /MOUSE/NEW-IMAGE?type=ENZYME-IN-RXN-DISPLAY&object=MGI:1306806-MONOMER HTTP/1.1" 200 - "-" "Mozilla/5.0 (compatible; Googlebot/2.1; +http://www.google.com/bot.html)"# is not an open-for-output STREAM.
66.249.72.225 - googlebot(at)googlebot.com [22/Feb/2008:11:00:01] "GET /MOUSE/NEW-IMAGE?type=REACTION-IN-PATHWAY&object=PYRROLINECARBREDUCT-RXN HTTP/1.1" 200 - "-" "Mozilla/5.0 (compatible; Googlebot/2.1; +http://www.google.com/bot.html)"writing buffer for # resulted in error (code 32): Broken pipe.
66.249.72.225 - googlebot(at)googlebot.com [22/Feb/2008:11:00:01] "GET /MOUSE/NEW-IMAGE?type=REACTION&object=MYO-INOSITOL-OXYGENASE-RXN HTTP/1.1" 200 - "-" "Mozilla/5.0 (compatible; Googlebot/2.1; +http://www.google.com/bot.html)"writing buffer for # resulted in error (code 32): Broken pipe.
209.222.209.122 - - [22/Feb/2008:11:02:03] "GET /MOUSE/class-instances?object=Proteins HTTP/1.1" 200 - "http://www.informatics.jax.org/pathways.shtml" "Mozilla/5.0 (Windows; U; Windows NT 5.1; en-US; rv:1.8.1.12) Gecko/20080201 Firefox/2.0.0.12"# is not an open-for-output STREAM.
66.249.72.225 - googlebot(at)googlebot.com [22/Feb/2008:11:07:46] "GET /MOUSE/NEW-IMAGE?type=GENE-IN-PWY&object=MGI:1913421 HTTP/1.1" 500 - "-" "Mozilla/5.0 (compatible; Googlebot/2.1; +http://www.google.com/bot.html)"NIL
209.222.209.122 - - [22/Feb/2008:11:07:46] "GET //MOUSE/NEW-IMAGE?type=NIL&object=CHOLINE-BETAINE-ANA-PWY HTTP/1.1" 200 - "http://mousecyc.jax.org/MOUSE/class-instances?object=Pathways" "Mozilla/5.0 (Windows; U; Windows NT 5.1; en-US; rv:1.8.1.12) Gecko/20080201 Firefox/2.0.0.12"# is not an open-for-output STREAM.
66.249.72.225 - googlebot(at)googlebot.com [22/Feb/2008:11:07:46] "GET /MOUSE/NEW-IMAGE?type=REACTION-IN-PATHWAY&object=PYRROLINECARBREDUCT-RXN HTTP/1.1" 200 - "-" "Mozilla/5.0 (compatible; Googlebot/2.1; +http://www.google.com/bot.html)"writing buffer for # resulted in error (code 32): Broken pipe. Pathway Tools caught the following error condition: Received signal number 7 (EMT instruction) Evaluation stack: ->(SYS::..RUNTIME-OPERATION . :UNKNOWN-ARGS) (TPL:DO-COMMAND "zoom" :FROM-READ-EVAL-PRINT-LOOP NIL :COUNT T :ALL T) ((FLET CWEST::PRINT-STACK-BACKTRACE CWEST::ZOOM) #1=#) (CWEST::PRINT-STACK-BACKTRACE #1# :ERROR-CONDITION #2=#) ((:INTERNAL (METHOD CWEST::PROCESS-VALID-COMMAND #16=((EQL :NEW-IMAGE) . #6=(T T . #7=(T)))) 6) #2#) (SIGNAL #2#) (ERROR SYNCHRONOUS-OPERATING-SYSTEM-SIGNAL :NAME #3="EMT instruction" :NUMBER 7 :FORMAT-CONTROL "Received signal number ~s ~@[(~a)~]" :FORMAT-ARGUMENTS (7 #3#)) (EXCL::HANDLE-PENDING-SIGNAL 7) (SYS::..CONTEXT-SAVING-RUNTIME-OPERATION) (EXCL::AREF_1D #13856A(#) -1) (GR:LAYOUT-GENERATIONS-KR :NODES (EC::|Branched-chain keto acid monomer-lipoate| EC::|Branched-ketoacid-E2| EC::N6-METHYLPROPANOYLDIHYDROLIPOATE EC::|Branched-ketoacid-monomer-dihydrolipoate| EC::3-METHYL-BUTANOYL-DIHYDROLIPOYL-E2 EC::2-METHYL-BUTANOYL-DIHYDROLIPOYL-E2) :LAYOUT-PARAMS # :GENERATION-FN # :ORDERING-FN # :POSITIONING-FN # :DUMMY-INSERTION T) (EC::GENE-RXN-SCHEMATIC #4=#) (EC::FORMAT-SCHEMATIC #5=# #4# 875) (EC::DISPLAY-CPD-OR-PROTEIN #5# #4# 875 496) ((FLET EC::SHOW-COMPOUND-OR-PROTEIN CLIM-UTILS::WITH-DRAWING-OPTIONS-BODY)) ((METHOD CLIM:INVOKE-WITH-TEXT-STYLE (CLIM:BASIC-MEDIUM . #6#)) #8=# # #10=# #8#) ((METHOD CLIM:INVOKE-WITH-DRAWING-OPTIONS #9#) #8# #11=# :INK #12=# :TEXT-STYLE #10#) (SYS::..RUNTIME-OPERATION . :UNKNOWN-ARGS) ((METHOD CLIM:INVOKE-WITH-DRAWING-OPTIONS (CLIM:CLIM-STREAM-SHEET . #7#)) #5# #11# :TEXT-STYLE #10# :INK #12#) (EC::SHOW-COMPOUND-OR-PROTEIN #4# :USE-PANE #5#) (SYS::..RUNTIME-OPERATION . :UNKNOWN-ARGS) (EC::SHOW-ENZYME #4# :USE-PANE #5#) ((FLET (FLET CWEST::PUT-CLIM-DISPLAY CLIM-INTERNALS::WITH-OUTPUT-RECORDING-OPTIONS-BODY) CLIM-INTERNALS::WITH-NEW-OUTPUT-RECORD-BODY) #13=#) (CLIM-INTERNALS::WITH-OUTPUT-RECORD-1 #14=# #5# #13# 0 514) ((METHOD CLIM:INVOKE-WITH-NEW-OUTPUT-RECORD #15=(CLIM-INTERNALS::OUTPUT-RECORDING-MIXIN . #6#)) #5# #14# CLIM:STANDARD-SEQUENCE-OUTPUT-RECORD CLIM-INTERNALS::STANDARD-SEQUENCE-OUTPUT-RECORD-CONSTRUCTOR) ((FLET CWEST::PUT-CLIM-DISPLAY CLIM-INTERNALS::WITH-OUTPUT-RECORDING-OPTIONS-BODY)) ((METHOD CLIM:INVOKE-WITH-OUTPUT-RECORDING-OPTIONS #15#) #5# # T NIL) (CWEST::PUT-CLIM-DISPLAY # EC::ENZYME EC::3-METHYL-BUTANOYL-DIHYDROLIPOYL-E2 # #5#) ((METHOD CWEST::PROCESS-VALID-COMMAND #16#) :NEW-IMAGE EC::ENZYME #18="3-METHYL-BUTANOYL-DIHYDROLIPOYL-E2" #19=#) ((:INTERNAL (:EFFECTIVE-METHOD 4 NIL NIL NIL T) 0) :NEW-IMAGE EC::ENZYME #18# #19#) ((METHOD CWEST::PROCESS-VALID-COMMAND :AROUND (T . #6#)) :NEW-IMAGE EC::ENZYME #18# #19#) ((:INTERNAL (:EFFECTIVE-METHOD 4 NIL NIL T T) 0) :NEW-IMAGE EC::ENZYME #18# #19#) (SYS::..RUNTIME-OPERATION . :UNKNOWN-ARGS) ((:INTERNAL EXCL::EFFECTIVE-METHOD-EQL 0) :NEW-IMAGE EC::ENZYME #18# #19#) (SYS::..RUNTIME-OPERATION . :UNKNOWN-ARGS) (EXCL::INITIAL-DFUN (:NEW-IMAGE EC::ENZYME #18# #19#) #) (CWEST::DISPATCH-REQUEST #19# "/MOUSE/" :NEW-IMAGE "/MOUSE/NEW-IMAGE" EC::ENZYME #18#) (CWEST::HANDLE-CWEST-REQUEST #19#) (SYS::..RUNTIME-OPERATION . :UNKNOWN-ARGS) (EXCL::THREAD-RESET-CATCHER) (EXCL::SETUP-REQUIRED-THREAD-BINDINGS) (EXCL::LISP-THREAD-START NIL NIL) (to see any ghost frames, the disassembler must be loaded)
66.249.72.225 - googlebot(at)googlebot.com [22/Feb/2008:11:12:52] "GET /MOUSE/NEW-IMAGE?type=ENZYME&object=3-METHYL-BUTANOYL-DIHYDROLIPOYL-E2 HTTP/1.1" 500 - "-" "Mozilla/5.0 (compatible; Googlebot/2.1; +http://www.google.com/bot.html)"Received signal number 7 (EMT instruction)
66.249.72.225 - googlebot(at)googlebot.com [22/Feb/2008:11:15:54] "GET /MOUSE/NEW-IMAGE?type=GENE&object=MGI:1206581 HTTP/1.1" 500 - "-" "Mozilla/5.0 (compatible; Googlebot/2.1; +http://www.google.com/bot.html)"NIL
66.249.72.225 - googlebot(at)googlebot.com [22/Feb/2008:11:55:56] "GET /MOUSE/NEW-IMAGE?type=GENE-IN-PWY&object=MGI:1915562 HTTP/1.1" 500 - "-" "Mozilla/5.0 (compatible; Googlebot/2.1; +http://www.google.com/bot.html)"NIL
128.231.88.5 - - [22/Feb/2008:11:58:17] "GET /favicon.ico HTTP/1.1" 404 - "-" "Mozilla/5.0 (Macintosh; U; PPC Mac OS X Mach-O; en-US; rv:1.8.1.12) Gecko/20080201 Firefox/2.0.0.12"Invalid request
66.249.72.225 - googlebot(at)googlebot.com [22/Feb/2008:11:59:54] "GET /MOUSE/NEW-IMAGE?type=GENE&object=MGI:2137698 HTTP/1.1" 500 - "-" "Mozilla/5.0 (compatible; Googlebot/2.1; +http://www.google.com/bot.html)"NIL
66.249.72.225 - googlebot(at)googlebot.com [22/Feb/2008:12:00:19] "GET /MOUSE/NEW-IMAGE?type=GENE-IN-PWY&object=MGI:1298388 HTTP/1.1" 500 - "-" "Mozilla/5.0 (compatible; Googlebot/2.1; +http://www.google.com/bot.html)"NIL
66.249.72.225 - googlebot(at)googlebot.com [22/Feb/2008:12:05:01] "GET /MOUSE/NEW-IMAGE?type=GENE&object=MGI:1347064 HTTP/1.1" 200 - "-" "Mozilla/5.0 (compatible; Googlebot/2.1; +http://www.google.com/bot.html)"# is not an open-for-output STREAM.
66.249.72.225 - googlebot(at)googlebot.com [22/Feb/2008:12:10:12] "GET /MOUSE/NEW-IMAGE?type=GENE-IN-MAP-IN-PWY&object=MGI:88407 HTTP/1.1" 200 - "-" "Mozilla/5.0 (compatible; Googlebot/2.1; +http://www.google.com/bot.html)"# is not an open-for-output STREAM.
99.196.49.154 - - [22/Feb/2008:12:19:09] "GET /favicon.ico HTTP/1.1" 404 - "http://mousecyc.jax.org/" "Mozilla/5.0 (Macintosh; U; PPC Mac OS X; en) AppleWebKit/523.12.2 (KHTML, like Gecko) Version/3.0.4 Safari/523.12.2"Invalid request
66.249.72.225 - googlebot(at)googlebot.com [22/Feb/2008:12:31:02] "GET /MOUSE/NEW-IMAGE?type=GENE-IN-PWY&object=MGI:1930182 HTTP/1.1" 200 - "-" "Mozilla/5.0 (compatible; Googlebot/2.1; +http://www.google.com/bot.html)"# is not an open-for-output STREAM.
66.249.72.225 - googlebot(at)googlebot.com [22/Feb/2008:12:31:02] "GET /MOUSE/NEW-IMAGE?type=ENZYME-IN-PATHWAY&object=MGI:97564-MONOMER HTTP/1.1" 200 - "-" "Mozilla/5.0 (compatible; Googlebot/2.1; +http://www.google.com/bot.html)"writing buffer for # resulted in error (code 32): Broken pipe.
66.249.72.225 - googlebot(at)googlebot.com [22/Feb/2008:12:31:06] "GET /MOUSE/NEW-IMAGE?type=ENZYME-IN-PATHWAY&object=MGI:1277953-MONOMER HTTP/1.1" 200 - "-" "Mozilla/5.0 (compatible; Googlebot/2.1; +http://www.google.com/bot.html)"# is not an open-for-output STREAM.
0.0.0.0 - - [22/Feb/2008:13:08:08] "GET /style.css HTTP/1.1" 0 - "http://mousecyc.jax.org/MOUSE/class-instances?object=Pathways" "Mozilla/4.0 (compatible; MSIE 6.0; Windows NT 5.1; SV1; InfoPath.2; .NET CLR 1.1.4322; .NET CLR 2.0.50727; .NET CLR 3.0.04506.30)"End of File was encountered (user probably pressed Stop)
66.249.72.225 - - [22/Feb/2008:13:16:53] "GET /MOUSE/NEW-IMAGE?type=PATHWAY&object=ACETOACETATE-DEG-PWY HTTP/1.1" 0 - "-" -Connection to client timed out
66.249.72.225 - - [22/Feb/2008:13:19:52] "GET /MOUSE/NEW-IMAGE?type=GENE-IN-PWY&object=MGI:1916969 HTTP/1.1" 0 - "-" -Connection to client timed out
99.196.49.154 - - [22/Feb/2008:13:19:52] "GET /MOUSE/NEW-IMAGE?type=NIL&object=MGI:102672 HTTP/1.1" 200 - "http://mousecyc.jax.org/" "Mozilla/5.0 (Macintosh; U; PPC Mac OS X; en) AppleWebKit/523.12.2 (KHTML, like Gecko) Version/3.0.4 Safari/523.12.2"# is not an open-for-output STREAM.
99.196.49.154 - - [22/Feb/2008:13:19:52] "GET /MOUSE/NEW-IMAGE?type=NIL&object=MGI:102672 HTTP/1.1" 200 - "http://mousecyc.jax.org/" "Mozilla/5.0 (Macintosh; U; PPC Mac OS X; en) AppleWebKit/523.12.2 (KHTML, like Gecko) Version/3.0.4 Safari/523.12.2"# is not an open-for-output STREAM.
66.249.72.225 - - [22/Feb/2008:13:21:30] "GET /MOUSE/NEW-IMAGE?type=GENE&object=MGI:1347064 HTTP/1.1" 0 - "-" -Connection to client timed out
66.249.72.225 - googlebot(at)googlebot.com [22/Feb/2008:13:21:33] "GET /MOUSE/NEW-IMAGE?type=GENE-IN-PWY&object=MGI:1933185 HTTP/1.1" 200 - "-" "Mozilla/5.0 (compatible; Googlebot/2.1; +http://www.google.com/bot.html)"writing buffer for # resulted in error (code 32): Broken pipe.
66.249.72.225 - googlebot(at)googlebot.com [22/Feb/2008:13:21:40] "GET /MOUSE/NEW-IMAGE?type=ENZYME-IN-PATHWAY&object=MGI:1277953-MONOMER HTTP/1.1" 200 - "-" "Mozilla/5.0 (compatible; Googlebot/2.1; +http://www.google.com/bot.html)"# is not an open-for-output STREAM.
66.249.72.225 - googlebot(at)googlebot.com [22/Feb/2008:13:21:40] "GET /MOUSE/NEW-IMAGE?type=ENZYME-IN-PATHWAY&object=MGI:97564-MONOMER HTTP/1.1" 200 - "-" "Mozilla/5.0 (compatible; Googlebot/2.1; +http://www.google.com/bot.html)"writing buffer for # resulted in error (code 32): Broken pipe.
66.249.72.225 - googlebot(at)googlebot.com [22/Feb/2008:13:21:40] "GET /MOUSE/NEW-IMAGE?type=ENZYME-IN-PATHWAY&object=MGI:1277953-MONOMER HTTP/1.1" 200 - "-" "Mozilla/5.0 (compatible; Googlebot/2.1; +http://www.google.com/bot.html)"# is not an open-for-output STREAM.
66.249.72.225 - googlebot(at)googlebot.com [22/Feb/2008:13:21:40] "GET /MOUSE/NEW-IMAGE?type=PATHWAY&object=ACETOACETATE-DEG-PWY HTTP/1.1" 200 - "-" "Mozilla/5.0 (compatible; Googlebot/2.1; +http://www.google.com/bot.html)"# is not an open-for-output STREAM.
79.176.160.121 - - [22/Feb/2008:13:24:11] "GET /MOUSE/NEW-IMAGE?type=PATHWAY&object=PWY-4302 HTTP/1.1" 0 - "-" -Connection to client timed out
141.106.232.55 - - [22/Feb/2008:13:28:31] "GET /favicon.ico HTTP/1.1" 404 - "-" "Mozilla/4.0 (compatible; MSIE 7.0; Windows NT 5.1; .NET CLR 1.1.4322; .NET CLR 2.0.50727; InfoPath.1; .NET CLR 3.0.04506.30; .NET CLR 3.0.04506.648)"Invalid request
141.106.232.55 - - [22/Feb/2008:13:29:10] "EOF" 0 - "-" -truncated request
141.106.232.55 - - [22/Feb/2008:13:29:56] "EOF" 0 - "-" -truncated request
66.249.72.225 - - [22/Feb/2008:13:31:24] "GET /MOUSE/NEW-IMAGE?type=GENE-IN-MAP-IN-PWY&object=MGI:88407 HTTP/1.1" 0 - "-" -Connection to client timed out
66.249.72.225 - - [22/Feb/2008:13:34:24] "GET /MOUSE/NEW-IMAGE?type=GENE-IN-PWY&object=MGI:1930182 HTTP/1.1" 0 - "-" -Connection to client timed out
66.249.72.225 - - [22/Feb/2008:13:35:44] "GET /MOUSE/NEW-IMAGE?type=PATHWAY&object=ACETOACETATE-DEG-PWY HTTP/1.1" 0 - "-" -Connection to client timed out
141.106.232.142 - - [22/Feb/2008:13:35:58] "GET /favicon.ico HTTP/1.1" 404 - "http://mousecyc.jax.org/MOUSE/class-tree?object=Pathways" "Mozilla/5.0 (Macintosh; U; Intel Mac OS X; en-us) AppleWebKit/523.10.6 (KHTML, like Gecko) Version/3.0.4 Safari/523.10.6"Invalid request
131.107.0.106 - - [22/Feb/2008:13:37:18] "GET /favicon.ico HTTP/1.1" 404 - "-" "Mozilla/4.0 (compatible; MSIE 7.0; Windows NT 6.0; SLCC1; .NET CLR 2.0.50727; .NET CLR 3.0.04506; .NET CLR 1.1.4322; InfoPath.2; MS-RTC LM 8; .NET CLR 3.5.21022)"Invalid request
66.249.72.225 - - [22/Feb/2008:13:38:41] "GET /MOUSE/NEW-IMAGE?type=GENE-IN-PWY&object=MGI:1916969 HTTP/1.1" 0 - "-" -Connection to client timed out
66.249.72.225 - googlebot(at)googlebot.com [22/Feb/2008:13:45:16] "GET /MOUSE/NEW-IMAGE?type=GENE&object=MGI:1347064 HTTP/1.1" 200 - "-" "Mozilla/5.0 (compatible; Googlebot/2.1; +http://www.google.com/bot.html)"# is not an open-for-output STREAM.
209.222.205.4 - - [22/Feb/2008:13:45:16] "GET /favicon.ico HTTP/1.1" 404 - "-" "Mozilla/4.0 (compatible; MSIE 7.0; Windows NT 5.1; InfoPath.1; .NET CLR 1.1.4322; .NET CLR 2.0.50727; .NET CLR 3.0.04506.30)"Invalid request
209.222.205.4 - - [22/Feb/2008:13:45:16] "GET /favicon.ico HTTP/1.1" 404 - "-" "Mozilla/5.0 (compatible; Google Desktop)"Invalid request
66.249.72.225 - googlebot(at)googlebot.com [22/Feb/2008:13:45:16] "GET /MOUSE/NEW-IMAGE?type=GENE-IN-PWY&object=MGI:1933185 HTTP/1.1" 200 - "-" "Mozilla/5.0 (compatible; Googlebot/2.1; +http://www.google.com/bot.html)"writing buffer for # resulted in error (code 32): Broken pipe.
66.249.72.225 - - [22/Feb/2008:13:45:58] "GET /MOUSE/NEW-IMAGE?type=PATHWAY&object=ACETOACETATE-DEG-PWY HTTP/1.1" 0 - "-" -Connection to client timed out
66.249.72.225 - - [22/Feb/2008:13:53:51] "GET /MOUSE/NEW-IMAGE?type=PATHWAY&object=PWY-4061 HTTP/1.1" 0 - "-" -Connection to client timed out
141.106.144.132 - - [22/Feb/2008:13:56:02] "GET /favicon.ico HTTP/1.1" 404 - "http://mousecyc.jax.org/" "Mozilla/5.0 (Windows; U; Windows NT 5.1; en-US) AppleWebKit/523.15 (KHTML, like Gecko) Version/3.0 Safari/523.15"Invalid request
141.106.144.132 - - [22/Feb/2008:13:56:06] "GET /overLIB/overlib.js HTTP/1.1" 200 - "http://mousecyc.jax.org/" "Mozilla/5.0 (Windows; U; Windows NT 5.1; en-US) AppleWebKit/523.15 (KHTML, like Gecko) Version/3.0 Safari/523.15"# is not an open-for-output STREAM.
66.249.72.225 - - [22/Feb/2008:13:56:51] "GET /MOUSE/NEW-IMAGE?type=GENE-IN-MAP-IN-PWY&object=MGI:88407 HTTP/1.1" 0 - "-" -Connection to client timed out
66.249.72.225 - - [22/Feb/2008:13:57:48] "GET /MOUSE/NEW-IMAGE?type=GENE-IN-PWY&object=MGI:1930182 HTTP/1.1" 0 - "-" -Connection to client timed out
66.249.72.225 - - [22/Feb/2008:14:00:48] "GET /MOUSE/NEW-IMAGE?type=PATHWAY&object=ACETOACETATE-DEG-PWY HTTP/1.1" 0 - "-" -Connection to client timed out
66.249.72.225 - - [22/Feb/2008:14:06:01] "GET /MOUSE/NEW-IMAGE?type=GENE-IN-PWY&object=MGI:1916969 HTTP/1.1" 0 - "-" -Connection to client timed out
66.207.141.195 - - [22/Feb/2008:14:06:49] "GET //MOUSE/NEW-IMAGE?type=NIL&object=AERESPDON-PWY HTTP/1.1" 0 - "-" -Connection to client timed out
66.249.72.225 - - [22/Feb/2008:14:09:01] "GET /MOUSE/NEW-IMAGE?type=PATHWAY&object=PWY-4061 HTTP/1.1" 0 - "-" -Connection to client timed out
141.106.232.49 - - [22/Feb/2008:14:09:48] "GET /favicon.ico HTTP/1.1" 404 - "-" "Mozilla/5.0 (Windows; U; Windows NT 5.1; en-US; rv:1.8.1.12) Gecko/20080201 Firefox/2.0.0.12"Invalid request
141.106.232.49 - - [22/Feb/2008:14:09:50] "GET /overLIB/overlib.js HTTP/1.1" 200 - "http://mousecyc.jax.org/" "Mozilla/5.0 (Windows; U; Windows NT 5.1; en-US; rv:1.8.1.12) Gecko/20080201 Firefox/2.0.0.12"writing buffer for # resulted in error (code 32): Broken pipe.
66.249.72.225 - - [22/Feb/2008:14:15:57] "GET /MOUSE/NEW-IMAGE?type=PATHWAY&object=ACETOACETATE-DEG-PWY HTTP/1.1" 0 - "-" -Connection to client timed out
66.207.141.195 - - [22/Feb/2008:14:18:49] "GET //MOUSE/NEW-IMAGE?type=NIL&object=PWY-3781 HTTP/1.1" 0 - "-" -Connection to client timed out
66.249.72.225 - - [22/Feb/2008:14:18:56] "GET /MOUSE/NEW-IMAGE?type=GENE&object=MGI:1347064 HTTP/1.1" 0 - "-" -Connection to client timed out
66.249.72.225 - googlebot(at)googlebot.com [22/Feb/2008:14:19:01] "GET /MOUSE/NEW-IMAGE?type=ENZYME-IN-PATHWAY&object=MGI:1277953-MONOMER HTTP/1.1" 200 - "-" "Mozilla/5.0 (compatible; Googlebot/2.1; +http://www.google.com/bot.html)"# is not an open-for-output STREAM.
66.249.72.225 - googlebot(at)googlebot.com [22/Feb/2008:14:19:01] "GET /MOUSE/NEW-IMAGE?type=REACTION&object=UNSPECIFIC-MONOOXYGENASE-RXN HTTP/1.1" 200 - "-" "Mozilla/5.0 (compatible; Googlebot/2.1; +http://www.google.com/bot.html)"# is not an open-for-output STREAM.
66.249.72.225 - googlebot(at)googlebot.com [22/Feb/2008:14:19:01] "GET /MOUSE/NEW-IMAGE?type=ENZYME-IN-PATHWAY&object=MGI:2387466-MONOMER HTTP/1.1" 200 - "-" "Mozilla/5.0 (compatible; Googlebot/2.1; +http://www.google.com/bot.html)"writing buffer for # resulted in error (code 32): Broken pipe.
66.249.72.225 - googlebot(at)googlebot.com [22/Feb/2008:14:19:01] "GET /MOUSE/NEW-IMAGE?type=REACTION&object=UNSPECIFIC-MONOOXYGENASE-RXN HTTP/1.1" 200 - "-" "Mozilla/5.0 (compatible; Googlebot/2.1; +http://www.google.com/bot.html)"# is not an open-for-output STREAM.
66.249.72.225 - googlebot(at)googlebot.com [22/Feb/2008:14:19:03] "GET /MOUSE/NEW-IMAGE?type=ENZYME-IN-PATHWAY&object=MGI:2387466-MONOMER HTTP/1.1" 200 - "-" "Mozilla/5.0 (compatible; Googlebot/2.1; +http://www.google.com/bot.html)"writing buffer for # resulted in error (code 32): Broken pipe.
66.249.72.225 - googlebot(at)googlebot.com [22/Feb/2008:14:19:03] "GET /MOUSE/NEW-IMAGE?type=GENE-IN-PWY&object=MGI:1933185 HTTP/1.1" 200 - "-" "Mozilla/5.0 (compatible; Googlebot/2.1; +http://www.google.com/bot.html)"writing buffer for # resulted in error (code 32): Broken pipe.
66.249.72.225 - - [22/Feb/2008:14:21:58] "GET /MOUSE/NEW-IMAGE?type=PATHWAY&object=PWY-4061 HTTP/1.1" 0 - "-" -Connection to client timed out
66.249.72.225 - googlebot(at)googlebot.com [22/Feb/2008:14:22:37] "GET /MOUSE/NEW-IMAGE?type=GENE-IN-MAP-IN-PWY&object=MGI:88407 HTTP/1.1" 200 - "-" "Mozilla/5.0 (compatible; Googlebot/2.1; +http://www.google.com/bot.html)"# is not an open-for-output STREAM.
66.249.72.225 - - [22/Feb/2008:14:27:57] "GET /MOUSE/NEW-IMAGE?type=PATHWAY&object=ACETOACETATE-DEG-PWY HTTP/1.1" 0 - "-" -Connection to client timed out
141.106.232.55 - - [22/Feb/2008:14:29:59] "GET /MOUSE/NEW-IMAGE?object=CHOLINE-BETAINE-ANA-PWY HTTP/1.1" 0 - "-" -Connection to client timed out
141.106.232.55 - - [22/Feb/2008:14:30:11] "GET /MOUSE/NEW-IMAGE?object=CHOLINE-BETAINE-ANA-PWY HTTP/1.1" 0 - "-" -Connection to client timed out
66.249.72.225 - - [22/Feb/2008:14:37:19] "GET /MOUSE/NEW-IMAGE?type=PATHWAY&object=PWY-4061 HTTP/1.1" 0 - "-" -Connection to client timed out
131.107.0.106 - - [22/Feb/2008:14:38:09] "GET /MOUSE/NEW-IMAGE?type=PATHWAY&object=CHOLINE-BETAINE-ANA-PWY HTTP/1.1" 0 - "-" -Connection to client timed out
131.107.0.106 - - [22/Feb/2008:14:38:43] "GET /MOUSE/NEW-IMAGE?type=PATHWAY&object=CHOLINE-BETAINE-ANA-PWY HTTP/1.1" 0 - "-" -Connection to client timed out
66.249.72.225 - googlebot(at)googlebot.com [22/Feb/2008:14:40:33] "GET /MOUSE/NEW-IMAGE?type=GENE-IN-PWY&object=MGI:2449121 HTTP/1.1" 200 - "-" "Mozilla/5.0 (compatible; Googlebot/2.1; +http://www.google.com/bot.html)"# is not an open-for-output STREAM.
130.107.67.61 - - [22/Feb/2008:14:49:00] "GET /favicon.ico HTTP/1.1" 0 - "-" "Mozilla/5.0 (X11; U; Linux x86_64; en-US; rv:1.8.1.8) Gecko/20060601 Firefox/2.0.0.8 (Ubuntu-edgy)"End of File was encountered (user probably pressed Stop)
66.249.72.225 - - [22/Feb/2008:14:49:18] "GET /MOUSE/NEW-IMAGE?type=PATHWAY&object=ACETOACETATE-DEG-PWY HTTP/1.1" 0 - "-" -Connection to client timed out
66.249.72.225 - - [22/Feb/2008:14:55:25] "GET /MOUSE/NEW-IMAGE?type=PATHWAY&object=PWY-4061 HTTP/1.1" 0 - "-" -Connection to client timed out
66.249.72.225 - googlebot(at)googlebot.com [22/Feb/2008:14:58:52] "GET /MOUSE/NEW-IMAGE?type=GENE-IN-PWY&object=MGI:2449121 HTTP/1.1" 200 - "-" "Mozilla/5.0 (compatible; Googlebot/2.1; +http://www.google.com/bot.html)"# is not an open-for-output STREAM.
66.249.72.225 - googlebot(at)googlebot.com [22/Feb/2008:14:58:52] "GET /MOUSE/NEW-IMAGE?type=ENZYME-IN-PATHWAY&object=MGI:2387466-MONOMER HTTP/1.1" 200 - "-" "Mozilla/5.0 (compatible; Googlebot/2.1; +http://www.google.com/bot.html)"writing buffer for # resulted in error (code 32): Broken pipe.
66.249.72.225 - googlebot(at)googlebot.com [22/Feb/2008:14:58:54] "GET /MOUSE/NEW-IMAGE?type=ENZYME-IN-PATHWAY&object=MGI:2387466-MONOMER HTTP/1.1" 200 - "-" "Mozilla/5.0 (compatible; Googlebot/2.1; +http://www.google.com/bot.html)"writing buffer for # resulted in error (code 32): Broken pipe.
66.249.72.225 - googlebot(at)googlebot.com [22/Feb/2008:14:58:54] "GET /MOUSE/NEW-IMAGE?type=PATHWAY&object=ARG-PRO-PWY HTTP/1.1" 200 - "-" "Mozilla/5.0 (compatible; Googlebot/2.1; +http://www.google.com/bot.html)"# is not an open-for-output STREAM.
66.249.72.225 - googlebot(at)googlebot.com [22/Feb/2008:14:58:54] "GET /MOUSE/NEW-IMAGE?type=PATHWAY&object=PWY-4061 HTTP/1.1" 200 - "-" "Mozilla/5.0 (compatible; Googlebot/2.1; +http://www.google.com/bot.html)"# is not an open-for-output STREAM.
141.106.232.49 - - [22/Feb/2008:14:58:54] "GET /MOUSE/NEW-IMAGE?object=BSUBPOLYAMSYN-PWY HTTP/1.1" 200 - "http://mousecyc.jax.org/MOUSE/class-tree?object=Pathways" "Mozilla/5.0 (Windows; U; Windows NT 5.1; en-US; rv:1.8.1.12) Gecko/20080201 Firefox/2.0.0.12"# is not an open-for-output STREAM.
66.249.72.225 - googlebot(at)googlebot.com [22/Feb/2008:14:58:56] "GET /MOUSE/NEW-IMAGE?type=ENZYME&object=MGI:96013-MONOMER HTTP/1.1" 200 - "-" "Mozilla/5.0 (compatible; Googlebot/2.1; +http://www.google.com/bot.html)"# is not an open-for-output STREAM.
66.249.72.225 - googlebot(at)googlebot.com [22/Feb/2008:14:58:56] "GET /MOUSE/NEW-IMAGE?type=PATHWAY&object=ARG-PRO-PWY HTTP/1.1" 200 - "-" "Mozilla/5.0 (compatible; Googlebot/2.1; +http://www.google.com/bot.html)"# is not an open-for-output STREAM.
66.249.72.225 - googlebot(at)googlebot.com [22/Feb/2008:15:18:11] "GET /MOUSE/NEW-IMAGE?type=GENE-IN-PWY&object=MGI:2449121 HTTP/1.1" 200 - "-" "Mozilla/5.0 (compatible; Googlebot/2.1; +http://www.google.com/bot.html)"# is not an open-for-output STREAM.
66.249.72.225 - - [22/Feb/2008:15:19:09] "GET /MOUSE/NEW-IMAGE?type=PATHWAY&object=PWY-4061 HTTP/1.1" 0 - "-" -Connection to client timed out
66.249.72.225 - - [22/Feb/2008:15:25:08] "GET /MOUSE/NEW-IMAGE?type=PATHWAY&object=ARG-PRO-PWY HTTP/1.1" 0 - "-" -Connection to client timed out
66.249.72.225 - - [22/Feb/2008:15:31:06] "GET /MOUSE/NEW-IMAGE?type=PATHWAY&object=PWY-4061 HTTP/1.1" 0 - "-" -Connection to client timed out
66.249.72.225 - - [22/Feb/2008:15:37:09] "GET /MOUSE/NEW-IMAGE?type=PATHWAY&object=ARG-PRO-PWY HTTP/1.1" 0 - "-" -Connection to client timed out
66.249.72.225 - googlebot(at)googlebot.com [22/Feb/2008:15:37:21] "GET /MOUSE/NEW-IMAGE?type=GENE-IN-PWY&object=MGI:2449121 HTTP/1.1" 200 - "-" "Mozilla/5.0 (compatible; Googlebot/2.1; +http://www.google.com/bot.html)"# is not an open-for-output STREAM.
66.249.72.225 - googlebot(at)googlebot.com [22/Feb/2008:15:37:21] "GET /MOUSE/NEW-IMAGE?type=ENZYME-IN-PATHWAY&object=MGI:2387466-MONOMER HTTP/1.1" 200 - "-" "Mozilla/5.0 (compatible; Googlebot/2.1; +http://www.google.com/bot.html)"writing buffer for # resulted in error (code 32): Broken pipe.
66.249.72.225 - googlebot(at)googlebot.com [22/Feb/2008:15:37:21] "GET /MOUSE/NEW-IMAGE?type=ENZYME&object=MGI:96013-MONOMER HTTP/1.1" 200 - "-" "Mozilla/5.0 (compatible; Googlebot/2.1; +http://www.google.com/bot.html)"# is not an open-for-output STREAM.
66.249.72.225 - googlebot(at)googlebot.com [22/Feb/2008:15:37:21] "GET /MOUSE/NEW-IMAGE?type=PATHWAY&object=PWY-4061 HTTP/1.1" 200 - "-" "Mozilla/5.0 (compatible; Googlebot/2.1; +http://www.google.com/bot.html)"# is not an open-for-output STREAM.
66.249.72.225 - googlebot(at)googlebot.com [22/Feb/2008:15:37:21] "GET /MOUSE/NEW-IMAGE?type=PATHWAY&object=ARG-PRO-PWY HTTP/1.1" 200 - "-" "Mozilla/5.0 (compatible; Googlebot/2.1; +http://www.google.com/bot.html)"# is not an open-for-output STREAM.
66.249.72.225 - googlebot(at)googlebot.com [22/Feb/2008:15:37:23] "GET /MOUSE/NEW-IMAGE?type=ENZYME-IN-PATHWAY&object=MGI:2387466-MONOMER HTTP/1.1" 200 - "-" "Mozilla/5.0 (compatible; Googlebot/2.1; +http://www.google.com/bot.html)"writing buffer for # resulted in error (code 32): Broken pipe.
66.249.72.225 - googlebot(at)googlebot.com [22/Feb/2008:15:37:23] "GET /MOUSE/NEW-IMAGE?type=PATHWAY&object=PWY-4061 HTTP/1.1" 200 - "-" "Mozilla/5.0 (compatible; Googlebot/2.1; +http://www.google.com/bot.html)"# is not an open-for-output STREAM.
137.110.117.194 - - [22/Feb/2008:15:42:13] "GET /Treeview/ftv2plastnode.gif HTTP/1.1" 0 - "http://mousecyc.jax.org/MOUSE/class-tree?object=Pathways" "Mozilla/5.0 (Windows; U; Windows NT 5.1; en-US; rv:1.8.1.12) Gecko/20080201 Firefox/2.0.0.12"End of File was encountered (user probably pressed Stop)
137.110.117.194 - - [22/Feb/2008:15:42:13] "GET /Treeview/ftv2pnode.gif HTTP/1.1" 0 - "http://mousecyc.jax.org/MOUSE/class-tree?object=Pathways" "Mozilla/5.0 (Windows; U; Windows NT 5.1; en-US; rv:1.8.1.12) Gecko/20080201 Firefox/2.0.0.12"End of File was encountered (user probably pressed Stop)
137.110.117.194 - - [22/Feb/2008:15:42:13] "GET /favicon.ico HTTP/1.1" 404 - "-" "Mozilla/5.0 (Windows; U; Windows NT 5.1; en-US; rv:1.8.1.12) Gecko/20080201 Firefox/2.0.0.12"Invalid request
141.106.232.51 - - [22/Feb/2008:15:44:02] "GET /favicon.ico HTTP/1.1" 404 - "-" "Mozilla/4.0 (compatible; MSIE 7.0; Windows NT 5.1; .NET CLR 2.0.50727; .NET CLR 1.1.4322; .NET CLR 3.0.04506.30; .NET CLR 3.0.04506.648)"Invalid request
128.91.212.71 - - [22/Feb/2008:15:53:07] "GET /favicon.ico HTTP/1.1" 404 - "http://mousecyc.jax.org/MOUSE/class-instances?object=Pathways" "Opera/9.25 (Windows NT 5.1; U; en)"Invalid request
66.249.72.225 - googlebot(at)googlebot.com [22/Feb/2008:15:55:03] "GET /MOUSE/NEW-IMAGE?type=GENE-IN-PWY&object=MGI:2449121 HTTP/1.1" 200 - "-" "Mozilla/5.0 (compatible; Googlebot/2.1; +http://www.google.com/bot.html)"# is not an open-for-output STREAM.
66.249.72.225 - googlebot(at)googlebot.com [22/Feb/2008:15:55:03] "GET /MOUSE/NEW-IMAGE?type=PATHWAY&object=ARG-PRO-PWY HTTP/1.1" 200 - "-" "Mozilla/5.0 (compatible; Googlebot/2.1; +http://www.google.com/bot.html)"# is not an open-for-output STREAM.
66.249.72.225 - googlebot(at)googlebot.com [22/Feb/2008:15:55:03] "GET /MOUSE/NEW-IMAGE?type=PATHWAY&object=ARG-PRO-PWY HTTP/1.1" 200 - "-" "Mozilla/5.0 (compatible; Googlebot/2.1; +http://www.google.com/bot.html)"# is not an open-for-output STREAM.
165.134.76.135 - - [22/Feb/2008:15:55:03] "GET //MOUSE/NEW-IMAGE?type=NIL&object=GALACTMETAB-PWY HTTP/1.0" 200 - "http://mousecyc.jax.org/MOUSE/class-instances?object=Pathways" "Mozilla/4.0 (compatible; MSIE 6.0; Windows NT 5.1; SV1; Tablet PC 1.7; .NET CLR 1.0.3705; .NET CLR 1.1.4322; .NET CLR 2.0.50727; InfoPath.1)"# is not an open-for-output STREAM.
66.249.72.225 - googlebot(at)googlebot.com [22/Feb/2008:15:55:03] "GET /MOUSE/NEW-IMAGE?type=PATHWAY&object=PWY-6 HTTP/1.1" 200 - "-" "Mozilla/5.0 (compatible; Googlebot/2.1; +http://www.google.com/bot.html)"# is not an open-for-output STREAM.
66.249.72.225 - googlebot(at)googlebot.com [22/Feb/2008:15:55:03] "GET /MOUSE/NEW-IMAGE?type=ENZYME-IN-PATHWAY&object=MGI:2387466-MONOMER HTTP/1.1" 200 - "-" "Mozilla/5.0 (compatible; Googlebot/2.1; +http://www.google.com/bot.html)"writing buffer for # resulted in error (code 32): Broken pipe.
66.249.72.225 - googlebot(at)googlebot.com [22/Feb/2008:15:55:05] "GET /MOUSE/NEW-IMAGE?type=PATHWAY&object=ARG-PRO-PWY HTTP/1.1" 200 - "-" "Mozilla/5.0 (compatible; Googlebot/2.1; +http://www.google.com/bot.html)"# is not an open-for-output STREAM.
66.249.72.225 - googlebot(at)googlebot.com [22/Feb/2008:15:55:05] "GET /MOUSE/NEW-IMAGE?type=PATHWAY&object=PWY-6 HTTP/1.1" 200 - "-" "Mozilla/5.0 (compatible; Googlebot/2.1; +http://www.google.com/bot.html)"# is not an open-for-output STREAM.
209.222.209.235 - - [22/Feb/2008:15:59:54] "GET /favicon.ico HTTP/1.1" 404 - "-" "Mozilla/5.0 (Macintosh; U; PPC Mac OS X; en-us) AppleWebKit/418.8 (KHTML, like Gecko) Safari/419.3"Invalid request
209.222.209.235 - - [22/Feb/2008:16:01:24] "GET /favicon.ico HTTP/1.1" 404 - "-" "Mozilla/5.0 (Macintosh; U; PPC Mac OS X; en-us) AppleWebKit/418.8 (KHTML, like Gecko) Safari/419.3"Invalid request
209.222.209.235 - - [22/Feb/2008:16:02:40] "GET /favicon.ico HTTP/1.1" 404 - "-" "Mozilla/5.0 (Macintosh; U; PPC Mac OS X; en-us) AppleWebKit/418.8 (KHTML, like Gecko) Safari/419.3"Invalid request
209.222.209.235 - - [22/Feb/2008:16:03:17] "GET /favicon.ico HTTP/1.1" 404 - "-" "Mozilla/5.0 (Macintosh; U; PPC Mac OS X; en-us) AppleWebKit/418.8 (KHTML, like Gecko) Safari/419.3"Invalid request
209.222.209.235 - - [22/Feb/2008:16:04:39] "GET /favicon.ico HTTP/1.1" 404 - "-" "Mozilla/5.0 (Macintosh; U; PPC Mac OS X; en-us) AppleWebKit/418.8 (KHTML, like Gecko) Safari/419.3"Invalid request
209.222.209.235 - - [22/Feb/2008:16:04:57] "GET /overLIB/overlib_centerpopup.js HTTP/1.1" 0 - "http://mousecyc.jax.org/" "Mozilla/5.0 (Macintosh; U; PPC Mac OS X; en-us) AppleWebKit/418.8 (KHTML, like Gecko) Safari/419.3"End of File was encountered (user probably pressed Stop)
209.222.209.235 - - [22/Feb/2008:16:04:57] "GET /button-help-half.gif HTTP/1.1" 0 - "http://mousecyc.jax.org/" "Mozilla/5.0 (Macintosh; U; PPC Mac OS X; en-us) AppleWebKit/418.8 (KHTML, like Gecko) Safari/419.3"End of File was encountered (user probably pressed Stop)
209.222.209.235 - - [22/Feb/2008:16:04:57] "GET /ov-button.jpg HTTP/1.1" 0 - "http://mousecyc.jax.org/" "Mozilla/5.0 (Macintosh; U; PPC Mac OS X; en-us) AppleWebKit/418.8 (KHTML, like Gecko) Safari/419.3"End of File was encountered (user probably pressed Stop)
209.222.209.235 - - [22/Feb/2008:16:04:57] "GET /googleLogo_25wht.gif HTTP/1.1" 0 - "http://mousecyc.jax.org/" "Mozilla/5.0 (Macintosh; U; PPC Mac OS X; en-us) AppleWebKit/418.8 (KHTML, like Gecko) Safari/419.3"End of File was encountered (user probably pressed Stop)
66.249.72.225 - googlebot(at)googlebot.com [22/Feb/2008:16:11:58] "GET /MOUSE/NEW-IMAGE?type=GENE-IN-PWY&object=MGI:2449121 HTTP/1.1" 200 - "-" "Mozilla/5.0 (compatible; Googlebot/2.1; +http://www.google.com/bot.html)"# is not an open-for-output STREAM.
66.249.72.225 - googlebot(at)googlebot.com [22/Feb/2008:16:12:00] "GET /MOUSE/NEW-IMAGE?type=PATHWAY&object=ARG-PRO-PWY HTTP/1.1" 200 - "-" "Mozilla/5.0 (compatible; Googlebot/2.1; +http://www.google.com/bot.html)"# is not an open-for-output STREAM.
137.110.117.194 - - [22/Feb/2008:16:12:00] "GET /MOUSE/NEW-IMAGE?type=PATHWAY&object=PWY-922 HTTP/1.1" 200 - "http://mousecyc.jax.org/MOUSE/NEW-IMAGE?object=Lipid-Biosynthesis" "Mozilla/5.0 (Windows; U; Windows NT 5.1; en-US; rv:1.8.1.12) Gecko/20080201 Firefox/2.0.0.12"# is not an open-for-output STREAM.
66.249.72.225 - googlebot(at)googlebot.com [22/Feb/2008:16:12:02] "GET /MOUSE/NEW-IMAGE?type=PATHWAY&object=PWY-6 HTTP/1.1" 200 - "-" "Mozilla/5.0 (compatible; Googlebot/2.1; +http://www.google.com/bot.html)"# is not an open-for-output STREAM.
199.202.96.19 - - [22/Feb/2008:16:12:48] "GET /MOUSE/NEW-IMAGE?type=PATHWAY&object=PWY-5046 HTTP/1.1" 0 - "-" -Connection to client timed out
209.222.209.235 - - [22/Feb/2008:16:15:49] "GET /MOUSE/class-instances?object=Genes HTTP/1.1" 200 - "http://www.informatics.jax.org/pathways.shtml" "Mozilla/5.0 (Macintosh; U; PPC Mac OS X; en-us) AppleWebKit/418.8 (KHTML, like Gecko) Safari/419.3"# is not an open-for-output STREAM.
209.222.209.235 - - [22/Feb/2008:16:17:00] "GET /MOUSE/class-instances?object=Proteins HTTP/1.1" 200 - "http://www.informatics.jax.org/pathways.shtml" "Mozilla/5.0 (Macintosh; U; PPC Mac OS X; en-us) AppleWebKit/418.8 (KHTML, like Gecko) Safari/419.3"# is not an open-for-output STREAM.
66.249.72.225 - googlebot(at)googlebot.com [22/Feb/2008:16:29:18] "GET /MOUSE/NEW-IMAGE?type=GENE-IN-PWY&object=MGI:2449121 HTTP/1.1" 200 - "-" "Mozilla/5.0 (compatible; Googlebot/2.1; +http://www.google.com/bot.html)"# is not an open-for-output STREAM.
0.0.0.0 - - [22/Feb/2008:16:30:19] "GET /button-help-half.gif HTTP/1.1" 0 - "http://mousecyc.jax.org/" "Mozilla/4.0 (compatible; MSIE 6.0; Windows NT 5.1; SV1; .NET CLR 1.1.4322; .NET CLR 2.0.50727; InfoPath.1)"End of File was encountered (user probably pressed Stop)
0.0.0.0 - - [22/Feb/2008:16:30:19] "GET /ov-button.jpg HTTP/1.1" 0 - "http://mousecyc.jax.org/" "Mozilla/4.0 (compatible; MSIE 6.0; Windows NT 5.1; SV1; .NET CLR 1.1.4322; .NET CLR 2.0.50727; InfoPath.1)"End of File was encountered (user probably pressed Stop)
0.0.0.0 - - [22/Feb/2008:16:30:19] "GET /googleLogo_25wht.gif HTTP/1.1" 0 - "http://mousecyc.jax.org/" "Mozilla/4.0 (compatible; MSIE 6.0; Windows NT 5.1; SV1; .NET CLR 1.1.4322; .NET CLR 2.0.50727; InfoPath.1)"End of File was encountered (user probably pressed Stop)
0.0.0.0 - - [22/Feb/2008:16:30:33] "GET /Treeview/ftv2vertline.gif HTTP/1.1" 0 - "http://mousecyc.jax.org/MOUSE/class-tree?object=Pathways" "Mozilla/4.0 (compatible; MSIE 6.0; Windows NT 5.1; SV1; .NET CLR 1.1.4322; .NET CLR 2.0.50727; InfoPath.1)"End of File was encountered (user probably pressed Stop)
209.222.209.238 - - [22/Feb/2008:16:30:33] "EOF" 0 - "-" -truncated request
0.0.0.0 - - [22/Feb/2008:16:30:33] "GET /Treeview/ftv2mnode.gif HTTP/1.1" 0 - "http://mousecyc.jax.org/MOUSE/class-tree?object=Pathways" "Mozilla/4.0 (compatible; MSIE 6.0; Windows NT 5.1; SV1; .NET CLR 1.1.4322; .NET CLR 2.0.50727; InfoPath.1)"End of File was encountered (user probably pressed Stop)
0.0.0.0 - - [22/Feb/2008:16:30:33] "GET /Treeview/ftv2plastnode.gif HTTP/1.1" 0 - "http://mousecyc.jax.org/MOUSE/class-tree?object=Pathways" "Mozilla/4.0 (compatible; MSIE 6.0; Windows NT 5.1; SV1; .NET CLR 1.1.4322; .NET CLR 2.0.50727; InfoPath.1)"End of File was encountered (user probably pressed Stop)
0.0.0.0 - - [22/Feb/2008:16:30:33] "GET /Treeview/ftv2pnode.gif HTTP/1.1" 0 - "http://mousecyc.jax.org/MOUSE/class-tree?object=Pathways" "Mozilla/4.0 (compatible; MSIE 6.0; Windows NT 5.1; SV1; .NET CLR 1.1.4322; .NET CLR 2.0.50727; InfoPath.1)"End of File was encountered (user probably pressed Stop)
0.0.0.0 - - [22/Feb/2008:16:30:33] "GET /Treeview/ftv2blank.gif HTTP/1.1" 0 - "http://mousecyc.jax.org/MOUSE/class-tree?object=Pathways" "Mozilla/4.0 (compatible; MSIE 6.0; Windows NT 5.1; SV1; .NET CLR 1.1.4322; .NET CLR 2.0.50727; InfoPath.1)"End of File was encountered (user probably pressed Stop)
0.0.0.0 - - [22/Feb/2008:16:30:39] "GET /Treeview/ftv2plastnode.gif HTTP/1.1" 0 - "http://mousecyc.jax.org/MOUSE/class-tree?object=Pathways" "Mozilla/4.0 (compatible; MSIE 6.0; Windows NT 5.1; SV1; .NET CLR 1.1.4322; .NET CLR 2.0.50727; InfoPath.1)"End of File was encountered (user probably pressed Stop)
0.0.0.0 - - [22/Feb/2008:16:30:47] "GET /Treeview/ftv2vertline.gif HTTP/1.1" 0 - "http://mousecyc.jax.org/MOUSE/class-tree?object=Pathways" "Mozilla/4.0 (compatible; MSIE 6.0; Windows NT 5.1; SV1; .NET CLR 1.1.4322; .NET CLR 2.0.50727; InfoPath.1)"End of File was encountered (user probably pressed Stop)
0.0.0.0 - - [22/Feb/2008:16:30:47] "GET /Treeview/ftv2blank.gif HTTP/1.1" 0 - "http://mousecyc.jax.org/MOUSE/class-tree?object=Pathways" "Mozilla/4.0 (compatible; MSIE 6.0; Windows NT 5.1; SV1; .NET CLR 1.1.4322; .NET CLR 2.0.50727; InfoPath.1)"End of File was encountered (user probably pressed Stop)
