69.244.185.140 - - [21/Feb/2008:18:21:21] "GET /favicon.ico HTTP/1.1" 404 - "-" "Mozilla/5.0 (Windows; U; Windows NT 5.2; en-US; rv:1.8.1.12) Gecko/20080201 Firefox/2.0.0.12"Invalid request
129.85.156.63 - - [21/Feb/2008:18:29:22] "GET /favicon.ico HTTP/1.1" 404 - "-" "Mozilla/5.0 (Windows; U; Windows NT 5.1; en-US; rv:1.8.1.12) Gecko/20080201 Firefox/2.0.0.12"Invalid request Pathway Tools caught the following error condition: `#' is not of the expected type `ARRAY' Evaluation stack: ->(SYS::..RUNTIME-OPERATION . :UNKNOWN-ARGS) (TPL:DO-COMMAND "zoom" :FROM-READ-EVAL-PRINT-LOOP NIL :COUNT T :ALL T) ((FLET CWEST::PRINT-STACK-BACKTRACE CWEST::ZOOM) #1=#) (CWEST::PRINT-STACK-BACKTRACE #1# :ERROR-CONDITION #2=#) ((:INTERNAL (METHOD CWEST::PROCESS-VALID-COMMAND #16=((EQL :NEW-IMAGE) . #6=(T T . #7=(T)))) 6) #2#) (SIGNAL #2#) (ERROR TYPE-ERROR :DATUM #3=# :EXPECTED-TYPE ARRAY :FORMAT-CONTROL "~@<`~s' is not of the expected type `~s'~:@>" :FORMAT-ARGUMENTS (#3# ARRAY)) (EXCL::.TYPE-ERROR #3# ARRAY) (EXCL::AREF_1D #3# -1) (GR:LAYOUT-GENERATIONS-KR :NODES (EC::|Branched-chain keto acid monomer-lipoate| EC::|Branched-ketoacid-E2| EC::N6-METHYLPROPANOYLDIHYDROLIPOATE EC::|Branched-ketoacid-monomer-dihydrolipoate| EC::3-METHYL-BUTANOYL-DIHYDROLIPOYL-E2 EC::2-METHYL-BUTANOYL-DIHYDROLIPOYL-E2) :LAYOUT-PARAMS # :GENERATION-FN # :ORDERING-FN # :POSITIONING-FN # :DUMMY-INSERTION T) (EC::GENE-RXN-SCHEMATIC #4=#) (EC::FORMAT-SCHEMATIC #5=# #4# 875) (EC::DISPLAY-CPD-OR-PROTEIN #5# #4# 875 496) ((FLET EC::SHOW-COMPOUND-OR-PROTEIN CLIM-UTILS::WITH-DRAWING-OPTIONS-BODY)) ((METHOD CLIM:INVOKE-WITH-TEXT-STYLE (CLIM:BASIC-MEDIUM . #6#)) #8=# # #10=# #8#) ((METHOD CLIM:INVOKE-WITH-DRAWING-OPTIONS #9#) #8# #11=# :INK #12=# :TEXT-STYLE #10#) (SYS::..RUNTIME-OPERATION . :UNKNOWN-ARGS) ((METHOD CLIM:INVOKE-WITH-DRAWING-OPTIONS (CLIM:CLIM-STREAM-SHEET . #7#)) #5# #11# :TEXT-STYLE #10# :INK #12#) (EC::SHOW-COMPOUND-OR-PROTEIN #4# :USE-PANE #5#) (SYS::..RUNTIME-OPERATION . :UNKNOWN-ARGS) (EC::SHOW-ENZYME #4# :USE-PANE #5#) ((FLET (FLET CWEST::PUT-CLIM-DISPLAY CLIM-INTERNALS::WITH-OUTPUT-RECORDING-OPTIONS-BODY) CLIM-INTERNALS::WITH-NEW-OUTPUT-RECORD-BODY) #13=#) (CLIM-INTERNALS::WITH-OUTPUT-RECORD-1 #14=# #5# #13# 0 514) ((METHOD CLIM:INVOKE-WITH-NEW-OUTPUT-RECORD #15=(CLIM-INTERNALS::OUTPUT-RECORDING-MIXIN . #6#)) #5# #14# CLIM:STANDARD-SEQUENCE-OUTPUT-RECORD CLIM-INTERNALS::STANDARD-SEQUENCE-OUTPUT-RECORD-CONSTRUCTOR) ((FLET CWEST::PUT-CLIM-DISPLAY CLIM-INTERNALS::WITH-OUTPUT-RECORDING-OPTIONS-BODY)) ((METHOD CLIM:INVOKE-WITH-OUTPUT-RECORDING-OPTIONS #15#) #5# # T NIL) (CWEST::PUT-CLIM-DISPLAY # EC::ENZYME EC::2-METHYL-BUTANOYL-DIHYDROLIPOYL-E2 # #5#) ((METHOD CWEST::PROCESS-VALID-COMMAND #16#) :NEW-IMAGE EC::ENZYME #18="2-METHYL-BUTANOYL-DIHYDROLIPOYL-E2" #19=#) ((:INTERNAL (:EFFECTIVE-METHOD 4 NIL NIL NIL T) 0) :NEW-IMAGE EC::ENZYME #18# #19#) ((METHOD CWEST::PROCESS-VALID-COMMAND :AROUND (T . #6#)) :NEW-IMAGE EC::ENZYME #18# #19#) ((:INTERNAL (:EFFECTIVE-METHOD 4 NIL NIL T T) 0) :NEW-IMAGE EC::ENZYME #18# #19#) (SYS::..RUNTIME-OPERATION . :UNKNOWN-ARGS) ((:INTERNAL EXCL::EFFECTIVE-METHOD-EQL 0) :NEW-IMAGE EC::ENZYME #18# #19#) (CWEST::DISPATCH-REQUEST #19# "/MOUSE/" :NEW-IMAGE "/MOUSE/NEW-IMAGE" EC::ENZYME #18#) (CWEST::HANDLE-CWEST-REQUEST #19#) (SYS::..RUNTIME-OPERATION . :UNKNOWN-ARGS) (EXCL::THREAD-RESET-CATCHER) (EXCL::SETUP-REQUIRED-THREAD-BINDINGS) (EXCL::LISP-THREAD-START NIL NIL) (to see any ghost frames, the disassembler must be loaded)
66.249.72.225 - googlebot(at)googlebot.com [21/Feb/2008:18:39:05] "GET /MOUSE/NEW-IMAGE?type=ENZYME&object=2-METHYL-BUTANOYL-DIHYDROLIPOYL-E2 HTTP/1.1" 500 - "-" "Mozilla/5.0 (compatible; Googlebot/2.1; +http://www.google.com/bot.html)"`#' is not of the expected type `ARRAY'
66.249.72.225 - googlebot(at)googlebot.com [21/Feb/2008:19:05:05] "GET /MOUSE/NEW-IMAGE?type=GENE-IN-MAP-IN-PWY&object=MGI:1099431 HTTP/1.1" 500 - "-" "Mozilla/5.0 (compatible; Googlebot/2.1; +http://www.google.com/bot.html)"NIL
66.249.72.225 - googlebot(at)googlebot.com [21/Feb/2008:19:10:16] "GET /MOUSE/NEW-IMAGE?type=GENE-IN-PWY&object=MGI:96567 HTTP/1.1" 500 - "-" "Mozilla/5.0 (compatible; Googlebot/2.1; +http://www.google.com/bot.html)"NIL
66.249.72.225 - googlebot(at)googlebot.com [21/Feb/2008:19:20:42] "GET /MOUSE/NEW-IMAGE?type=GENE-IN-PWY&object=MGI:1913421 HTTP/1.1" 500 - "-" "Mozilla/5.0 (compatible; Googlebot/2.1; +http://www.google.com/bot.html)"NIL Pathway Tools caught the following error condition: `#' is not of the expected type `ARRAY' Evaluation stack: ->(SYS::..RUNTIME-OPERATION . :UNKNOWN-ARGS) (TPL:DO-COMMAND "zoom" :FROM-READ-EVAL-PRINT-LOOP NIL :COUNT T :ALL T) ((FLET CWEST::PRINT-STACK-BACKTRACE CWEST::ZOOM) #1=#) (CWEST::PRINT-STACK-BACKTRACE #1# :ERROR-CONDITION #2=#) ((:INTERNAL (METHOD CWEST::PROCESS-VALID-COMMAND #16=((EQL :NEW-IMAGE) . #6=(T T . #7=(T)))) 6) #2#) (SIGNAL #2#) (ERROR TYPE-ERROR :DATUM #3=# :EXPECTED-TYPE ARRAY :FORMAT-CONTROL "~@<`~s' is not of the expected type `~s'~:@>" :FORMAT-ARGUMENTS (#3# ARRAY)) (EXCL::.TYPE-ERROR #3# ARRAY) (EXCL::AREF_1D #3# -1) (GR:LAYOUT-GENERATIONS-KR :NODES (EC::|Branched-chain keto acid monomer-lipoate| EC::|Branched-ketoacid-E2| EC::N6-METHYLPROPANOYLDIHYDROLIPOATE EC::|Branched-ketoacid-monomer-dihydrolipoate| EC::3-METHYL-BUTANOYL-DIHYDROLIPOYL-E2 EC::2-METHYL-BUTANOYL-DIHYDROLIPOYL-E2) :LAYOUT-PARAMS # :GENERATION-FN # :ORDERING-FN # :POSITIONING-FN # :DUMMY-INSERTION T) (EC::GENE-RXN-SCHEMATIC #4=#) (EC::FORMAT-SCHEMATIC #5=# #4# 875) (EC::DISPLAY-CPD-OR-PROTEIN #5# #4# 875 496) ((FLET EC::SHOW-COMPOUND-OR-PROTEIN CLIM-UTILS::WITH-DRAWING-OPTIONS-BODY)) ((METHOD CLIM:INVOKE-WITH-TEXT-STYLE (CLIM:BASIC-MEDIUM . #6#)) #8=# # #10=# #8#) ((METHOD CLIM:INVOKE-WITH-DRAWING-OPTIONS #9#) #8# #11=# :INK #12=# :TEXT-STYLE #10#) (SYS::..RUNTIME-OPERATION . :UNKNOWN-ARGS) ((METHOD CLIM:INVOKE-WITH-DRAWING-OPTIONS (CLIM:CLIM-STREAM-SHEET . #7#)) #5# #11# :TEXT-STYLE #10# :INK #12#) (EC::SHOW-COMPOUND-OR-PROTEIN #4# :USE-PANE #5#) (SYS::..RUNTIME-OPERATION . :UNKNOWN-ARGS) (EC::SHOW-ENZYME #4# :USE-PANE #5#) ((FLET (FLET CWEST::PUT-CLIM-DISPLAY CLIM-INTERNALS::WITH-OUTPUT-RECORDING-OPTIONS-BODY) CLIM-INTERNALS::WITH-NEW-OUTPUT-RECORD-BODY) #13=#) (CLIM-INTERNALS::WITH-OUTPUT-RECORD-1 #14=# #5# #13# 0 514) ((METHOD CLIM:INVOKE-WITH-NEW-OUTPUT-RECORD #15=(CLIM-INTERNALS::OUTPUT-RECORDING-MIXIN . #6#)) #5# #14# CLIM:STANDARD-SEQUENCE-OUTPUT-RECORD CLIM-INTERNALS::STANDARD-SEQUENCE-OUTPUT-RECORD-CONSTRUCTOR) ((FLET CWEST::PUT-CLIM-DISPLAY CLIM-INTERNALS::WITH-OUTPUT-RECORDING-OPTIONS-BODY)) ((METHOD CLIM:INVOKE-WITH-OUTPUT-RECORDING-OPTIONS #15#) #5# # T NIL) (CWEST::PUT-CLIM-DISPLAY # EC::ENZYME EC::3-METHYL-BUTANOYL-DIHYDROLIPOYL-E2 # #5#) ((METHOD CWEST::PROCESS-VALID-COMMAND #16#) :NEW-IMAGE EC::ENZYME #18="3-METHYL-BUTANOYL-DIHYDROLIPOYL-E2" #19=#) ((:INTERNAL (:EFFECTIVE-METHOD 4 NIL NIL NIL T) 0) :NEW-IMAGE EC::ENZYME #18# #19#) ((METHOD CWEST::PROCESS-VALID-COMMAND :AROUND (T . #6#)) :NEW-IMAGE EC::ENZYME #18# #19#) ((:INTERNAL (:EFFECTIVE-METHOD 4 NIL NIL T T) 0) :NEW-IMAGE EC::ENZYME #18# #19#) (SYS::..RUNTIME-OPERATION . :UNKNOWN-ARGS) ((:INTERNAL EXCL::EFFECTIVE-METHOD-EQL 0) :NEW-IMAGE EC::ENZYME #18# #19#) (CWEST::DISPATCH-REQUEST #19# "/MOUSE/" :NEW-IMAGE "/MOUSE/NEW-IMAGE" EC::ENZYME #18#) (CWEST::HANDLE-CWEST-REQUEST #19#) (SYS::..RUNTIME-OPERATION . :UNKNOWN-ARGS) (EXCL::THREAD-RESET-CATCHER) (EXCL::SETUP-REQUIRED-THREAD-BINDINGS) (EXCL::LISP-THREAD-START NIL NIL) (to see any ghost frames, the disassembler must be loaded)
66.249.72.225 - googlebot(at)googlebot.com [21/Feb/2008:19:26:16] "GET /MOUSE/NEW-IMAGE?type=ENZYME&object=3-METHYL-BUTANOYL-DIHYDROLIPOYL-E2 HTTP/1.1" 500 - "-" "Mozilla/5.0 (compatible; Googlebot/2.1; +http://www.google.com/bot.html)"`#' is not of the expected type `ARRAY'
24.58.15.78 - - [21/Feb/2008:20:45:34] "GET /favicon.ico HTTP/1.1" 404 - "-" "Mozilla/5.0 (Macintosh; U; PPC Mac OS X Mach-O; en-US; rv:1.8.1.12) Gecko/20080201 Firefox/2.0.0.12"Invalid request
66.249.72.225 - googlebot(at)googlebot.com [21/Feb/2008:20:51:22] "GET /MOUSE/NEW-IMAGE?type=GENE&object=MGI:97547 HTTP/1.1" 500 - "-" "Mozilla/5.0 (compatible; Googlebot/2.1; +http://www.google.com/bot.html)"NIL
66.249.72.225 - googlebot(at)googlebot.com [21/Feb/2008:21:24:46] "GET /MOUSE/NEW-IMAGE?type=GENE-IN-MAP-IN-PWY&object=MGI:107379 HTTP/1.1" 500 - "-" "Mozilla/5.0 (compatible; Googlebot/2.1; +http://www.google.com/bot.html)"NIL
66.249.72.225 - googlebot(at)googlebot.com [21/Feb/2008:21:43:42] "GET /MOUSE/NEW-IMAGE?type=GENE-IN-MAP-IN-PWY&object=MGI:1915230 HTTP/1.1" 500 - "-" "Mozilla/5.0 (compatible; Googlebot/2.1; +http://www.google.com/bot.html)"NIL
66.249.72.225 - googlebot(at)googlebot.com [21/Feb/2008:21:44:06] "GET /MOUSE/NEW-IMAGE?type=GENE-IN-PWY&object=MGI:1858170 HTTP/1.1" 500 - "-" "Mozilla/5.0 (compatible; Googlebot/2.1; +http://www.google.com/bot.html)"NIL
66.249.72.225 - googlebot(at)googlebot.com [21/Feb/2008:21:54:41] "GET /MOUSE/NEW-IMAGE?type=GENE-IN-MAP-IN-PWY&object=MGI:1298388 HTTP/1.1" 500 - "-" "Mozilla/5.0 (compatible; Googlebot/2.1; +http://www.google.com/bot.html)"NIL
66.249.72.225 - googlebot(at)googlebot.com [21/Feb/2008:22:01:46] "GET /MOUSE/NEW-IMAGE?type=GENE-IN-MAP-IN-PWY&object=MGI:1916969 HTTP/1.1" 500 - "-" "Mozilla/5.0 (compatible; Googlebot/2.1; +http://www.google.com/bot.html)"NIL
71.161.0.25 - - [21/Feb/2008:22:01:46] "GET /MOUSE/NEW-IMAGE?type=COMPOUND-IN-PATHWAY&object=CPD-510 HTTP/1.1" 200 - "http://www.answers.com/alpha%20D-glucuronate" "Mozilla/4.0 (compatible; MSIE 7.0; Windows NT 6.0; SLCC1; .NET CLR 2.0.50727; Media Center PC 5.0; .NET CLR 3.0.04506)"# is not an open-for-output STREAM.
66.249.72.225 - googlebot(at)googlebot.com [21/Feb/2008:22:01:46] "GET /MOUSE/NEW-IMAGE?type=ENZYME&object=MGI:1917592-MONOMER HTTP/1.1" 200 - "-" "Mozilla/5.0 (compatible; Googlebot/2.1; +http://www.google.com/bot.html)"# is not an open-for-output STREAM.
71.161.0.25 - - [21/Feb/2008:22:01:46] "GET /MOUSE/NEW-IMAGE?type=COMPOUND-IN-PATHWAY&object=UDP HTTP/1.1" 200 - "http://www.answers.com/alpha%20D-glucuronate" "Mozilla/4.0 (compatible; MSIE 7.0; Windows NT 6.0; SLCC1; .NET CLR 2.0.50727; Media Center PC 5.0; .NET CLR 3.0.04506)"# is not an open-for-output STREAM.
66.249.72.225 - googlebot(at)googlebot.com [21/Feb/2008:22:01:51] "GET /MOUSE/NEW-IMAGE?type=GENE-IN-PWY&object=MGI:97492 HTTP/1.1" 500 - "-" "Mozilla/5.0 (compatible; Googlebot/2.1; +http://www.google.com/bot.html)"NIL
133.5.220.10 - - [21/Feb/2008:22:01:53] "GET /favicon.ico HTTP/1.1" 404 - "http://mousecyc.jax.org/expression.html" "Mozilla/5.0 (Macintosh; U; Intel Mac OS X; ja-jp) AppleWebKit/523.12.2 (KHTML, like Gecko) Version/3.0.4 Safari/523.12.2"Invalid request
66.249.72.225 - googlebot(at)googlebot.com [21/Feb/2008:22:05:36] "GET /MOUSE/NEW-IMAGE?type=GENE-IN-PWY&object=MGI:107450 HTTP/1.1" 200 - "-" "Mozilla/5.0 (compatible; Googlebot/2.1; +http://www.google.com/bot.html)"# is not an open-for-output STREAM.
66.249.72.225 - - [21/Feb/2008:23:05:36] "GET /MOUSE/NEW-IMAGE?type=GENE&object=MGI:1858170 HTTP/1.1" 0 - "-" -Connection to client timed out
66.249.72.225 - googlebot(at)googlebot.com [21/Feb/2008:23:05:37] "GET /MOUSE/NEW-IMAGE?type=ENZYME-IN-RXN-DISPLAY&object=MGI:1276535-MONOMER HTTP/1.1" 200 - "-" "Mozilla/5.0 (compatible; Googlebot/2.1; +http://www.google.com/bot.html)"# is not an open-for-output STREAM.
66.249.72.225 - googlebot(at)googlebot.com [21/Feb/2008:23:05:39] "GET /MOUSE/NEW-IMAGE?type=ENZYME&object=MGI:1917592-MONOMER HTTP/1.1" 200 - "-" "Mozilla/5.0 (compatible; Googlebot/2.1; +http://www.google.com/bot.html)"# is not an open-for-output STREAM.
66.249.72.225 - googlebot(at)googlebot.com [21/Feb/2008:23:05:39] "GET /MOUSE/NEW-IMAGE?type=ENZYME&object=MGI:103257-MONOMER HTTP/1.1" 200 - "-" "Mozilla/5.0 (compatible; Googlebot/2.1; +http://www.google.com/bot.html)"writing buffer for # resulted in error (code 32): Broken pipe.
66.249.72.225 - googlebot(at)googlebot.com [21/Feb/2008:23:05:39] "GET /MOUSE/NEW-IMAGE?type=ENZYME-IN-RXN-DISPLAY&object=MGI:1276535-MONOMER HTTP/1.1" 200 - "-" "Mozilla/5.0 (compatible; Googlebot/2.1; +http://www.google.com/bot.html)"# is not an open-for-output STREAM.
66.249.72.225 - googlebot(at)googlebot.com [21/Feb/2008:23:05:39] "GET /MOUSE/NEW-IMAGE?type=GENE-IN-PWY&object=MGI:1920740 HTTP/1.1" 200 - "-" "Mozilla/5.0 (compatible; Googlebot/2.1; +http://www.google.com/bot.html)"writing buffer for # resulted in error (code 32): Broken pipe.
66.249.72.225 - googlebot(at)googlebot.com [21/Feb/2008:23:05:41] "GET /MOUSE/NEW-IMAGE?type=ENZYME&object=MGI:1917592-MONOMER HTTP/1.1" 200 - "-" "Mozilla/5.0 (compatible; Googlebot/2.1; +http://www.google.com/bot.html)"# is not an open-for-output STREAM.
66.249.72.225 - googlebot(at)googlebot.com [21/Feb/2008:23:05:41] "GET /MOUSE/NEW-IMAGE?type=ENZYME&object=MGI:103257-MONOMER HTTP/1.1" 200 - "-" "Mozilla/5.0 (compatible; Googlebot/2.1; +http://www.google.com/bot.html)"writing buffer for # resulted in error (code 32): Broken pipe.
66.249.72.225 - - [21/Feb/2008:23:14:36] "GET /MOUSE/NEW-IMAGE?type=GENE-IN-MAP-IN-PWY&object=MGI:1916969 HTTP/1.1" 0 - "-" -Connection to client timed out
66.249.72.225 - - [21/Feb/2008:23:16:56] "GET /MOUSE/NEW-IMAGE?type=PATHWAY&object=GLYCCAT-PWY HTTP/1.1" 0 - "-" -Connection to client timed out
66.249.72.225 - googlebot(at)googlebot.com [21/Feb/2008:23:20:16] "GET /MOUSE/NEW-IMAGE?type=GENE-IN-PWY&object=MGI:107450 HTTP/1.1" 200 - "-" "Mozilla/5.0 (compatible; Googlebot/2.1; +http://www.google.com/bot.html)"# is not an open-for-output STREAM.
66.249.72.225 - googlebot(at)googlebot.com [21/Feb/2008:23:20:16] "GET /MOUSE/NEW-IMAGE?type=GENE-IN-MAP-IN-PWY&object=MGI:108074 HTTP/1.1" 200 - "-" "Mozilla/5.0 (compatible; Googlebot/2.1; +http://www.google.com/bot.html)"writing buffer for # resulted in error (code 32): Broken pipe.
66.249.72.225 - - [21/Feb/2008:23:26:36] "GET /MOUSE/NEW-IMAGE?type=GENE&object=MGI:1858170 HTTP/1.1" 0 - "-" -Connection to client timed out
66.249.72.225 - googlebot(at)googlebot.com [21/Feb/2008:23:26:38] "GET /MOUSE/NEW-IMAGE?type=REACTION&object=ALANINE--GLYOXYLATE-AMINOTRANSFERASE-RXN HTTP/1.1" 200 - "-" "Mozilla/5.0 (compatible; Googlebot/2.1; +http://www.google.com/bot.html)"writing buffer for # resulted in error (code 32): Broken pipe.
66.249.72.225 - googlebot(at)googlebot.com [21/Feb/2008:23:26:38] "GET /MOUSE/NEW-IMAGE?type=REACTION&object=FAD-PYROPHOSPHATASE-RXN HTTP/1.1" 200 - "-" "Mozilla/5.0 (compatible; Googlebot/2.1; +http://www.google.com/bot.html)"writing buffer for # resulted in error (code 32): Broken pipe.
66.249.72.225 - - [21/Feb/2008:23:35:36] "GET /MOUSE/NEW-IMAGE?type=GENE-IN-MAP-IN-PWY&object=MGI:1916969 HTTP/1.1" 0 - "-" -Connection to client timed out
66.249.72.225 - - [21/Feb/2008:23:41:37] "GET /MOUSE/NEW-IMAGE?type=GENE-IN-PWY&object=MGI:1915230 HTTP/1.1" 0 - "-" -Connection to client timed out
66.249.72.225 - - [21/Feb/2008:23:47:25] "GET /MOUSE/NEW-IMAGE?type=GENE-IN-PWY&object=MGI:107450 HTTP/1.1" 0 - "-" -Connection to client timed out
66.249.72.225 - - [21/Feb/2008:23:50:08] "GET /MOUSE/NEW-IMAGE?type=GENE&object=MGI:1858170 HTTP/1.1" 0 - "-" -Connection to client timed out
66.249.72.225 - googlebot(at)googlebot.com [21/Feb/2008:23:50:10] "GET /MOUSE/NEW-IMAGE?type=GENE-IN-MAP-IN-PWY&object=MGI:108074 HTTP/1.1" 200 - "-" "Mozilla/5.0 (compatible; Googlebot/2.1; +http://www.google.com/bot.html)"writing buffer for # resulted in error (code 32): Broken pipe.
66.249.72.225 - googlebot(at)googlebot.com [21/Feb/2008:23:50:10] "GET /MOUSE/NEW-IMAGE?type=REACTION&object=ALANINE--GLYOXYLATE-AMINOTRANSFERASE-RXN HTTP/1.1" 200 - "-" "Mozilla/5.0 (compatible; Googlebot/2.1; +http://www.google.com/bot.html)"writing buffer for # resulted in error (code 32): Broken pipe.
66.249.72.225 - googlebot(at)googlebot.com [21/Feb/2008:23:50:10] "GET /MOUSE/NEW-IMAGE?type=REACTION&object=FAD-PYROPHOSPHATASE-RXN HTTP/1.1" 200 - "-" "Mozilla/5.0 (compatible; Googlebot/2.1; +http://www.google.com/bot.html)"writing buffer for # resulted in error (code 32): Broken pipe.
142.103.207.10 - - [21/Feb/2008:23:54:00] "GET /MOUSE/class-instances?object=Genes HTTP/1.1" 200 - "http://www.informatics.jax.org/pathways.shtml" "Mozilla/4.0 (compatible; MSIE 6.0; Windows NT 5.1; SV1; .NET CLR 1.1.4322; .NET CLR 2.0.50727)"# is not an open-for-output STREAM.
66.249.72.225 - - [22/Feb/2008:00:05:17] "GET /MOUSE/NEW-IMAGE?type=GENE-IN-MAP-IN-PWY&object=MGI:1916969 HTTP/1.1" 0 - "-" -Connection to client timed out
66.249.72.225 - googlebot(at)googlebot.com [22/Feb/2008:00:05:18] "GET /MOUSE/NEW-IMAGE?type=ENZYME-IN-RXN-DISPLAY&object=MGI:1276535-MONOMER HTTP/1.1" 200 - "-" "Mozilla/5.0 (compatible; Googlebot/2.1; +http://www.google.com/bot.html)"# is not an open-for-output STREAM.
66.249.72.225 - googlebot(at)googlebot.com [22/Feb/2008:00:05:20] "GET /MOUSE/NEW-IMAGE?type=GENE-IN-PWY&object=MGI:1920740 HTTP/1.1" 200 - "-" "Mozilla/5.0 (compatible; Googlebot/2.1; +http://www.google.com/bot.html)"writing buffer for # resulted in error (code 32): Broken pipe.
66.249.72.225 - googlebot(at)googlebot.com [22/Feb/2008:00:05:20] "GET /MOUSE/NEW-IMAGE?type=ENZYME&object=MGI:1917592-MONOMER HTTP/1.1" 200 - "-" "Mozilla/5.0 (compatible; Googlebot/2.1; +http://www.google.com/bot.html)"# is not an open-for-output STREAM.
66.249.72.225 - googlebot(at)googlebot.com [22/Feb/2008:00:05:20] "GET /MOUSE/NEW-IMAGE?type=ENZYME&object=MGI:103257-MONOMER HTTP/1.1" 200 - "-" "Mozilla/5.0 (compatible; Googlebot/2.1; +http://www.google.com/bot.html)"writing buffer for # resulted in error (code 32): Broken pipe.
66.249.72.225 - - [22/Feb/2008:00:08:56] "GET /MOUSE/NEW-IMAGE?type=GENE-IN-PWY&object=MGI:1915230 HTTP/1.1" 0 - "-" -Connection to client timed out
134.160.145.2 - - [22/Feb/2008:00:11:14] "GET /favicon.ico HTTP/1.1" 404 - "-" "Mozilla/5.0 (Macintosh; U; PPC Mac OS X; ja-jp) AppleWebKit/312.9 (KHTML, like Gecko) Safari/312.6"Invalid request
66.249.72.225 - - [22/Feb/2008:00:14:54] "GET /MOUSE/NEW-IMAGE?type=GENE-IN-PWY&object=MGI:107450 HTTP/1.1" 0 - "-" -Connection to client timed out
66.249.72.225 - - [22/Feb/2008:00:20:27] "GET /MOUSE/NEW-IMAGE?type=GENE&object=MGI:1858170 HTTP/1.1" 0 - "-" -Connection to client timed out
66.249.72.225 - googlebot(at)googlebot.com [22/Feb/2008:00:20:29] "GET /MOUSE/NEW-IMAGE?type=REACTION&object=ALANINE--GLYOXYLATE-AMINOTRANSFERASE-RXN HTTP/1.1" 200 - "-" "Mozilla/5.0 (compatible; Googlebot/2.1; +http://www.google.com/bot.html)"writing buffer for # resulted in error (code 32): Broken pipe.
66.249.72.225 - googlebot(at)googlebot.com [22/Feb/2008:00:20:29] "GET /MOUSE/NEW-IMAGE?type=GENE-IN-MAP-IN-PWY&object=MGI:108074 HTTP/1.1" 200 - "-" "Mozilla/5.0 (compatible; Googlebot/2.1; +http://www.google.com/bot.html)"writing buffer for # resulted in error (code 32): Broken pipe.
66.249.72.225 - googlebot(at)googlebot.com [22/Feb/2008:00:20:29] "GET /MOUSE/NEW-IMAGE?type=REACTION&object=FAD-PYROPHOSPHATASE-RXN HTTP/1.1" 200 - "-" "Mozilla/5.0 (compatible; Googlebot/2.1; +http://www.google.com/bot.html)"writing buffer for # resulted in error (code 32): Broken pipe.
66.249.72.225 - googlebot(at)googlebot.com [22/Feb/2008:00:20:29] "GET /MOUSE/NEW-IMAGE?type=REACTION&object=PYRROLINECARBDEHYDROG-RXN HTTP/1.1" 200 - "-" "Mozilla/5.0 (compatible; Googlebot/2.1; +http://www.google.com/bot.html)"# is not an open-for-output STREAM.
66.249.72.225 - googlebot(at)googlebot.com [22/Feb/2008:00:20:31] "GET /MOUSE/NEW-IMAGE?type=REACTION&object=PHENYLALANINE--TRNA-LIGASE-RXN HTTP/1.1" 200 - "-" "Mozilla/5.0 (compatible; Googlebot/2.1; +http://www.google.com/bot.html)"writing buffer for # resulted in error (code 32): Broken pipe.
66.249.72.225 - googlebot(at)googlebot.com [22/Feb/2008:00:20:31] "GET /MOUSE/NEW-IMAGE?type=GENE-IN-PWY&object=MGI:97050 HTTP/1.1" 200 - "-" "Mozilla/5.0 (compatible; Googlebot/2.1; +http://www.google.com/bot.html)"writing buffer for # resulted in error (code 32): Broken pipe.
66.249.72.225 - googlebot(at)googlebot.com [22/Feb/2008:00:20:31] "GET /MOUSE/NEW-IMAGE?type=REACTION&object=RXN-7700 HTTP/1.1" 200 - "-" "Mozilla/5.0 (compatible; Googlebot/2.1; +http://www.google.com/bot.html)"# is not an open-for-output STREAM.
66.249.72.225 - googlebot(at)googlebot.com [22/Feb/2008:00:20:31] "GET /MOUSE/NEW-IMAGE?type=REACTION&object=PYRROLINECARBDEHYDROG-RXN HTTP/1.1" 200 - "-" "Mozilla/5.0 (compatible; Googlebot/2.1; +http://www.google.com/bot.html)"# is not an open-for-output STREAM.
123.236.203.124 - - [22/Feb/2008:00:22:31] "GET /MOUSE/NEW-IMAGE?type=PATHWAY&object=PWY66-341 HTTP/1.1" 0 - "-" -Connection to client timed out
202.244.192.210 - - [22/Feb/2008:00:41:15] "GET /favicon.ico HTTP/1.1" 404 - "-" "Mozilla/4.0 (compatible; MSIE 7.0; Windows NT 6.0; SLCC1; .NET CLR 2.0.50727; Media Center PC 5.0; .NET CLR 3.0.04506)"Invalid request
202.244.192.210 - - [22/Feb/2008:00:43:53] "EOF" 0 - "-" -truncated request
142.103.207.10 - - [22/Feb/2008:00:53:58] "GET //MOUSE/NEW-IMAGE?type=NIL&object=MGI:1916075 HTTP/1.1" 0 - "-" -Connection to client timed out
66.249.72.225 - googlebot(at)googlebot.com [22/Feb/2008:00:53:59] "GET /MOUSE/NEW-IMAGE?type=REACTION&object=PHENYLALANINE--TRNA-LIGASE-RXN HTTP/1.1" 200 - "-" "Mozilla/5.0 (compatible; Googlebot/2.1; +http://www.google.com/bot.html)"writing buffer for # resulted in error (code 32): Broken pipe.
66.249.72.225 - googlebot(at)googlebot.com [22/Feb/2008:00:53:59] "GET /MOUSE/NEW-IMAGE?type=GENE-IN-PWY&object=MGI:97050 HTTP/1.1" 200 - "-" "Mozilla/5.0 (compatible; Googlebot/2.1; +http://www.google.com/bot.html)"writing buffer for # resulted in error (code 32): Broken pipe.
66.249.72.225 - googlebot(at)googlebot.com [22/Feb/2008:00:54:00] "GET /MOUSE/NEW-IMAGE?type=PATHWAY&object=HEME+BIOSYNTHESIS+II HTTP/1.1" 200 - "-" "Mozilla/5.0 (compatible; Googlebot/2.1; +http://www.google.com/bot.html)"# is not an open-for-output STREAM.
66.249.72.225 - googlebot(at)googlebot.com [22/Feb/2008:00:54:00] "GET /MOUSE/NEW-IMAGE?type=REACTION&object=RXN-7700 HTTP/1.1" 200 - "-" "Mozilla/5.0 (compatible; Googlebot/2.1; +http://www.google.com/bot.html)"# is not an open-for-output STREAM.
66.249.72.225 - googlebot(at)googlebot.com [22/Feb/2008:00:54:00] "GET /MOUSE/NEW-IMAGE?type=REACTION&object=PYRROLINECARBDEHYDROG-RXN HTTP/1.1" 200 - "-" "Mozilla/5.0 (compatible; Googlebot/2.1; +http://www.google.com/bot.html)"# is not an open-for-output STREAM.
66.249.72.225 - googlebot(at)googlebot.com [22/Feb/2008:00:54:00] "GET /MOUSE/NEW-IMAGE?type=REACTION&object=PHENYLALANINE--TRNA-LIGASE-RXN HTTP/1.1" 200 - "-" "Mozilla/5.0 (compatible; Googlebot/2.1; +http://www.google.com/bot.html)"writing buffer for # resulted in error (code 32): Broken pipe.
66.249.72.225 - googlebot(at)googlebot.com [22/Feb/2008:00:54:00] "GET /MOUSE/NEW-IMAGE?type=GENE-IN-PWY&object=MGI:97050 HTTP/1.1" 200 - "-" "Mozilla/5.0 (compatible; Googlebot/2.1; +http://www.google.com/bot.html)"writing buffer for # resulted in error (code 32): Broken pipe.
66.249.72.225 - googlebot(at)googlebot.com [22/Feb/2008:00:54:00] "GET /MOUSE/NEW-IMAGE?type=REACTION&object=RXN-7700 HTTP/1.1" 200 - "-" "Mozilla/5.0 (compatible; Googlebot/2.1; +http://www.google.com/bot.html)"# is not an open-for-output STREAM.
66.249.72.225 - googlebot(at)googlebot.com [22/Feb/2008:00:54:00] "GET /MOUSE/NEW-IMAGE?type=REACTION&object=PYRROLINECARBDEHYDROG-RXN HTTP/1.1" 200 - "-" "Mozilla/5.0 (compatible; Googlebot/2.1; +http://www.google.com/bot.html)"# is not an open-for-output STREAM.
66.249.72.225 - googlebot(at)googlebot.com [22/Feb/2008:00:54:00] "GET /MOUSE/NEW-IMAGE?type=REACTION&object=PHENYLALANINE--TRNA-LIGASE-RXN HTTP/1.1" 200 - "-" "Mozilla/5.0 (compatible; Googlebot/2.1; +http://www.google.com/bot.html)"writing buffer for # resulted in error (code 32): Broken pipe.
66.249.72.225 - googlebot(at)googlebot.com [22/Feb/2008:00:54:00] "GET /MOUSE/NEW-IMAGE?type=GENE-IN-PWY&object=MGI:97050 HTTP/1.1" 200 - "-" "Mozilla/5.0 (compatible; Googlebot/2.1; +http://www.google.com/bot.html)"writing buffer for # resulted in error (code 32): Broken pipe.
66.249.72.225 - googlebot(at)googlebot.com [22/Feb/2008:00:54:00] "GET /MOUSE/NEW-IMAGE?type=REACTION&object=RXN-7700 HTTP/1.1" 200 - "-" "Mozilla/5.0 (compatible; Googlebot/2.1; +http://www.google.com/bot.html)"# is not an open-for-output STREAM.
66.249.72.225 - googlebot(at)googlebot.com [22/Feb/2008:00:54:00] "GET /MOUSE/NEW-IMAGE?type=REACTION&object=PYRROLINECARBDEHYDROG-RXN HTTP/1.1" 200 - "-" "Mozilla/5.0 (compatible; Googlebot/2.1; +http://www.google.com/bot.html)"# is not an open-for-output STREAM.
202.164.147.242 - - [22/Feb/2008:00:54:04] "GET /MOUSE/NEW-IMAGE?type=REACTION&object=MANNKIN-RXN HTTP/1.1" 200 - "http://www.google.co.in/search?hl=en&q=EC+2.7.1.1&meta=" "Mozilla/4.0 (compatible; MSIE 6.0; Windows NT 5.1; SV1; .NET CLR 1.1.4322; .NET CLR 2.0.50727)"writing buffer for # resulted in error (code 32): Broken pipe.
202.164.147.242 - - [22/Feb/2008:00:54:04] "GET /MOUSE/NEW-IMAGE?type=REACTION&object=MANNKIN-RXN HTTP/1.1" 200 - "http://www.google.co.in/search?hl=en&q=EC+2.7.1.1&meta=" "Mozilla/4.0 (compatible; MSIE 6.0; Windows NT 5.1; SV1; .NET CLR 1.1.4322; .NET CLR 2.0.50727)"writing buffer for # resulted in error (code 32): Broken pipe.
202.164.147.242 - - [22/Feb/2008:00:54:04] "GET /MOUSE/NEW-IMAGE?type=REACTION&object=MANNKIN-RXN HTTP/1.1" 200 - "http://www.google.co.in/search?hl=en&q=EC+2.7.1.1&meta=" "Mozilla/4.0 (compatible; MSIE 6.0; Windows NT 5.1; SV1; .NET CLR 1.1.4322; .NET CLR 2.0.50727)"writing buffer for # resulted in error (code 32): Broken pipe.
66.249.72.225 - googlebot(at)googlebot.com [22/Feb/2008:00:54:04] "GET /MOUSE/NEW-IMAGE?type=PATHWAY&object=HEME+BIOSYNTHESIS+II HTTP/1.1" 200 - "-" "Mozilla/5.0 (compatible; Googlebot/2.1; +http://www.google.com/bot.html)"# is not an open-for-output STREAM.
66.249.72.225 - googlebot(at)googlebot.com [22/Feb/2008:00:54:04] "GET /MOUSE/NEW-IMAGE?type=PATHWAY&object=HEME+BIOSYNTHESIS+II HTTP/1.1" 200 - "-" "Mozilla/5.0 (compatible; Googlebot/2.1; +http://www.google.com/bot.html)"# is not an open-for-output STREAM.
133.82.251.161 - - [22/Feb/2008:01:57:56] "GET /favicon.ico HTTP/1.1" 404 - "-" "Mozilla/4.0 (compatible; MSIE 7.0; Windows NT 5.1; .NET CLR 1.1.4322)"Invalid request
66.249.72.225 - - [22/Feb/2008:01:59:53] "GET /MOUSE/NEW-IMAGE?type=GENE&object=MGI:1919129 HTTP/1.1" 0 - "-" -Connection to client timed out
66.249.72.225 - googlebot(at)googlebot.com [22/Feb/2008:01:59:54] "GET /MOUSE/NEW-IMAGE?type=COMPOUND&object=UBIQUINOL-8 HTTP/1.1" 200 - "-" "Mozilla/5.0 (compatible; Googlebot/2.1; +http://www.google.com/bot.html)"writing buffer for # resulted in error (code 32): Broken pipe.
66.249.72.225 - googlebot(at)googlebot.com [22/Feb/2008:01:59:56] "GET /MOUSE/NEW-IMAGE?type=COMPOUND&object=UBIQUINOL-8 HTTP/1.1" 200 - "-" "Mozilla/5.0 (compatible; Googlebot/2.1; +http://www.google.com/bot.html)"writing buffer for # resulted in error (code 32): Broken pipe.
66.249.72.225 - googlebot(at)googlebot.com [22/Feb/2008:01:59:56] "GET /MOUSE/NEW-IMAGE?type=COMPOUND&object=UBIQUINOL-8 HTTP/1.1" 200 - "-" "Mozilla/5.0 (compatible; Googlebot/2.1; +http://www.google.com/bot.html)"writing buffer for # resulted in error (code 32): Broken pipe.
66.249.72.225 - googlebot(at)googlebot.com [22/Feb/2008:01:59:56] "GET /MOUSE/NEW-IMAGE?type=COMPOUND&object=UBIQUINOL-8 HTTP/1.1" 200 - "-" "Mozilla/5.0 (compatible; Googlebot/2.1; +http://www.google.com/bot.html)"writing buffer for # resulted in error (code 32): Broken pipe.
66.249.72.225 - googlebot(at)googlebot.com [22/Feb/2008:01:59:56] "GET /MOUSE/NEW-IMAGE?type=COMPOUND&object=UBIQUINOL-8 HTTP/1.1" 200 - "-" "Mozilla/5.0 (compatible; Googlebot/2.1; +http://www.google.com/bot.html)"writing buffer for # resulted in error (code 32): Broken pipe.
66.249.72.225 - googlebot(at)googlebot.com [22/Feb/2008:01:59:58] "GET /MOUSE/NEW-IMAGE?type=GENE&object=MGI:1347347 HTTP/1.1" 200 - "-" "Mozilla/5.0 (compatible; Googlebot/2.1; +http://www.google.com/bot.html)"# is not an open-for-output STREAM.
66.249.72.225 - googlebot(at)googlebot.com [22/Feb/2008:01:59:58] "GET /MOUSE/NEW-IMAGE?type=REACTION&object=ESTRADIOL-17-BETA-DEHYDROGENASE-RXN HTTP/1.1" 200 - "-" "Mozilla/5.0 (compatible; Googlebot/2.1; +http://www.google.com/bot.html)"# is not an open-for-output STREAM.
66.249.72.225 - - [22/Feb/2008:02:11:53] "GET /MOUSE/NEW-IMAGE?type=GENE&object=MGI:1919129 HTTP/1.1" 0 - "-" -Connection to client timed out
66.249.72.225 - googlebot(at)googlebot.com [22/Feb/2008:02:11:55] "GET /MOUSE/NEW-IMAGE?type=GENE&object=MGI:1347347 HTTP/1.1" 200 - "-" "Mozilla/5.0 (compatible; Googlebot/2.1; +http://www.google.com/bot.html)"# is not an open-for-output STREAM.
66.249.72.225 - googlebot(at)googlebot.com [22/Feb/2008:02:11:55] "GET /MOUSE/NEW-IMAGE?type=REACTION&object=ESTRADIOL-17-BETA-DEHYDROGENASE-RXN HTTP/1.1" 200 - "-" "Mozilla/5.0 (compatible; Googlebot/2.1; +http://www.google.com/bot.html)"# is not an open-for-output STREAM.
4.245.19.150 - - [22/Feb/2008:02:13:09] "GET /MOUSE/NEW-IMAGE?type=PATHWAY&object=PWY-561 HTTP/1.1" 0 - "-" -Connection to client timed out
86.71.119.99 - - [22/Feb/2008:02:22:13] "GET /favicon.ico HTTP/1.1" 404 - "-" "Mozilla/4.0 (compatible; MSIE 7.0; Windows NT 5.1; .NET CLR 1.1.4322; .NET CLR 2.0.50727; InfoPath.1)"Invalid request
133.1.59.150 - - [22/Feb/2008:02:22:13] "GET /style.css HTTP/1.1" 0 - "http://mousecyc.jax.org/MOUSE/class-instances?object=Genes" "Mozilla/4.0 (compatible; MSIE 6.0; Windows NT 5.1; SV1; .NET CLR 1.0.3705; .NET CLR 1.1.4322)"End of File was encountered (user probably pressed Stop)
133.1.59.150 - - [22/Feb/2008:02:22:37] "EOF" 0 - "-" -truncated request
133.1.59.150 - - [22/Feb/2008:02:22:37] "EOF" 0 - "-" -truncated request
133.1.59.150 - - [22/Feb/2008:02:22:37] "EOF" 0 - "-" -truncated request
133.1.59.150 - - [22/Feb/2008:02:22:37] "EOF" 0 - "-" -truncated request
133.1.59.150 - - [22/Feb/2008:02:22:37] "EOF" 0 - "-" -truncated request
66.249.72.225 - - [22/Feb/2008:02:24:15] "GET /MOUSE/NEW-IMAGE?type=GENE&object=MGI:1919129 HTTP/1.1" 0 - "-" -Connection to client timed out
66.249.72.225 - googlebot(at)googlebot.com [22/Feb/2008:02:24:17] "GET /MOUSE/NEW-IMAGE?type=GENE&object=MGI:1347347 HTTP/1.1" 200 - "-" "Mozilla/5.0 (compatible; Googlebot/2.1; +http://www.google.com/bot.html)"# is not an open-for-output STREAM.
66.249.72.225 - googlebot(at)googlebot.com [22/Feb/2008:02:24:17] "GET /MOUSE/NEW-IMAGE?type=REACTION&object=ESTRADIOL-17-BETA-DEHYDROGENASE-RXN HTTP/1.1" 200 - "-" "Mozilla/5.0 (compatible; Googlebot/2.1; +http://www.google.com/bot.html)"# is not an open-for-output STREAM.
76.86.164.229 - - [22/Feb/2008:02:32:08] "GET /MOUSE/NEW-IMAGE?type=PATHWAY&object=PYRUVDEHYD-PWY HTTP/1.1" 0 - "-" -Connection to client timed out
76.86.164.229 - - [22/Feb/2008:02:32:26] "GET /MOUSE/NEW-IMAGE?type=PATHWAY&object=PYRUVDEHYD-PWY HTTP/1.1" 0 - "-" -Connection to client timed out
193.147.222.244 - - [22/Feb/2008:02:35:10] "GET /favicon.ico HTTP/1.1" 404 - "-" "Mozilla/5.0 (Windows; U; Windows NT 5.1; ca; rv:1.8.1.12) Gecko/20080201 Firefox/2.0.0.12"Invalid request
66.249.72.225 - - [22/Feb/2008:02:36:56] "GET /MOUSE/NEW-IMAGE?type=GENE&object=MGI:1919129 HTTP/1.1" 0 - "-" -Connection to client timed out
66.249.72.225 - googlebot(at)googlebot.com [22/Feb/2008:02:36:58] "GET /MOUSE/NEW-IMAGE?type=GENE&object=MGI:1347347 HTTP/1.1" 200 - "-" "Mozilla/5.0 (compatible; Googlebot/2.1; +http://www.google.com/bot.html)"# is not an open-for-output STREAM.
66.249.72.225 - googlebot(at)googlebot.com [22/Feb/2008:02:36:58] "GET /MOUSE/NEW-IMAGE?type=REACTION&object=ESTRADIOL-17-BETA-DEHYDROGENASE-RXN HTTP/1.1" 200 - "-" "Mozilla/5.0 (compatible; Googlebot/2.1; +http://www.google.com/bot.html)"# is not an open-for-output STREAM.
66.249.72.225 - - [22/Feb/2008:02:49:37] "GET /MOUSE/NEW-IMAGE?type=GENE&object=MGI:1919129 HTTP/1.1" 0 - "-" -Connection to client timed out
66.249.72.225 - googlebot(at)googlebot.com [22/Feb/2008:02:49:38] "GET /MOUSE/NEW-IMAGE?type=GENE&object=MGI:1347347 HTTP/1.1" 200 - "-" "Mozilla/5.0 (compatible; Googlebot/2.1; +http://www.google.com/bot.html)"# is not an open-for-output STREAM.
66.249.72.225 - googlebot(at)googlebot.com [22/Feb/2008:02:49:38] "GET /MOUSE/NEW-IMAGE?type=REACTION&object=ESTRADIOL-17-BETA-DEHYDROGENASE-RXN HTTP/1.1" 200 - "-" "Mozilla/5.0 (compatible; Googlebot/2.1; +http://www.google.com/bot.html)"# is not an open-for-output STREAM.
66.249.72.225 - googlebot(at)googlebot.com [22/Feb/2008:02:49:40] "GET /MOUSE/NEW-IMAGE?type=COMPOUND&object=UBIQUINOL-8 HTTP/1.1" 200 - "-" "Mozilla/5.0 (compatible; Googlebot/2.1; +http://www.google.com/bot.html)"writing buffer for # resulted in error (code 32): Broken pipe.
66.249.72.225 - googlebot(at)googlebot.com [22/Feb/2008:02:49:40] "GET /MOUSE/NEW-IMAGE?type=COMPOUND&object=UBIQUINOL-8 HTTP/1.1" 200 - "-" "Mozilla/5.0 (compatible; Googlebot/2.1; +http://www.google.com/bot.html)"writing buffer for # resulted in error (code 32): Broken pipe.
66.249.72.225 - googlebot(at)googlebot.com [22/Feb/2008:02:49:40] "GET /MOUSE/NEW-IMAGE?type=COMPOUND&object=UBIQUINOL-8 HTTP/1.1" 200 - "-" "Mozilla/5.0 (compatible; Googlebot/2.1; +http://www.google.com/bot.html)"writing buffer for # resulted in error (code 32): Broken pipe.
66.249.72.225 - googlebot(at)googlebot.com [22/Feb/2008:02:49:40] "GET /MOUSE/NEW-IMAGE?type=COMPOUND&object=UBIQUINOL-8 HTTP/1.1" 200 - "-" "Mozilla/5.0 (compatible; Googlebot/2.1; +http://www.google.com/bot.html)"writing buffer for # resulted in error (code 32): Broken pipe.
155.91.144.232 - - [22/Feb/2008:03:01:09] "GET /MOUSE/substring-search?type=MUSCHR-8&object= HTTP/1.1" 0 - "http://mousecyc.jax.org/" "Mozilla/4.0 (compatible; MSIE 6.0; Windows NT 5.1; SV1; InfoPath.1; .NET CLR 1.1.4322; .NET CLR 1.0.3705; .NET CLR 2.0.50727)"NIL
66.249.72.225 - - [22/Feb/2008:03:02:18] "GET /MOUSE/NEW-IMAGE?type=GENE&object=MGI:1919129 HTTP/1.1" 0 - "-" -Connection to client timed out
66.249.72.225 - googlebot(at)googlebot.com [22/Feb/2008:03:02:20] "GET /MOUSE/NEW-IMAGE?type=GENE&object=MGI:1347347 HTTP/1.1" 200 - "-" "Mozilla/5.0 (compatible; Googlebot/2.1; +http://www.google.com/bot.html)"# is not an open-for-output STREAM.
66.249.72.225 - googlebot(at)googlebot.com [22/Feb/2008:03:02:20] "GET /MOUSE/NEW-IMAGE?type=REACTION&object=ESTRADIOL-17-BETA-DEHYDROGENASE-RXN HTTP/1.1" 200 - "-" "Mozilla/5.0 (compatible; Googlebot/2.1; +http://www.google.com/bot.html)"# is not an open-for-output STREAM.
66.249.72.225 - - [22/Feb/2008:03:14:57] "GET /MOUSE/NEW-IMAGE?type=GENE&object=MGI:1919129 HTTP/1.1" 0 - "-" -Connection to client timed out
66.249.72.225 - googlebot(at)googlebot.com [22/Feb/2008:03:15:00] "GET /MOUSE/NEW-IMAGE?type=GENE&object=MGI:1347347 HTTP/1.1" 200 - "-" "Mozilla/5.0 (compatible; Googlebot/2.1; +http://www.google.com/bot.html)"# is not an open-for-output STREAM.
66.249.72.225 - googlebot(at)googlebot.com [22/Feb/2008:03:15:00] "GET /MOUSE/NEW-IMAGE?type=REACTION&object=ESTRADIOL-17-BETA-DEHYDROGENASE-RXN HTTP/1.1" 200 - "-" "Mozilla/5.0 (compatible; Googlebot/2.1; +http://www.google.com/bot.html)"# is not an open-for-output STREAM.
134.221.191.66 - - [22/Feb/2008:03:25:17] "GET /favicon.ico HTTP/1.1" 404 - "-" "Mozilla/4.0 (compatible; MSIE 7.0; Windows NT 5.1; .NET CLR 1.1.4322; .NET CLR 2.0.50727)"Invalid request
66.249.72.225 - - [22/Feb/2008:03:27:39] "GET /MOUSE/NEW-IMAGE?type=GENE&object=MGI:1919129 HTTP/1.1" 0 - "-" -Connection to client timed out
66.249.72.225 - googlebot(at)googlebot.com [22/Feb/2008:03:27:41] "GET /MOUSE/NEW-IMAGE?type=GENE&object=MGI:1347347 HTTP/1.1" 200 - "-" "Mozilla/5.0 (compatible; Googlebot/2.1; +http://www.google.com/bot.html)"# is not an open-for-output STREAM.
66.249.72.225 - googlebot(at)googlebot.com [22/Feb/2008:03:27:41] "GET /MOUSE/NEW-IMAGE?type=REACTION&object=ESTRADIOL-17-BETA-DEHYDROGENASE-RXN HTTP/1.1" 200 - "-" "Mozilla/5.0 (compatible; Googlebot/2.1; +http://www.google.com/bot.html)"# is not an open-for-output STREAM.
0.0.0.0 - - [22/Feb/2008:03:32:20] "GET / HTTP/1.1" 0 - "http://www.informatics.jax.org/" "Mozilla/4.0 (compatible; MSIE 7.0; Windows NT 5.1; .NET CLR 1.1.4322; .NET CLR 2.0.50727)"End of File was encountered (user probably pressed Stop)
66.249.72.225 - - [22/Feb/2008:03:40:18] "GET /MOUSE/NEW-IMAGE?type=GENE&object=MGI:1919129 HTTP/1.1" 0 - "-" -Connection to client timed out
66.249.72.225 - googlebot(at)googlebot.com [22/Feb/2008:03:40:20] "GET /MOUSE/NEW-IMAGE?type=GENE&object=MGI:1347347 HTTP/1.1" 200 - "-" "Mozilla/5.0 (compatible; Googlebot/2.1; +http://www.google.com/bot.html)"# is not an open-for-output STREAM.
66.249.72.225 - googlebot(at)googlebot.com [22/Feb/2008:03:40:22] "GET /MOUSE/NEW-IMAGE?type=COMPOUND&object=UBIQUINOL-8 HTTP/1.1" 200 - "-" "Mozilla/5.0 (compatible; Googlebot/2.1; +http://www.google.com/bot.html)"writing buffer for # resulted in error (code 32): Broken pipe.
66.249.72.225 - googlebot(at)googlebot.com [22/Feb/2008:03:40:22] "GET /MOUSE/NEW-IMAGE?type=COMPOUND&object=UBIQUINOL-8 HTTP/1.1" 200 - "-" "Mozilla/5.0 (compatible; Googlebot/2.1; +http://www.google.com/bot.html)"writing buffer for # resulted in error (code 32): Broken pipe.
66.249.72.225 - googlebot(at)googlebot.com [22/Feb/2008:03:40:22] "GET /MOUSE/NEW-IMAGE?type=COMPOUND&object=UBIQUINOL-8 HTTP/1.1" 200 - "-" "Mozilla/5.0 (compatible; Googlebot/2.1; +http://www.google.com/bot.html)"writing buffer for # resulted in error (code 32): Broken pipe.
66.249.72.225 - googlebot(at)googlebot.com [22/Feb/2008:03:40:22] "GET /MOUSE/NEW-IMAGE?type=COMPOUND&object=UBIQUINOL-8 HTTP/1.1" 200 - "-" "Mozilla/5.0 (compatible; Googlebot/2.1; +http://www.google.com/bot.html)"writing buffer for # resulted in error (code 32): Broken pipe.
66.249.72.225 - googlebot(at)googlebot.com [22/Feb/2008:03:40:24] "GET /MOUSE/NEW-IMAGE?type=REACTION&object=ESTRADIOL-17-BETA-DEHYDROGENASE-RXN HTTP/1.1" 200 - "-" "Mozilla/5.0 (compatible; Googlebot/2.1; +http://www.google.com/bot.html)"# is not an open-for-output STREAM.
66.249.72.225 - - [22/Feb/2008:03:53:00] "GET /MOUSE/NEW-IMAGE?type=GENE&object=MGI:1919129 HTTP/1.1" 0 - "-" -Connection to client timed out
66.249.72.225 - googlebot(at)googlebot.com [22/Feb/2008:03:53:02] "GET /MOUSE/NEW-IMAGE?type=GENE&object=MGI:1347347 HTTP/1.1" 200 - "-" "Mozilla/5.0 (compatible; Googlebot/2.1; +http://www.google.com/bot.html)"# is not an open-for-output STREAM.
66.249.72.225 - googlebot(at)googlebot.com [22/Feb/2008:03:53:02] "GET /MOUSE/NEW-IMAGE?type=REACTION&object=ESTRADIOL-17-BETA-DEHYDROGENASE-RXN HTTP/1.1" 200 - "-" "Mozilla/5.0 (compatible; Googlebot/2.1; +http://www.google.com/bot.html)"# is not an open-for-output STREAM.
141.61.32.61 - - [22/Feb/2008:03:53:14] "GET /favicon.ico HTTP/1.0" 404 - "-" "Mozilla/4.0 (compatible; MSIE 7.0; Windows NT 5.1; .NET CLR 2.0.50727; .NET CLR 3.0.04506.30; .NET CLR 1.1.4322; .NET CLR 3.0.04506.648)"Invalid request
159.92.55.90 - - [22/Feb/2008:03:55:17] "GET /favicon.ico HTTP/1.1" 404 - "-" "Mozilla/4.0 (compatible; MSIE 7.0; Windows NT 5.1; InfoPath.1; .NET CLR 2.0.50727)"Invalid request
159.92.55.90 - - [22/Feb/2008:03:56:27] "EOF" 0 - "-" -truncated request
66.249.72.225 - - [22/Feb/2008:04:05:40] "GET /MOUSE/NEW-IMAGE?type=GENE&object=MGI:1919129 HTTP/1.1" 0 - "-" -Connection to client timed out
66.249.72.225 - googlebot(at)googlebot.com [22/Feb/2008:04:05:42] "GET /MOUSE/NEW-IMAGE?type=GENE&object=MGI:1347347 HTTP/1.1" 200 - "-" "Mozilla/5.0 (compatible; Googlebot/2.1; +http://www.google.com/bot.html)"# is not an open-for-output STREAM.
66.249.72.225 - googlebot(at)googlebot.com [22/Feb/2008:04:05:42] "GET /MOUSE/NEW-IMAGE?type=REACTION&object=ESTRADIOL-17-BETA-DEHYDROGENASE-RXN HTTP/1.1" 200 - "-" "Mozilla/5.0 (compatible; Googlebot/2.1; +http://www.google.com/bot.html)"# is not an open-for-output STREAM.
24.22.53.203 - - [22/Feb/2008:04:13:03] "EOF" 0 - "-" -truncated request
24.22.53.203 - - [22/Feb/2008:04:13:03] "EOF" 0 - "-" -truncated request
66.249.72.225 - - [22/Feb/2008:04:18:20] "GET /MOUSE/NEW-IMAGE?type=GENE&object=MGI:1919129 HTTP/1.1" 0 - "-" -Connection to client timed out
66.249.72.225 - googlebot(at)googlebot.com [22/Feb/2008:04:18:22] "GET /MOUSE/NEW-IMAGE?type=GENE&object=MGI:1347347 HTTP/1.1" 200 - "-" "Mozilla/5.0 (compatible; Googlebot/2.1; +http://www.google.com/bot.html)"# is not an open-for-output STREAM.
66.249.72.225 - googlebot(at)googlebot.com [22/Feb/2008:04:18:22] "GET /MOUSE/NEW-IMAGE?type=REACTION&object=ESTRADIOL-17-BETA-DEHYDROGENASE-RXN HTTP/1.1" 200 - "-" "Mozilla/5.0 (compatible; Googlebot/2.1; +http://www.google.com/bot.html)"# is not an open-for-output STREAM.
134.221.191.66 - - [22/Feb/2008:04:30:08] "GET //MOUSE/NEW-IMAGE?type=NIL&object=PWY66-341 HTTP/1.1" 0 - "-" -Connection to client timed out
134.221.191.66 - - [22/Feb/2008:04:31:01] "GET //MOUSE/NEW-IMAGE?type=NIL&object=PWY66-341 HTTP/1.1" 0 - "-" -Connection to client timed out
66.249.72.225 - - [22/Feb/2008:04:31:02] "GET /MOUSE/NEW-IMAGE?type=GENE&object=MGI:1919129 HTTP/1.1" 0 - "-" -Connection to client timed out
134.221.191.66 - - [22/Feb/2008:04:31:05] "GET //MOUSE/NEW-IMAGE?type=NIL&object=PWY66-341 HTTP/1.1" 0 - "-" -Connection to client timed out
66.249.72.225 - googlebot(at)googlebot.com [22/Feb/2008:04:31:05] "GET /MOUSE/NEW-IMAGE?type=GENE&object=MGI:1347347 HTTP/1.1" 200 - "-" "Mozilla/5.0 (compatible; Googlebot/2.1; +http://www.google.com/bot.html)"# is not an open-for-output STREAM.
66.249.72.225 - googlebot(at)googlebot.com [22/Feb/2008:04:31:05] "GET /MOUSE/NEW-IMAGE?type=COMPOUND-IN-PATHWAY&object=CROTONYL-COA HTTP/1.1" 200 - "-" "Mozilla/5.0 (compatible; Googlebot/2.1; +http://www.google.com/bot.html)"writing buffer for # resulted in error (code 32): Broken pipe.
66.249.72.225 - googlebot(at)googlebot.com [22/Feb/2008:04:31:11] "GET /MOUSE/NEW-IMAGE?type=COMPOUND-IN-PATHWAY&object=CROTONYL-COA HTTP/1.1" 200 - "-" "Mozilla/5.0 (compatible; Googlebot/2.1; +http://www.google.com/bot.html)"writing buffer for # resulted in error (code 32): Broken pipe.
66.249.72.225 - googlebot(at)googlebot.com [22/Feb/2008:04:31:11] "GET /MOUSE/NEW-IMAGE?type=COMPOUND-IN-PATHWAY&object=CROTONYL-COA HTTP/1.1" 200 - "-" "Mozilla/5.0 (compatible; Googlebot/2.1; +http://www.google.com/bot.html)"writing buffer for # resulted in error (code 32): Broken pipe.
66.249.72.225 - googlebot(at)googlebot.com [22/Feb/2008:04:31:11] "GET /MOUSE/NEW-IMAGE?type=REACTION&object=ESTRADIOL-17-BETA-DEHYDROGENASE-RXN HTTP/1.1" 200 - "-" "Mozilla/5.0 (compatible; Googlebot/2.1; +http://www.google.com/bot.html)"# is not an open-for-output STREAM.
144.41.3.21 - - [22/Feb/2008:04:34:35] "GET /favicon.ico HTTP/1.0" 404 - "-" "Mozilla/5.0 (Windows; U; Windows NT 5.1; de; rv:1.8.1.12) Gecko/20080201 Firefox/2.0.0.12"Invalid request
144.41.3.21 - - [22/Feb/2008:04:34:43] "GET /overLIB/overlib.js HTTP/1.0" 200 - "http://mousecyc.jax.org/" "Mozilla/5.0 (Windows; U; Windows NT 5.1; de; rv:1.8.1.12) Gecko/20080201 Firefox/2.0.0.12"# is not an open-for-output STREAM.
144.41.3.21 - - [22/Feb/2008:04:34:43] "GET /Treeview/ftiens4.js HTTP/1.0" 200 - "http://mousecyc.jax.org/MOUSE/class-tree?object=Pathways" "Mozilla/5.0 (Windows; U; Windows NT 5.1; de; rv:1.8.1.12) Gecko/20080201 Firefox/2.0.0.12"# is not an open-for-output STREAM.
58.12.166.66 - - [22/Feb/2008:04:43:27] "GET /favicon.ico HTTP/1.0" 404 - "http://mousecyc.jax.org/" "Mozilla/5.0 (Macintosh; U; PPC Mac OS X; ja-jp) AppleWebKit/523.15.1 (KHTML, like Gecko) Version/3.0.4 Safari/523.15"Invalid request
66.249.72.225 - - [22/Feb/2008:04:43:42] "GET /MOUSE/NEW-IMAGE?type=GENE&object=MGI:1919129 HTTP/1.1" 0 - "-" -Connection to client timed out
66.249.72.225 - googlebot(at)googlebot.com [22/Feb/2008:04:43:43] "GET /MOUSE/NEW-IMAGE?type=COMPOUND-IN-PATHWAY&object=CROTONYL-COA HTTP/1.1" 200 - "-" "Mozilla/5.0 (compatible; Googlebot/2.1; +http://www.google.com/bot.html)"writing buffer for # resulted in error (code 32): Broken pipe.
141.61.32.61 - - [22/Feb/2008:04:53:17] "GET //MOUSE/NEW-IMAGE?type=NIL&object=TCA HTTP/1.0" 0 - "-" -Connection to client timed out
141.61.32.61 - - [22/Feb/2008:04:53:19] "GET //MOUSE/NEW-IMAGE?type=NIL&object=TCA HTTP/1.0" 0 - "-" -Connection to client timed out
141.61.32.61 - - [22/Feb/2008:04:53:31] "GET //MOUSE/NEW-IMAGE?type=NIL&object=ARGASEDEG-PWY HTTP/1.0" 0 - "-" -Connection to client timed out
66.249.72.225 - googlebot(at)googlebot.com [22/Feb/2008:05:12:42] "GET /MOUSE/NEW-IMAGE?type=GENE-IN-PWY&object=MGI:1926170 HTTP/1.1" 200 - "-" "Mozilla/5.0 (compatible; Googlebot/2.1; +http://www.google.com/bot.html)"# is not an open-for-output STREAM.
66.249.72.225 - googlebot(at)googlebot.com [22/Feb/2008:05:12:42] "GET /MOUSE/NEW-IMAGE?type=COMPOUND&object=CTP HTTP/1.1" 200 - "-" "Mozilla/5.0 (compatible; Googlebot/2.1; +http://www.google.com/bot.html)"writing buffer for # resulted in error (code 32): Broken pipe.
66.249.72.225 - googlebot(at)googlebot.com [22/Feb/2008:05:12:44] "GET /MOUSE/NEW-IMAGE?type=COMPOUND&object=CTP HTTP/1.1" 200 - "-" "Mozilla/5.0 (compatible; Googlebot/2.1; +http://www.google.com/bot.html)"writing buffer for # resulted in error (code 32): Broken pipe.
66.249.72.225 - googlebot(at)googlebot.com [22/Feb/2008:05:35:58] "GET /MOUSE/NEW-IMAGE?type=GENE-IN-PWY&object=MGI:1926170 HTTP/1.1" 200 - "-" "Mozilla/5.0 (compatible; Googlebot/2.1; +http://www.google.com/bot.html)"# is not an open-for-output STREAM.
134.221.191.66 - - [22/Feb/2008:05:48:59] "GET /MOUSE/NEW-IMAGE?type=PATHWAY&object=PWY66-341&detail-level=3 HTTP/1.1" 0 - "-" -Connection to client timed out
133.31.137.135 - - [22/Feb/2008:05:57:45] "GET /favicon.ico HTTP/1.1" 404 - "-" "Mozilla/4.0 (compatible; MSIE 7.0; Windows NT 6.0; SLCC1; .NET CLR 2.0.50727; .NET CLR 3.0.04506)"Invalid request
66.249.72.225 - googlebot(at)googlebot.com [22/Feb/2008:06:00:39] "GET /MOUSE/NEW-IMAGE?type=GENE-IN-PWY&object=MGI:1926170 HTTP/1.1" 200 - "-" "Mozilla/5.0 (compatible; Googlebot/2.1; +http://www.google.com/bot.html)"# is not an open-for-output STREAM.
66.249.72.225 - googlebot(at)googlebot.com [22/Feb/2008:06:00:39] "GET /MOUSE/NEW-IMAGE?type=COMPOUND&object=CTP HTTP/1.1" 200 - "-" "Mozilla/5.0 (compatible; Googlebot/2.1; +http://www.google.com/bot.html)"writing buffer for # resulted in error (code 32): Broken pipe.
66.249.72.225 - googlebot(at)googlebot.com [22/Feb/2008:06:00:39] "GET /MOUSE/NEW-IMAGE?type=COMPOUND&object=CTP HTTP/1.1" 200 - "-" "Mozilla/5.0 (compatible; Googlebot/2.1; +http://www.google.com/bot.html)"writing buffer for # resulted in error (code 32): Broken pipe.
66.249.72.225 - googlebot(at)googlebot.com [22/Feb/2008:06:00:39] "GET /MOUSE/NEW-IMAGE?type=COMPOUND&object=CTP HTTP/1.1" 200 - "-" "Mozilla/5.0 (compatible; Googlebot/2.1; +http://www.google.com/bot.html)"writing buffer for # resulted in error (code 32): Broken pipe.
195.251.21.25 - - [22/Feb/2008:06:08:20] "GET /favicon.ico HTTP/1.1" 404 - "-" "Mozilla/5.0 (Windows; U; Windows NT 5.1; en-GB; rv:1.8.1.12) Gecko/20080201 Firefox/2.0.0.12"Invalid request
195.251.21.25 - - [22/Feb/2008:06:08:22] "GET /gb-button.jpg HTTP/1.1" 200 37719 "http://mousecyc.jax.org/" "Mozilla/5.0 (Windows; U; Windows NT 5.1; en-GB; rv:1.8.1.12) Gecko/20080201 Firefox/2.0.0.12"writing buffer for # resulted in error (code 32): Broken pipe.
195.251.21.25 - - [22/Feb/2008:06:08:28] "GET /favicon.ico HTTP/1.1" 404 - "-" "Mozilla/5.0 (Windows; U; Windows NT 5.1; en-GB; rv:1.8.1.12) Gecko/20080201 Firefox/2.0.0.12"Invalid request
195.251.21.25 - - [22/Feb/2008:06:08:44] "GET /favicon.ico HTTP/1.1" 404 - "-" "Mozilla/5.0 (Windows; U; Windows NT 5.1; en-GB; rv:1.8.1.12) Gecko/20080201 Firefox/2.0.0.12"Invalid request
195.251.21.25 - - [22/Feb/2008:06:09:04] "GET /favicon.ico HTTP/1.1" 404 - "-" "Mozilla/5.0 (Windows; U; Windows NT 5.1; en-GB; rv:1.8.1.12) Gecko/20080201 Firefox/2.0.0.12"Invalid request
134.221.191.66 - - [22/Feb/2008:06:14:54] "GET /MOUSE/NEW-IMAGE?type=PATHWAY&object=PWY66-341&detail-level=1 HTTP/1.1" 0 - "-" -Connection to client timed out
66.249.72.225 - googlebot(at)googlebot.com [22/Feb/2008:06:23:40] "GET /MOUSE/NEW-IMAGE?type=GENE-IN-PWY&object=MGI:1926170 HTTP/1.1" 200 - "-" "Mozilla/5.0 (compatible; Googlebot/2.1; +http://www.google.com/bot.html)"# is not an open-for-output STREAM.
134.221.191.66 - - [22/Feb/2008:06:32:48] "GET //MOUSE/NEW-IMAGE?type=NIL&object=7ALPHADEHYDROX-PWY HTTP/1.1" 0 - "-" -Connection to client timed out
134.221.191.66 - - [22/Feb/2008:06:35:18] "GET //MOUSE/NEW-IMAGE?type=NIL&object=7ALPHADEHYDROX-PWY HTTP/1.1" 0 - "-" -Connection to client timed out
66.249.72.225 - - [22/Feb/2008:06:37:04] "GET /MOUSE/NEW-IMAGE?type=GENE-IN-PWY&object=MGI:1926170 HTTP/1.1" 0 - "-" -Connection to client timed out
203.255.190.51 - - [22/Feb/2008:06:45:38] "GET /favicon.ico HTTP/1.1" 404 - "-" "Mozilla/4.0 (compatible; MSIE 7.0; Windows NT 5.1; NetClient_AA00137712E6DD)"Invalid request
66.249.72.225 - - [22/Feb/2008:06:49:45] "GET /MOUSE/NEW-IMAGE?type=GENE-IN-PWY&object=MGI:1926170 HTTP/1.1" 0 - "-" -Connection to client timed out
203.173.132.51 - - [22/Feb/2008:06:56:00] "GET /favicon.ico HTTP/1.1" 404 - "-" "Mozilla/5.0 (compatible; Konqueror/3.5; Linux) KHTML/3.5.8 (like Gecko)"Invalid request
66.249.72.225 - - [22/Feb/2008:07:00:43] "GET /MOUSE/NEW-IMAGE?type=GENE-IN-PWY&object=MGI:1926170 HTTP/1.1" 0 - "-" -Connection to client timed out
66.249.72.225 - googlebot(at)googlebot.com [22/Feb/2008:07:00:45] "GET /MOUSE/NEW-IMAGE?type=GENE&object=MGI:1347099 HTTP/1.1" 200 - "-" "Mozilla/5.0 (compatible; Googlebot/2.1; +http://www.google.com/bot.html)"# is not an open-for-output STREAM.
66.249.72.225 - - [22/Feb/2008:07:12:46] "GET /MOUSE/NEW-IMAGE?type=GENE-IN-PWY&object=MGI:1926170 HTTP/1.1" 0 - "-" -Connection to client timed out
66.249.72.225 - googlebot(at)googlebot.com [22/Feb/2008:07:12:48] "GET /MOUSE/NEW-IMAGE?type=GENE&object=MGI:1347099 HTTP/1.1" 200 - "-" "Mozilla/5.0 (compatible; Googlebot/2.1; +http://www.google.com/bot.html)"# is not an open-for-output STREAM.
